{"id":17767,"date":"2026-04-06T04:51:03","date_gmt":"2026-04-06T04:51:03","guid":{"rendered":"https:\/\/www.vazy.market\/?post_type=product&#038;p=17767"},"modified":"2026-04-06T04:51:07","modified_gmt":"2026-04-06T04:51:07","slug":"tablette-samsung-galaxy-tab-a8-2021-10-5-64go-4go-ram-4g","status":"publish","type":"product","link":"https:\/\/www.vazy.market\/index.php\/product\/tablette-samsung-galaxy-tab-a8-2021-10-5-64go-4go-ram-4g\/","title":{"rendered":"\ud83d\udcf1 Tablette Samsung Galaxy Tab A8 (2021) \u2013 10.5&Prime; | 64Go | 4Go RAM | 4G"},"content":{"rendered":"<div class=\"flex h-svh w-screen flex-col\">\n<div class=\"relative z-0 flex min-h-0 w-full flex-1\">\n<div class=\"relative flex min-h-0 w-full flex-1\">\n<div class=\"@container\/main relative flex min-w-0 flex-1 flex-col -translate-y-[calc(env(safe-area-inset-bottom,0px)\/2)] pt-[calc(env(safe-area-inset-bottom,0px)\/2)]\">\n<div class=\"@w-sm\/main:[scrollbar-gutter:var(--stage-scroll-gutter)] touch:[scrollbar-width:none] group\/scroll-root relative flex min-h-0 min-w-0 flex-1 flex-col [scrollbar-gutter:stable] not-print:overflow-x-clip not-print:overflow-y-auto group-data-stream-active\/scroll-root:[overflow-anchor:none] scroll-pt-(--header-height) [--sticky-padding-top:var(--header-height)] [--sticky-padding-bottom:0px] [--scroll-root-safe-area-inset-top:calc(var(--sticky-padding-top)+env(safe-area-inset-top,0px))] [--scroll-root-safe-area-inset-bottom:calc(var(--sticky-padding-bottom)+var(--screen-keyboard-height,0px)+env(safe-area-inset-bottom,0px))] [--scroll-root-safe-area-height:calc(100lvh-var(--scroll-root-safe-area-inset-top)-var(--scroll-root-safe-area-inset-bottom))] has-data-[fixed-header=less-than-xl]:@w-xl\/main:scroll-pt-0 has-data-[fixed-header=less-than-xl]:@w-xl\/main:[--sticky-padding-top:0px] has-data-[fixed-header=less-than-xxl]:@w-2xl\/main:scroll-pt-0 has-data-[fixed-header=less-than-xxl]:@w-2xl\/main:[--sticky-padding-top:0px]\" data-scroll-root=\"\" data-scroll-from-top=\"\"><main id=\"main\" class=\"min-h-0 flex-1\"><\/p>\n<div id=\"thread\" class=\"group\/thread flex flex-col min-h-full\">\n<div class=\"composer-parent flex flex-1 flex-col focus-visible:outline-0\" role=\"presentation\">\n<div class=\"relative basis-auto flex-col -mb-(--composer-overlap-px) pb-(--composer-overlap-px) [--composer-overlap-px:28px] grow flex\">\n<div class=\"flex flex-col text-sm pb-25\">\n<section class=\"text-token-text-primary w-full focus:outline-none [--shadow-height:45px] has-data-writing-block:pointer-events-none has-data-writing-block:-mt-(--shadow-height) has-data-writing-block:pt-(--shadow-height) [&amp;:has([data-writing-block])&gt;*]:pointer-events-auto scroll-mt-[calc(var(--header-height)+min(200px,max(70px,20svh)))]\" dir=\"auto\" data-turn-id=\"0da3069e-1071-4e7f-9587-d99fdfe6e043\" data-testid=\"conversation-turn-164\" data-scroll-anchor=\"true\" data-turn=\"assistant\">\n<div class=\"text-base my-auto mx-auto pb-10 [--thread-content-margin:var(--thread-content-margin-xs,calc(var(--spacing)*4))] @w-sm\/main:[--thread-content-margin:var(--thread-content-margin-sm,calc(var(--spacing)*6))] @w-lg\/main:[--thread-content-margin:var(--thread-content-margin-lg,calc(var(--spacing)*16))] px-(--thread-content-margin)\">\n<div class=\"[--thread-content-max-width:40rem] @w-lg\/main:[--thread-content-max-width:48rem] mx-auto max-w-(--thread-content-max-width) flex-1 group\/turn-messages focus-visible:outline-hidden relative flex w-full min-w-0 flex-col agent-turn\">\n<div class=\"flex max-w-full flex-col gap-4 grow\">\n<div class=\"min-h-8 text-message relative flex w-full flex-col items-end gap-2 text-start break-words whitespace-normal outline-none keyboard-focused:focus-ring [.text-message+&amp;]:mt-1\" dir=\"auto\" tabindex=\"0\" data-message-author-role=\"assistant\" data-message-id=\"a99e238d-8598-4499-b633-f7066ed67089\" data-turn-start-message=\"true\" data-message-model-slug=\"gpt-5-3\">\n<div class=\"flex w-full flex-col gap-1 empty:hidden\">\n<div class=\"markdown prose dark:prose-invert w-full wrap-break-word light markdown-new-styling\">\n<p data-start=\"246\" data-end=\"345\">Profite d\u2019un \u00e9cran large et d\u2019une excellente autonomie \ud83d\udcf1 avec la <strong data-start=\"312\" data-end=\"344\">Samsung Galaxy Tab A8 (2021)<\/strong>.<\/p>\n<p data-start=\"347\" data-end=\"477\">Avec son \u00e9cran <strong data-start=\"362\" data-end=\"385\">10.5 pouces Full HD<\/strong>, cette tablette est parfaite pour regarder des films, \u00e9tudier ou naviguer sur internet \ud83c\udf10<\/p>\n<p data-start=\"479\" data-end=\"677\">Gr\u00e2ce \u00e0 ses <strong data-start=\"491\" data-end=\"527\">4 Go de RAM et 64 Go de stockage<\/strong>, elle offre une utilisation fluide pour les applications du quotidien. Sa batterie longue dur\u00e9e permet de l\u2019utiliser toute la journ\u00e9e sans souci \ud83d\udd0b<\/p>\n<hr data-start=\"679\" data-end=\"682\" \/>\n<h2 data-section-id=\"17dpq8e\" data-start=\"684\" data-end=\"703\">\u2728 Points forts<\/h2>\n<p data-start=\"705\" data-end=\"1059\">\u2714\ufe0f <strong data-start=\"708\" data-end=\"755\">Grand \u00e9cran 10.5 pouces Full HD (1920\u00d71200)<\/strong> \ud83d\udda5\ufe0f<br data-start=\"759\" data-end=\"762\" \/>\u2714\ufe0f <strong data-start=\"765\" data-end=\"805\">RAM 4 Go + stockage 64 Go extensible<\/strong> \ud83d\udcbe<br data-start=\"808\" data-end=\"811\" \/>\u2714\ufe0f <strong data-start=\"814\" data-end=\"842\">Connexion 4G LTE + Wi-Fi<\/strong> \ud83d\udce1<br data-start=\"845\" data-end=\"848\" \/>\u2714\ufe0f <strong data-start=\"851\" data-end=\"901\">Batterie puissante 7040 mAh (longue autonomie)<\/strong> \ud83d\udd0b<br data-start=\"904\" data-end=\"907\" \/>\u2714\ufe0f <strong data-start=\"910\" data-end=\"956\">4 haut-parleurs Dolby Atmos (son immersif)<\/strong> \ud83d\udd0a<br data-start=\"959\" data-end=\"962\" \/>\u2714\ufe0f <strong data-start=\"965\" data-end=\"999\">Design fin et \u00e9l\u00e9gant en m\u00e9tal<\/strong><br data-start=\"999\" data-end=\"1002\" \/>\u2714\ufe0f <strong data-start=\"1005\" data-end=\"1057\">Id\u00e9ale pour enfants, \u00e9tudiants et divertissement<\/strong><\/p>\n<p data-start=\"1061\" data-end=\"1180\">\ud83d\udc49 Elle dispose d\u2019un \u00e9cran 10.5\u201d avec r\u00e9solution 1920\u00d71200 et batterie 7040 mAh<\/p>\n<hr data-start=\"1182\" data-end=\"1185\" \/>\n<h2 data-section-id=\"1uyu6z3\" data-start=\"1187\" data-end=\"1210\">\ud83d\udcca Fiche technique<\/h2>\n<div class=\"TyagGW_tableContainer\">\n<div class=\"group TyagGW_tableWrapper flex flex-col-reverse w-fit\" tabindex=\"-1\">\n<table class=\"w-fit min-w-(--thread-content-width)\" data-start=\"1212\" data-end=\"1753\">\n<thead data-start=\"1212\" data-end=\"1248\">\n<tr data-start=\"1212\" data-end=\"1248\">\n<th class=\"\" data-start=\"1212\" data-end=\"1237\" data-col-size=\"sm\">Caract\u00e9ristique<\/th>\n<th class=\"\" data-start=\"1237\" data-end=\"1248\" data-col-size=\"sm\">D\u00e9tails<\/th>\n<\/tr>\n<\/thead>\n<tbody data-start=\"1283\" data-end=\"1753\">\n<tr data-start=\"1283\" data-end=\"1316\">\n<td data-start=\"1283\" data-end=\"1305\" data-col-size=\"sm\">\ud83d\udcf1 Marque<\/td>\n<td data-start=\"1305\" data-end=\"1316\" data-col-size=\"sm\">Samsung<\/td>\n<\/tr>\n<tr data-start=\"1317\" data-end=\"1363\">\n<td data-start=\"1317\" data-end=\"1339\" data-col-size=\"sm\">\ud83c\udff7\ufe0f Mod\u00e8le<\/td>\n<td data-start=\"1339\" data-end=\"1363\" data-col-size=\"sm\">Galaxy Tab A8 (2021)<\/td>\n<\/tr>\n<tr data-start=\"1364\" data-end=\"1417\">\n<td data-start=\"1364\" data-end=\"1386\" data-col-size=\"sm\">\ud83d\udda5\ufe0f \u00c9cran<\/td>\n<td data-start=\"1386\" data-end=\"1417\" data-col-size=\"sm\">10.5&Prime; Full HD (1920 \u00d7 1200)<\/td>\n<\/tr>\n<tr data-start=\"1418\" data-end=\"1453\">\n<td data-start=\"1418\" data-end=\"1440\" data-col-size=\"sm\">\u2699\ufe0f Processeur<\/td>\n<td data-start=\"1440\" data-end=\"1453\" data-col-size=\"sm\">Octa-core<\/td>\n<\/tr>\n<tr data-start=\"1454\" data-end=\"1483\">\n<td data-start=\"1454\" data-end=\"1475\" data-col-size=\"sm\">\ud83e\udde0 RAM<\/td>\n<td data-start=\"1475\" data-end=\"1483\" data-col-size=\"sm\">4 Go<\/td>\n<\/tr>\n<tr data-start=\"1484\" data-end=\"1540\">\n<td data-start=\"1484\" data-end=\"1505\" data-col-size=\"sm\">\ud83d\udcbe Stockage<\/td>\n<td data-start=\"1505\" data-end=\"1540\" data-col-size=\"sm\">64 Go (extensible jusqu\u2019\u00e0 1 To)<\/td>\n<\/tr>\n<tr data-start=\"1541\" data-end=\"1580\">\n<td data-start=\"1541\" data-end=\"1562\" data-col-size=\"sm\">\ud83d\udce1 R\u00e9seau<\/td>\n<td data-start=\"1562\" data-end=\"1580\" data-col-size=\"sm\">4G LTE + Wi-Fi<\/td>\n<\/tr>\n<tr data-start=\"1581\" data-end=\"1610\">\n<td data-start=\"1581\" data-end=\"1602\" data-col-size=\"sm\">\ud83d\udcf8 Cam\u00e9ra arri\u00e8re<\/td>\n<td data-start=\"1602\" data-end=\"1610\" data-col-size=\"sm\">8 MP<\/td>\n<\/tr>\n<tr data-start=\"1611\" data-end=\"1640\">\n<td data-start=\"1611\" data-end=\"1632\" data-col-size=\"sm\">\ud83e\udd33 Cam\u00e9ra frontale<\/td>\n<td data-start=\"1632\" data-end=\"1640\" data-col-size=\"sm\">5 MP<\/td>\n<\/tr>\n<tr data-start=\"1641\" data-end=\"1674\">\n<td data-start=\"1641\" data-end=\"1662\" data-col-size=\"sm\">\ud83d\udd0b Batterie<\/td>\n<td data-start=\"1662\" data-end=\"1674\" data-col-size=\"sm\">7040 mAh<\/td>\n<\/tr>\n<tr data-start=\"1675\" data-end=\"1719\">\n<td data-start=\"1675\" data-end=\"1696\" data-col-size=\"sm\">\ud83d\udcbb Syst\u00e8me<\/td>\n<td data-start=\"1696\" data-end=\"1719\" data-col-size=\"sm\">Android 11 (One UI)<\/td>\n<\/tr>\n<tr data-start=\"1720\" data-end=\"1753\">\n<td data-start=\"1720\" data-end=\"1742\" data-col-size=\"sm\">\ud83d\udee1\ufe0f Garantie<\/td>\n<td data-start=\"1742\" data-end=\"1753\" data-col-size=\"sm\">24 mois<\/td>\n<\/tr>\n<\/tbody>\n<\/table>\n<\/div>\n<\/div>\n<hr data-start=\"1755\" data-end=\"1758\" \/>\n<h2 data-section-id=\"pvsbnh\" data-start=\"1760\" data-end=\"1784\">\ud83d\udce6 Contenu du colis<\/h2>\n<ul data-start=\"1786\" data-end=\"1874\">\n<li data-section-id=\"1s4cgu9\" data-start=\"1786\" data-end=\"1824\">1 \u00d7 Tablette Samsung Galaxy Tab A8<\/li>\n<li data-section-id=\"gzkpdf\" data-start=\"1825\" data-end=\"1841\">1 \u00d7 Chargeur<\/li>\n<li data-section-id=\"ym4feo\" data-start=\"1842\" data-end=\"1859\">1 \u00d7 C\u00e2ble USB<\/li>\n<li data-section-id=\"slj08g\" data-start=\"1860\" data-end=\"1874\">1 \u00d7 Manuel<\/li>\n<\/ul>\n<hr data-start=\"1876\" data-end=\"1879\" \/>\n<h2 data-section-id=\"13b3ls7\" data-start=\"1881\" data-end=\"1899\">\ud83c\udfaf Id\u00e9al pour<\/h2>\n<ul data-start=\"1901\" data-end=\"2017\">\n<li data-section-id=\"m9l7ia\" data-start=\"1901\" data-end=\"1917\">\u00c9tudiants \ud83d\udcda<\/li>\n<li data-section-id=\"q082gs\" data-start=\"1918\" data-end=\"1945\">Enfants &amp; e-learning \ud83d\udc76<\/li>\n<li data-section-id=\"1549rro\" data-start=\"1946\" data-end=\"1967\">Films &amp; s\u00e9ries \ud83c\udfac<\/li>\n<li data-section-id=\"107i87p\" data-start=\"1968\" data-end=\"1994\">Navigation internet \ud83c\udf10<\/li>\n<li data-section-id=\"amgfbz\" data-start=\"1995\" data-end=\"2017\">R\u00e9seaux sociaux \ud83d\udcf1<\/li>\n<\/ul>\n<hr data-start=\"2019\" data-end=\"2022\" \/>\n<h2 data-section-id=\"pca3b5\" data-start=\"2024\" data-end=\"2065\">\ud83d\udca1 Pourquoi choisir cette tablette ?<\/h2>\n<p data-start=\"2066\" data-end=\"2241\">La <strong data-start=\"2069\" data-end=\"2086\">Galaxy Tab A8<\/strong> est parfaite si tu veux :<br data-start=\"2112\" data-end=\"2115\" \/>\ud83d\udc49 une tablette <strong data-start=\"2131\" data-end=\"2161\">grand \u00e9cran et confortable<\/strong><br data-start=\"2161\" data-end=\"2164\" \/>\ud83d\udc49 une <strong data-start=\"2171\" data-end=\"2190\">bonne autonomie<\/strong><br data-start=\"2190\" data-end=\"2193\" \/>\ud83d\udc49 un appareil <strong data-start=\"2208\" data-end=\"2239\">polyvalent \u00e0 prix abordable<\/strong><\/p>\n<\/div>\n<\/div>\n<\/div>\n<\/div>\n<div class=\"z-0 flex min-h-[46px] justify-start\"><\/div>\n<\/div>\n<\/div>\n<\/section>\n<\/div>\n<\/div>\n<\/div>\n<\/div>\n<p><\/main><\/div>\n<\/div>\n<\/div>\n<\/div>\n<\/div>\n","protected":false},"excerpt":{"rendered":"<p>Profite d\u2019un \u00e9cran large et d\u2019une excellente autonomie \ud83d\udcf1 avec la Samsung Galaxy Tab A8 (2021). Avec son \u00e9cran 10.5 pouces Full HD, cette tablette est parfaite pour regarder des films, \u00e9tudier ou naviguer sur internet \ud83c\udf10 Gr\u00e2ce \u00e0 ses 4 Go de RAM et 64 Go de stockage, elle offre une utilisation fluide pour&hellip;<\/p>\n","protected":false},"featured_media":17771,"comment_status":"open","ping_status":"closed","template":"","meta":[],"product_cat":[77],"product_tag":[],"class_list":{"0":"post-17767","1":"product","2":"type-product","3":"status-publish","4":"has-post-thumbnail","6":"product_brand-samsung","7":"product_cat-tablettes","9":"first","10":"instock","11":"sale","12":"shipping-taxable","13":"purchasable","14":"product-type-simple","15":"col-xs-6 col-sm-4","16":"col-md-3 col-lg-3","17":"un-4-cols"},"_links":{"self":[{"href":"https:\/\/www.vazy.market\/index.php\/wp-json\/wp\/v2\/product\/17767","targetHints":{"allow":["GET"]}}],"collection":[{"href":"https:\/\/www.vazy.market\/index.php\/wp-json\/wp\/v2\/product"}],"about":[{"href":"https:\/\/www.vazy.market\/index.php\/wp-json\/wp\/v2\/types\/product"}],"replies":[{"embeddable":true,"href":"https:\/\/www.vazy.market\/index.php\/wp-json\/wp\/v2\/comments?post=17767"}],"wp:featuredmedia":[{"embeddable":true,"href":"https:\/\/www.vazy.market\/index.php\/wp-json\/wp\/v2\/media\/17771"}],"wp:attachment":[{"href":"https:\/\/www.vazy.market\/index.php\/wp-json\/wp\/v2\/media?parent=17767"}],"wp:term":[{"taxonomy":"product_cat","embeddable":true,"href":"https:\/\/www.vazy.market\/index.php\/wp-json\/wp\/v2\/product_cat?post=17767"},{"taxonomy":"product_tag","embeddable":true,"href":"https:\/\/www.vazy.market\/index.php\/wp-json\/wp\/v2\/product_tag?post=17767"}],"curies":[{"name":"wp","href":"https:\/\/api.w.org\/{rel}","templated":true}]}}