{"id":17760,"date":"2026-04-06T04:19:02","date_gmt":"2026-04-06T04:19:02","guid":{"rendered":"https:\/\/www.vazy.market\/?post_type=product&#038;p=17760"},"modified":"2026-04-06T04:43:35","modified_gmt":"2026-04-06T04:43:35","slug":"sony-playstation-5-ps5-1tb-ultra-hd-4k-puissance-next-gen","status":"publish","type":"product","link":"https:\/\/www.vazy.market\/index.php\/product\/sony-playstation-5-ps5-1tb-ultra-hd-4k-puissance-next-gen\/","title":{"rendered":"\ud83c\udfae Sony PlayStation 5 (PS5) \u2013 1TB | Ultra HD 4K | Puissance Next-Gen"},"content":{"rendered":"<p data-start=\"261\" data-end=\"345\">Entre dans une nouvelle dimension du gaming \ud83d\ude80 avec la <strong data-start=\"316\" data-end=\"344\">Sony PlayStation 5 (PS5)<\/strong>.<\/p>\n<p data-start=\"347\" data-end=\"607\">Dot\u00e9e d\u2019un <strong data-start=\"358\" data-end=\"386\">SSD ultra rapide de 1 To<\/strong>, elle r\u00e9duit drastiquement les temps de chargement et offre une fluidit\u00e9 exceptionnelle. Profite de graphismes <strong data-start=\"498\" data-end=\"513\">Ultra HD 4K<\/strong>, d\u2019un gameplay immersif et d\u2019une exp\u00e9rience r\u00e9volutionnaire gr\u00e2ce \u00e0 la manette DualSense \ud83c\udfae<\/p>\n<p data-start=\"609\" data-end=\"688\">Compatible avec les jeux PS5 et PS4, elle est id\u00e9ale pour les gamers exigeants.<\/p>\n<hr data-start=\"690\" data-end=\"693\" \/>\n<h2 data-section-id=\"17dpq8e\" data-start=\"695\" data-end=\"714\">\u2728 Points forts<\/h2>\n<p data-start=\"716\" data-end=\"1065\">\u2714\ufe0f <strong data-start=\"719\" data-end=\"753\">Stockage 1 To SSD ultra rapide<\/strong> \ud83d\udcbe<br data-start=\"756\" data-end=\"759\" \/>\u2714\ufe0f <strong data-start=\"762\" data-end=\"805\">Graphismes 4K Ultra HD (image r\u00e9aliste)<\/strong> \ud83d\udda5\ufe0f<br data-start=\"809\" data-end=\"812\" \/>\u2714\ufe0f <strong data-start=\"815\" data-end=\"860\">Jusqu\u2019\u00e0 120 FPS pour une fluidit\u00e9 extr\u00eame<\/strong><br data-start=\"860\" data-end=\"863\" \/>\u2714\ufe0f <strong data-start=\"866\" data-end=\"934\">Manette DualSense immersive (vibrations + g\u00e2chettes adaptatives)<\/strong> \ud83c\udfae<br data-start=\"937\" data-end=\"940\" \/>\u2714\ufe0f <strong data-start=\"943\" data-end=\"980\">Audio 3D immersif (Tempest Audio)<\/strong> \ud83d\udd0a<br data-start=\"983\" data-end=\"986\" \/>\u2714\ufe0f <strong data-start=\"989\" data-end=\"1019\">Compatible jeux PS4 et PS5<\/strong><br data-start=\"1019\" data-end=\"1022\" \/>\u2714\ufe0f <strong data-start=\"1025\" data-end=\"1063\">Lecteur Blu-ray (version standard)<\/strong><\/p>\n<p data-start=\"1067\" data-end=\"1182\">\ud83d\udc49 Le SSD ultra rapide permet des <strong data-start=\"1101\" data-end=\"1142\">temps de chargement quasi instantan\u00e9s<\/strong><\/p>\n<hr data-start=\"1184\" data-end=\"1187\" \/>\n<h2 data-section-id=\"1uyu6z3\" data-start=\"1189\" data-end=\"1212\">\ud83d\udcca Fiche technique<\/h2>\n<div class=\"TyagGW_tableContainer\">\n<div class=\"group TyagGW_tableWrapper flex flex-col-reverse w-fit\" tabindex=\"-1\">\n<table class=\"w-fit min-w-(--thread-content-width)\" data-start=\"1214\" data-end=\"1675\">\n<thead data-start=\"1214\" data-end=\"1250\">\n<tr data-start=\"1214\" data-end=\"1250\">\n<th class=\"\" data-start=\"1214\" data-end=\"1239\" data-col-size=\"sm\">Caract\u00e9ristique<\/th>\n<th class=\"\" data-start=\"1239\" data-end=\"1250\" data-col-size=\"sm\">D\u00e9tails<\/th>\n<\/tr>\n<\/thead>\n<tbody data-start=\"1285\" data-end=\"1675\">\n<tr data-start=\"1285\" data-end=\"1315\">\n<td data-start=\"1285\" data-end=\"1307\" data-col-size=\"sm\">\ud83c\udfae Marque<\/td>\n<td data-start=\"1307\" data-end=\"1315\" data-col-size=\"sm\">Sony<\/td>\n<\/tr>\n<tr data-start=\"1316\" data-end=\"1355\">\n<td data-start=\"1316\" data-end=\"1338\" data-col-size=\"sm\">\ud83c\udff7\ufe0f Mod\u00e8le<\/td>\n<td data-start=\"1338\" data-end=\"1355\" data-col-size=\"sm\">PlayStation 5<\/td>\n<\/tr>\n<tr data-start=\"1356\" data-end=\"1389\">\n<td data-start=\"1356\" data-end=\"1377\" data-col-size=\"sm\">\ud83d\udcbe Stockage<\/td>\n<td data-start=\"1377\" data-end=\"1389\" data-col-size=\"sm\">1 To SSD<\/td>\n<\/tr>\n<tr data-start=\"1390\" data-end=\"1422\">\n<td data-start=\"1390\" data-end=\"1412\" data-col-size=\"sm\">\ud83d\udda5\ufe0f R\u00e9solution<\/td>\n<td data-start=\"1412\" data-end=\"1422\" data-col-size=\"sm\">4K UHD<\/td>\n<\/tr>\n<tr data-start=\"1423\" data-end=\"1463\">\n<td data-start=\"1423\" data-end=\"1444\" data-col-size=\"sm\">\ud83c\udfae FPS<\/td>\n<td data-start=\"1444\" data-end=\"1463\" data-col-size=\"sm\">Jusqu\u2019\u00e0 120 FPS<\/td>\n<\/tr>\n<tr data-start=\"1464\" data-end=\"1505\">\n<td data-start=\"1464\" data-end=\"1485\" data-col-size=\"sm\">\ud83d\udd0a Audio<\/td>\n<td data-start=\"1485\" data-end=\"1505\" data-col-size=\"sm\">Tempest 3D Audio<\/td>\n<\/tr>\n<tr data-start=\"1506\" data-end=\"1549\">\n<td data-start=\"1506\" data-end=\"1527\" data-col-size=\"sm\">\ud83c\udfae Manette<\/td>\n<td data-start=\"1527\" data-end=\"1549\" data-col-size=\"sm\">DualSense sans fil<\/td>\n<\/tr>\n<tr data-start=\"1550\" data-end=\"1598\">\n<td data-start=\"1550\" data-end=\"1571\" data-col-size=\"sm\">\ud83d\udcbf Lecteur<\/td>\n<td data-start=\"1571\" data-end=\"1598\" data-col-size=\"sm\">Blu-ray (selon version)<\/td>\n<\/tr>\n<tr data-start=\"1599\" data-end=\"1640\">\n<td data-start=\"1599\" data-end=\"1620\" data-col-size=\"sm\">\ud83c\udf10 Connectivit\u00e9<\/td>\n<td data-start=\"1620\" data-end=\"1640\" data-col-size=\"sm\">Wi-Fi, Bluetooth<\/td>\n<\/tr>\n<tr data-start=\"1641\" data-end=\"1675\">\n<td data-start=\"1641\" data-end=\"1662\" data-col-size=\"sm\">\ud83d\udd0c Ports<\/td>\n<td data-start=\"1662\" data-end=\"1675\" data-col-size=\"sm\">USB, HDMI<\/td>\n<\/tr>\n<\/tbody>\n<\/table>\n<\/div>\n<\/div>\n<hr data-start=\"1677\" data-end=\"1680\" \/>\n<h2 data-section-id=\"pvsbnh\" data-start=\"1682\" data-end=\"1706\">\ud83d\udce6 Contenu du colis<\/h2>\n<ul data-start=\"1708\" data-end=\"1878\">\n<li data-section-id=\"12cub73\" data-start=\"1708\" data-end=\"1727\">1 \u00d7 Console PS5<\/li>\n<li data-section-id=\"1hc84ou\" data-start=\"1728\" data-end=\"1753\">1 \u00d7 Manette DualSense<\/li>\n<li data-section-id=\"59tkb0\" data-start=\"1754\" data-end=\"1772\">1 \u00d7 C\u00e2ble HDMI<\/li>\n<li data-section-id=\"ax7c2a\" data-start=\"1773\" data-end=\"1801\">1 \u00d7 C\u00e2ble d\u2019alimentation<\/li>\n<li data-section-id=\"ym4feo\" data-start=\"1802\" data-end=\"1819\">1 \u00d7 C\u00e2ble USB<\/li>\n<li data-section-id=\"oh4e75\" data-start=\"1820\" data-end=\"1835\">1 \u00d7 Support<\/li>\n<li data-section-id=\"1cxwe3g\" data-start=\"1836\" data-end=\"1878\">1 \u00d7 Jeu pr\u00e9install\u00e9 (Astro\u2019s Playroom)<\/li>\n<\/ul>\n<p data-start=\"1880\" data-end=\"1994\">\ud83d\udc49 Le pack inclut tous les accessoires essentiels pour jouer imm\u00e9diatement<\/p>\n<hr data-start=\"1996\" data-end=\"1999\" \/>\n<h2 data-section-id=\"13b3ls7\" data-start=\"2001\" data-end=\"2019\">\ud83c\udfaf Id\u00e9al pour<\/h2>\n<ul data-start=\"2021\" data-end=\"2121\">\n<li data-section-id=\"ssv72t\" data-start=\"2021\" data-end=\"2034\">Gamers \ud83c\udfae<\/li>\n<li data-section-id=\"4ater2\" data-start=\"2035\" data-end=\"2063\">Jeux nouvelle g\u00e9n\u00e9ration<\/li>\n<li data-section-id=\"xb8apf\" data-start=\"2064\" data-end=\"2097\">Streaming &amp; divertissement \ud83d\udcfa<\/li>\n<li data-section-id=\"t9m2yk\" data-start=\"2098\" data-end=\"2121\">Gaming comp\u00e9titif \u26a1<\/li>\n<\/ul>\n<hr data-start=\"2123\" data-end=\"2126\" \/>\n<h2 data-section-id=\"13irtdu\" data-start=\"2128\" data-end=\"2161\">\ud83d\udca1 Pourquoi choisir la PS5 ?<\/h2>\n<p data-start=\"2162\" data-end=\"2347\">La <strong data-start=\"2165\" data-end=\"2182\">PlayStation 5<\/strong> est l\u2019une des consoles les plus puissantes du march\u00e9 :<br data-start=\"2237\" data-end=\"2240\" \/>\ud83d\udc49 <strong data-start=\"2243\" data-end=\"2275\">Graphismes incroyables en 4K<\/strong><br data-start=\"2275\" data-end=\"2278\" \/>\ud83d\udc49 <strong data-start=\"2281\" data-end=\"2308\">Chargement ultra rapide<\/strong><br data-start=\"2308\" data-end=\"2311\" \/>\ud83d\udc49 <strong data-start=\"2314\" data-end=\"2345\">Exp\u00e9rience immersive unique<\/strong><\/p>\n<p data-start=\"2349\" data-end=\"2420\">C\u2019est le choix parfait pour profiter du gaming nouvelle g\u00e9n\u00e9ration \ud83d\udcaf<\/p>\n","protected":false},"excerpt":{"rendered":"<p>Entre dans une nouvelle dimension du gaming \ud83d\ude80 avec la Sony PlayStation 5 (PS5). Dot\u00e9e d\u2019un SSD ultra rapide de 1 To, elle r\u00e9duit drastiquement les temps de chargement et offre une fluidit\u00e9 exceptionnelle. Profite de graphismes Ultra HD 4K, d\u2019un gameplay immersif et d\u2019une exp\u00e9rience r\u00e9volutionnaire gr\u00e2ce \u00e0 la manette DualSense \ud83c\udfae Compatible avec&hellip;<\/p>\n","protected":false},"featured_media":17756,"comment_status":"open","ping_status":"closed","template":"","meta":[],"product_cat":[94],"product_tag":[],"class_list":{"0":"post-17760","1":"product","2":"type-product","3":"status-publish","4":"has-post-thumbnail","6":"product_brand-sony","7":"product_cat-consoles-de-jeux","9":"first","10":"instock","11":"sale","12":"shipping-taxable","13":"purchasable","14":"product-type-simple","15":"col-xs-6 col-sm-4","16":"col-md-3 col-lg-3","17":"un-4-cols"},"_links":{"self":[{"href":"https:\/\/www.vazy.market\/index.php\/wp-json\/wp\/v2\/product\/17760","targetHints":{"allow":["GET"]}}],"collection":[{"href":"https:\/\/www.vazy.market\/index.php\/wp-json\/wp\/v2\/product"}],"about":[{"href":"https:\/\/www.vazy.market\/index.php\/wp-json\/wp\/v2\/types\/product"}],"replies":[{"embeddable":true,"href":"https:\/\/www.vazy.market\/index.php\/wp-json\/wp\/v2\/comments?post=17760"}],"wp:featuredmedia":[{"embeddable":true,"href":"https:\/\/www.vazy.market\/index.php\/wp-json\/wp\/v2\/media\/17756"}],"wp:attachment":[{"href":"https:\/\/www.vazy.market\/index.php\/wp-json\/wp\/v2\/media?parent=17760"}],"wp:term":[{"taxonomy":"product_cat","embeddable":true,"href":"https:\/\/www.vazy.market\/index.php\/wp-json\/wp\/v2\/product_cat?post=17760"},{"taxonomy":"product_tag","embeddable":true,"href":"https:\/\/www.vazy.market\/index.php\/wp-json\/wp\/v2\/product_tag?post=17760"}],"curies":[{"name":"wp","href":"https:\/\/api.w.org\/{rel}","templated":true}]}}