{"id":17449,"date":"2026-03-28T16:44:50","date_gmt":"2026-03-28T16:44:50","guid":{"rendered":"https:\/\/www.vazy.market\/?post_type=product&#038;p=17449"},"modified":"2026-03-28T16:44:51","modified_gmt":"2026-03-28T16:44:51","slug":"hp-probook-650-g2-core-i5-6e-gen-8go-ram-500go-hdd-etat-neuf","status":"publish","type":"product","link":"https:\/\/www.vazy.market\/index.php\/product\/hp-probook-650-g2-core-i5-6e-gen-8go-ram-500go-hdd-etat-neuf\/","title":{"rendered":"\ud83d\udcbb HP ProBook 650 G2 \u2013 Core i5 6e Gen | 8Go RAM | 500Go HDD | \u00c9tat Neuf"},"content":{"rendered":"<p data-start=\"241\" data-end=\"384\">Le <strong data-start=\"244\" data-end=\"265\">HP ProBook 650 G2<\/strong> est un ordinateur <strong data-start=\"284\" data-end=\"321\">professionnel puissant et \u00e9l\u00e9gant<\/strong>, con\u00e7u pour le travail intensif et la bureautique avanc\u00e9e \ud83d\udcbc<\/p>\n<p data-start=\"386\" data-end=\"515\">Avec son <strong data-start=\"395\" data-end=\"437\">processeur Intel Core i5 6e g\u00e9n\u00e9ration<\/strong>, il offre une excellente performance pour toutes vos t\u00e2ches quotidiennes \ud83d\ude80<\/p>\n<p data-start=\"517\" data-end=\"594\">Son grand \u00e9cran <strong data-start=\"533\" data-end=\"556\">15.6 pouces Full HD<\/strong> assure un confort visuel optimal \ud83d\udc40<\/p>\n<hr data-start=\"596\" data-end=\"599\" \/>\n<h2 data-section-id=\"17dpq8e\" data-start=\"601\" data-end=\"620\">\u2728 Points forts<\/h2>\n<p data-start=\"622\" data-end=\"886\">\u2714\ufe0f <strong data-start=\"625\" data-end=\"669\">Processeur Intel Core i5 (6e G\u00e9n\u00e9ration)<\/strong> \u26a1<br data-start=\"671\" data-end=\"674\" \/>\u2714\ufe0f <strong data-start=\"677\" data-end=\"708\">RAM 8 Go (rapide et fluide)<\/strong><br data-start=\"708\" data-end=\"711\" \/>\u2714\ufe0f <strong data-start=\"714\" data-end=\"735\">Disque dur 500 Go<\/strong> \ud83d\udcbe<br data-start=\"738\" data-end=\"741\" \/>\u2714\ufe0f <strong data-start=\"744\" data-end=\"773\">Grand \u00e9cran 15.6&Prime; Full HD<\/strong> \ud83d\udda5\ufe0f<br data-start=\"777\" data-end=\"780\" \/>\u2714\ufe0f <strong data-start=\"783\" data-end=\"817\">Design professionnel et solide<\/strong> \ud83d\udcbc<br data-start=\"820\" data-end=\"823\" \/>\u2714\ufe0f <strong data-start=\"826\" data-end=\"851\">Batterie d\u2019origine \ud83d\udd0b<\/strong><br data-start=\"851\" data-end=\"854\" \/>\u2714\ufe0f <strong data-start=\"857\" data-end=\"882\">\u00c9tat impeccable 10\/10<\/strong> \u2705<\/p>\n<hr data-start=\"888\" data-end=\"891\" \/>\n<h2 data-section-id=\"1uyu6z3\" data-start=\"893\" data-end=\"916\">\ud83d\udcca Fiche technique<\/h2>\n<div class=\"TyagGW_tableContainer\">\n<div class=\"group TyagGW_tableWrapper flex flex-col-reverse w-fit\" tabindex=\"-1\">\n<table class=\"w-fit min-w-(--thread-content-width)\" data-start=\"918\" data-end=\"1327\">\n<thead data-start=\"918\" data-end=\"954\">\n<tr data-start=\"918\" data-end=\"954\">\n<th class=\"\" data-start=\"918\" data-end=\"943\" data-col-size=\"sm\">Caract\u00e9ristique<\/th>\n<th class=\"\" data-start=\"943\" data-end=\"954\" data-col-size=\"sm\">D\u00e9tails<\/th>\n<\/tr>\n<\/thead>\n<tbody data-start=\"989\" data-end=\"1327\">\n<tr data-start=\"989\" data-end=\"1017\">\n<td data-start=\"989\" data-end=\"1011\" data-col-size=\"sm\">\ud83d\udcbb Marque<\/td>\n<td data-start=\"1011\" data-end=\"1017\" data-col-size=\"sm\">HP<\/td>\n<\/tr>\n<tr data-start=\"1018\" data-end=\"1058\">\n<td data-start=\"1018\" data-end=\"1040\" data-col-size=\"sm\">\ud83c\udff7\ufe0f Mod\u00e8le<\/td>\n<td data-start=\"1040\" data-end=\"1058\" data-col-size=\"sm\">ProBook 650 G2<\/td>\n<\/tr>\n<tr data-start=\"1059\" data-end=\"1107\">\n<td data-start=\"1059\" data-end=\"1081\" data-col-size=\"sm\">\u2699\ufe0f Processeur<\/td>\n<td data-start=\"1081\" data-end=\"1107\" data-col-size=\"sm\">Intel Core i5 (6e Gen)<\/td>\n<\/tr>\n<tr data-start=\"1108\" data-end=\"1141\">\n<td data-start=\"1108\" data-end=\"1130\" data-col-size=\"sm\">\ud83d\ude80 Fr\u00e9quence<\/td>\n<td data-start=\"1130\" data-end=\"1141\" data-col-size=\"sm\">2.4 GHz<\/td>\n<\/tr>\n<tr data-start=\"1142\" data-end=\"1171\">\n<td data-start=\"1142\" data-end=\"1163\" data-col-size=\"sm\">\ud83e\udde0 RAM<\/td>\n<td data-start=\"1163\" data-end=\"1171\" data-col-size=\"sm\">8 Go<\/td>\n<\/tr>\n<tr data-start=\"1172\" data-end=\"1207\">\n<td data-start=\"1172\" data-end=\"1193\" data-col-size=\"sm\">\ud83d\udcbe Stockage<\/td>\n<td data-start=\"1193\" data-end=\"1207\" data-col-size=\"sm\">500 Go HDD<\/td>\n<\/tr>\n<tr data-start=\"1208\" data-end=\"1247\">\n<td data-start=\"1208\" data-end=\"1230\" data-col-size=\"sm\">\ud83d\udda5\ufe0f \u00c9cran<\/td>\n<td data-start=\"1230\" data-end=\"1247\" data-col-size=\"sm\">15.6&Prime; Full HD<\/td>\n<\/tr>\n<tr data-start=\"1248\" data-end=\"1282\">\n<td data-start=\"1248\" data-end=\"1269\" data-col-size=\"sm\">\ud83d\udd0b Batterie<\/td>\n<td data-start=\"1269\" data-end=\"1282\" data-col-size=\"sm\">D\u2019origine<\/td>\n<\/tr>\n<tr data-start=\"1283\" data-end=\"1327\">\n<td data-start=\"1283\" data-end=\"1304\" data-col-size=\"sm\">\ud83c\udfaf Usage<\/td>\n<td data-start=\"1304\" data-end=\"1327\" data-col-size=\"sm\">Bureau, pro, \u00e9tudes<\/td>\n<\/tr>\n<\/tbody>\n<\/table>\n<\/div>\n<\/div>\n<hr data-start=\"1329\" data-end=\"1332\" \/>\n<h2 data-section-id=\"pvsbnh\" data-start=\"1334\" data-end=\"1358\">\ud83d\udce6 Contenu du colis<\/h2>\n<ul data-start=\"1360\" data-end=\"1402\">\n<li data-section-id=\"61yal0\" data-start=\"1360\" data-end=\"1385\">1 \u00d7 HP ProBook 650 G2<\/li>\n<li data-section-id=\"gzkpdf\" data-start=\"1386\" data-end=\"1402\">1 \u00d7 Chargeur<\/li>\n<\/ul>\n<hr data-start=\"1404\" data-end=\"1407\" \/>\n<h2 data-section-id=\"13b3ls7\" data-start=\"1409\" data-end=\"1427\">\ud83c\udfaf Id\u00e9al pour<\/h2>\n<ul data-start=\"1429\" data-end=\"1548\">\n<li data-section-id=\"w1jl9z\" data-start=\"1429\" data-end=\"1464\">Travailleurs &amp; entrepreneurs \ud83d\udcbc<\/li>\n<li data-section-id=\"m9l7ia\" data-start=\"1465\" data-end=\"1481\">\u00c9tudiants \ud83d\udcda<\/li>\n<li data-section-id=\"mjjvad\" data-start=\"1482\" data-end=\"1520\">Bureautique avanc\u00e9e (Word, Excel\u2026)<\/li>\n<li data-section-id=\"a8kate\" data-start=\"1521\" data-end=\"1548\">Internet, multit\u00e2che \ud83c\udf10<\/li>\n<\/ul>\n<hr data-start=\"1550\" data-end=\"1553\" \/>\n<h2 data-section-id=\"152t63w\" data-start=\"1555\" data-end=\"1587\">\ud83d\udca1 Pourquoi choisir ce PC ?<\/h2>\n<p data-start=\"1588\" data-end=\"1743\">Le <strong data-start=\"1591\" data-end=\"1612\">HP ProBook 650 G2<\/strong> est reconnu pour sa <strong data-start=\"1633\" data-end=\"1673\">performance, robustesse et fiabilit\u00e9<\/strong>, parfait pour ceux qui veulent un ordinateur puissant \u00e0 bon prix \ud83d\udcaf<\/p>\n<hr data-start=\"1745\" data-end=\"1748\" \/>\n<h2 data-section-id=\"1okbfm9\" data-start=\"1750\" data-end=\"1771\">\ud83d\udea8 Offre limit\u00e9e<\/h2>\n<p data-start=\"1772\" data-end=\"1827\">\ud83d\udd25 <strong data-start=\"1775\" data-end=\"1825\">Stock limit\u00e9 \u2013 premier arriv\u00e9, premier servi !<\/strong><\/p>\n","protected":false},"excerpt":{"rendered":"<p>Le HP ProBook 650 G2 est un ordinateur professionnel puissant et \u00e9l\u00e9gant, con\u00e7u pour le travail intensif et la bureautique avanc\u00e9e \ud83d\udcbc Avec son processeur Intel Core i5 6e g\u00e9n\u00e9ration, il offre une excellente performance pour toutes vos t\u00e2ches quotidiennes \ud83d\ude80 Son grand \u00e9cran 15.6 pouces Full HD assure un confort visuel optimal \ud83d\udc40 \u2728&hellip;<\/p>\n","protected":false},"featured_media":17453,"comment_status":"open","ping_status":"closed","template":"","meta":[],"product_cat":[87],"product_tag":[],"class_list":{"0":"post-17449","1":"product","2":"type-product","3":"status-publish","4":"has-post-thumbnail","6":"product_brand-hp","7":"product_cat-ordinateurs-portables","9":"first","10":"instock","11":"sale","12":"shipping-taxable","13":"purchasable","14":"product-type-simple","15":"col-xs-6 col-sm-4","16":"col-md-3 col-lg-3","17":"un-4-cols"},"_links":{"self":[{"href":"https:\/\/www.vazy.market\/index.php\/wp-json\/wp\/v2\/product\/17449","targetHints":{"allow":["GET"]}}],"collection":[{"href":"https:\/\/www.vazy.market\/index.php\/wp-json\/wp\/v2\/product"}],"about":[{"href":"https:\/\/www.vazy.market\/index.php\/wp-json\/wp\/v2\/types\/product"}],"replies":[{"embeddable":true,"href":"https:\/\/www.vazy.market\/index.php\/wp-json\/wp\/v2\/comments?post=17449"}],"wp:featuredmedia":[{"embeddable":true,"href":"https:\/\/www.vazy.market\/index.php\/wp-json\/wp\/v2\/media\/17453"}],"wp:attachment":[{"href":"https:\/\/www.vazy.market\/index.php\/wp-json\/wp\/v2\/media?parent=17449"}],"wp:term":[{"taxonomy":"product_cat","embeddable":true,"href":"https:\/\/www.vazy.market\/index.php\/wp-json\/wp\/v2\/product_cat?post=17449"},{"taxonomy":"product_tag","embeddable":true,"href":"https:\/\/www.vazy.market\/index.php\/wp-json\/wp\/v2\/product_tag?post=17449"}],"curies":[{"name":"wp","href":"https:\/\/api.w.org\/{rel}","templated":true}]}}