{"id":17432,"date":"2026-03-28T16:09:43","date_gmt":"2026-03-28T16:09:43","guid":{"rendered":"https:\/\/www.vazy.market\/?post_type=product&#038;p=17432"},"modified":"2026-03-28T16:12:21","modified_gmt":"2026-03-28T16:12:21","slug":"lenovo-thinkpad-e16-ryzen-7-pro-core-i7-16go-ram-512go-ssd-ultra-performant","status":"publish","type":"product","link":"https:\/\/www.vazy.market\/index.php\/product\/lenovo-thinkpad-e16-ryzen-7-pro-core-i7-16go-ram-512go-ssd-ultra-performant\/","title":{"rendered":"\ud83d\udcbb Lenovo ThinkPad E16 \u2013 Ryzen 7 Pro \/ Core i7 | 16Go RAM | 512Go SSD | Ultra Performant"},"content":{"rendered":"<p data-start=\"266\" data-end=\"372\">Boostez votre productivit\u00e9 avec le <strong data-start=\"301\" data-end=\"324\">Lenovo ThinkPad E16<\/strong>, un ordinateur portable puissant et fiable \ud83d\udd25<\/p>\n<p data-start=\"374\" data-end=\"531\">Con\u00e7u pour les professionnels et \u00e9tudiants exigeants, il offre des performances \u00e9lev\u00e9es gr\u00e2ce \u00e0 son <strong data-start=\"474\" data-end=\"526\">processeur Ryzen 7 Pro ou Core i7 13e g\u00e9n\u00e9ration<\/strong> \ud83d\udcaa<\/p>\n<p data-start=\"533\" data-end=\"643\">Avec sa <strong data-start=\"541\" data-end=\"572\">RAM 16 Go et son SSD 512 Go<\/strong>, profitez d\u2019une utilisation fluide, rapide et sans ralentissement \ud83d\ude80<\/p>\n<hr data-start=\"645\" data-end=\"648\" \/>\n<h2 data-section-id=\"17dpq8e\" data-start=\"650\" data-end=\"669\">\u2728 Points forts<\/h2>\n<p data-start=\"671\" data-end=\"962\">\u2714\ufe0f <strong data-start=\"674\" data-end=\"731\">Processeur puissant : Ryzen 7 Pro \/ Core i7 (13e Gen)<\/strong> \u26a1<br data-start=\"733\" data-end=\"736\" \/>\u2714\ufe0f <strong data-start=\"739\" data-end=\"772\">RAM 16 Go (multit\u00e2che fluide)<\/strong><br data-start=\"772\" data-end=\"775\" \/>\u2714\ufe0f <strong data-start=\"778\" data-end=\"810\">Stockage SSD 512 Go (rapide)<\/strong> \ud83d\udcbe<br data-start=\"813\" data-end=\"816\" \/>\u2714\ufe0f <strong data-start=\"819\" data-end=\"850\">Carte graphique d\u00e9di\u00e9e 2 Go<\/strong> \ud83c\udfae<br data-start=\"853\" data-end=\"856\" \/>\u2714\ufe0f <strong data-start=\"859\" data-end=\"882\">\u00c9cran 15.6&Prime; Full HD<\/strong> \ud83d\udda5\ufe0f<br data-start=\"886\" data-end=\"889\" \/>\u2714\ufe0f <strong data-start=\"892\" data-end=\"923\">Design fin et professionnel<\/strong> \ud83d\udcbc<br data-start=\"926\" data-end=\"929\" \/>\u2714\ufe0f <strong data-start=\"932\" data-end=\"957\">Batterie longue dur\u00e9e<\/strong> \ud83d\udd0b<\/p>\n<hr data-start=\"964\" data-end=\"967\" \/>\n<h2 data-section-id=\"1uyu6z3\" data-start=\"969\" data-end=\"992\">\ud83d\udcca Fiche technique<\/h2>\n<div class=\"TyagGW_tableContainer\">\n<div class=\"group TyagGW_tableWrapper flex flex-col-reverse w-fit\" tabindex=\"-1\">\n<table class=\"w-fit min-w-(--thread-content-width)\" data-start=\"994\" data-end=\"1419\">\n<thead data-start=\"994\" data-end=\"1030\">\n<tr data-start=\"994\" data-end=\"1030\">\n<th class=\"\" data-start=\"994\" data-end=\"1019\" data-col-size=\"sm\">Caract\u00e9ristique<\/th>\n<th class=\"\" data-start=\"1019\" data-end=\"1030\" data-col-size=\"sm\">D\u00e9tails<\/th>\n<\/tr>\n<\/thead>\n<tbody data-start=\"1065\" data-end=\"1419\">\n<tr data-start=\"1065\" data-end=\"1097\">\n<td data-start=\"1065\" data-end=\"1087\" data-col-size=\"sm\">\ud83d\udcbb Marque<\/td>\n<td data-start=\"1087\" data-end=\"1097\" data-col-size=\"sm\">Lenovo<\/td>\n<\/tr>\n<tr data-start=\"1098\" data-end=\"1136\">\n<td data-start=\"1098\" data-end=\"1120\" data-col-size=\"sm\">\ud83c\udff7\ufe0f Mod\u00e8le<\/td>\n<td data-col-size=\"sm\" data-start=\"1120\" data-end=\"1136\">ThinkPad E16<\/td>\n<\/tr>\n<tr data-start=\"1137\" data-end=\"1192\">\n<td data-start=\"1137\" data-end=\"1159\" data-col-size=\"sm\">\u2699\ufe0f Processeur<\/td>\n<td data-start=\"1159\" data-end=\"1192\" data-col-size=\"sm\">Ryzen 7 Pro \/ Core i7 13e Gen<\/td>\n<\/tr>\n<tr data-start=\"1193\" data-end=\"1223\">\n<td data-start=\"1193\" data-end=\"1214\" data-col-size=\"sm\">\ud83e\udde0 RAM<\/td>\n<td data-start=\"1214\" data-end=\"1223\" data-col-size=\"sm\">16 Go<\/td>\n<\/tr>\n<tr data-start=\"1224\" data-end=\"1259\">\n<td data-start=\"1224\" data-end=\"1245\" data-col-size=\"sm\">\ud83d\udcbe Stockage<\/td>\n<td data-start=\"1245\" data-end=\"1259\" data-col-size=\"sm\">SSD 512 Go<\/td>\n<\/tr>\n<tr data-start=\"1260\" data-end=\"1296\">\n<td data-start=\"1260\" data-end=\"1281\" data-col-size=\"sm\">\ud83c\udfae Graphique<\/td>\n<td data-col-size=\"sm\" data-start=\"1281\" data-end=\"1296\">2 Go d\u00e9di\u00e9e<\/td>\n<\/tr>\n<tr data-start=\"1297\" data-end=\"1336\">\n<td data-start=\"1297\" data-end=\"1319\" data-col-size=\"sm\">\ud83d\udda5\ufe0f \u00c9cran<\/td>\n<td data-start=\"1319\" data-end=\"1336\" data-col-size=\"sm\">15.6&Prime; Full HD<\/td>\n<\/tr>\n<tr data-start=\"1337\" data-end=\"1374\">\n<td data-start=\"1337\" data-end=\"1358\" data-col-size=\"sm\">\ud83d\udd0b Batterie<\/td>\n<td data-start=\"1358\" data-end=\"1374\" data-col-size=\"sm\">Longue dur\u00e9e<\/td>\n<\/tr>\n<tr data-start=\"1375\" data-end=\"1419\">\n<td data-start=\"1375\" data-end=\"1396\" data-col-size=\"sm\">\ud83c\udfaf Usage<\/td>\n<td data-start=\"1396\" data-end=\"1419\" data-col-size=\"sm\">Bureau, \u00e9tudes, pro<\/td>\n<\/tr>\n<\/tbody>\n<\/table>\n<\/div>\n<\/div>\n<hr data-start=\"1421\" data-end=\"1424\" \/>\n<h2 data-section-id=\"pvsbnh\" data-start=\"1426\" data-end=\"1450\">\ud83d\udce6 Contenu du colis<\/h2>\n<ul data-start=\"1452\" data-end=\"1527\">\n<li data-section-id=\"yigfq8\" data-start=\"1452\" data-end=\"1495\">1 \u00d7 Ordinateur portable Lenovo ThinkPad<\/li>\n<li data-section-id=\"gzkpdf\" data-start=\"1496\" data-end=\"1512\">1 \u00d7 Chargeur<\/li>\n<li data-section-id=\"slj08g\" data-start=\"1513\" data-end=\"1527\">1 \u00d7 Manuel<\/li>\n<\/ul>\n<hr data-start=\"1529\" data-end=\"1532\" \/>\n<h2 data-section-id=\"13b3ls7\" data-start=\"1534\" data-end=\"1552\">\ud83c\udfaf Id\u00e9al pour<\/h2>\n<ul data-start=\"1554\" data-end=\"1674\">\n<li data-section-id=\"xb4tdp\" data-start=\"1554\" data-end=\"1582\">Travail professionnel \ud83d\udcbc<\/li>\n<li data-section-id=\"zvd723\" data-start=\"1583\" data-end=\"1610\">\u00c9tudes &amp; bureautique \ud83d\udcda<\/li>\n<li data-section-id=\"1ltnmdc\" data-start=\"1611\" data-end=\"1646\">Graphisme l\u00e9ger &amp; multit\u00e2che \ud83c\udfa8<\/li>\n<li data-section-id=\"od7msw\" data-start=\"1647\" data-end=\"1674\">Utilisation quotidienne<\/li>\n<\/ul>\n<hr data-start=\"1676\" data-end=\"1679\" \/>\n<h2 data-section-id=\"152t63w\" data-start=\"1681\" data-end=\"1713\">\ud83d\udca1 Pourquoi choisir ce PC ?<\/h2>\n<p data-start=\"1714\" data-end=\"1881\">Le <strong data-start=\"1717\" data-end=\"1733\">ThinkPad E16<\/strong> est reconnu pour sa <strong data-start=\"1754\" data-end=\"1794\">robustesse, performance et fiabilit\u00e9<\/strong>, parfait pour ceux qui veulent un ordinateur <strong data-start=\"1840\" data-end=\"1876\">rapide, durable et professionnel<\/strong> \ud83d\udcaf<\/p>\n","protected":false},"excerpt":{"rendered":"<p>Boostez votre productivit\u00e9 avec le Lenovo ThinkPad E16, un ordinateur portable puissant et fiable \ud83d\udd25 Con\u00e7u pour les professionnels et \u00e9tudiants exigeants, il offre des performances \u00e9lev\u00e9es gr\u00e2ce \u00e0 son processeur Ryzen 7 Pro ou Core i7 13e g\u00e9n\u00e9ration \ud83d\udcaa Avec sa RAM 16 Go et son SSD 512 Go, profitez d\u2019une utilisation fluide, rapide&hellip;<\/p>\n","protected":false},"featured_media":17437,"comment_status":"open","ping_status":"closed","template":"","meta":[],"product_cat":[87],"product_tag":[],"class_list":{"0":"post-17432","1":"product","2":"type-product","3":"status-publish","4":"has-post-thumbnail","6":"product_brand-lenovo","7":"product_cat-ordinateurs-portables","9":"first","10":"instock","11":"shipping-taxable","12":"product-type-simple","13":"col-xs-6 col-sm-4","14":"col-md-3 col-lg-3","15":"un-4-cols"},"_links":{"self":[{"href":"https:\/\/www.vazy.market\/index.php\/wp-json\/wp\/v2\/product\/17432","targetHints":{"allow":["GET"]}}],"collection":[{"href":"https:\/\/www.vazy.market\/index.php\/wp-json\/wp\/v2\/product"}],"about":[{"href":"https:\/\/www.vazy.market\/index.php\/wp-json\/wp\/v2\/types\/product"}],"replies":[{"embeddable":true,"href":"https:\/\/www.vazy.market\/index.php\/wp-json\/wp\/v2\/comments?post=17432"}],"wp:featuredmedia":[{"embeddable":true,"href":"https:\/\/www.vazy.market\/index.php\/wp-json\/wp\/v2\/media\/17437"}],"wp:attachment":[{"href":"https:\/\/www.vazy.market\/index.php\/wp-json\/wp\/v2\/media?parent=17432"}],"wp:term":[{"taxonomy":"product_cat","embeddable":true,"href":"https:\/\/www.vazy.market\/index.php\/wp-json\/wp\/v2\/product_cat?post=17432"},{"taxonomy":"product_tag","embeddable":true,"href":"https:\/\/www.vazy.market\/index.php\/wp-json\/wp\/v2\/product_tag?post=17432"}],"curies":[{"name":"wp","href":"https:\/\/api.w.org\/{rel}","templated":true}]}}