{"id":17143,"date":"2026-03-23T12:20:29","date_gmt":"2026-03-23T12:20:29","guid":{"rendered":"https:\/\/www.vazy.market\/?post_type=product&#038;p=17143"},"modified":"2026-03-24T21:49:07","modified_gmt":"2026-03-24T21:49:07","slug":"tv-led-lg-samsung-22-a-50-image-hd","status":"publish","type":"product","link":"https:\/\/www.vazy.market\/index.php\/product\/tv-led-lg-samsung-22-a-50-image-hd\/","title":{"rendered":"\ud83d\udcfa TV LED LG &#038; Samsung | 22&Prime; \u00e0 50&Prime; | Image HD"},"content":{"rendered":"<div class=\"flex flex-col text-sm pb-25\">\n<section class=\"text-token-text-primary w-full focus:outline-none [--shadow-height:45px] has-data-writing-block:pointer-events-none has-data-writing-block:-mt-(--shadow-height) has-data-writing-block:pt-(--shadow-height) [&amp;:has([data-writing-block])&gt;*]:pointer-events-auto scroll-mt-[calc(var(--header-height)+min(200px,max(70px,20svh)))]\" dir=\"auto\" data-turn-id=\"request-69bc7cd1-d730-8328-8df5-5a951f76907b-18\" data-testid=\"conversation-turn-102\" data-scroll-anchor=\"true\" data-turn=\"assistant\">\n<div class=\"text-base my-auto mx-auto pb-10 [--thread-content-margin:var(--thread-content-margin-xs,calc(var(--spacing)*4))] @w-sm\/main:[--thread-content-margin:var(--thread-content-margin-sm,calc(var(--spacing)*6))] @w-lg\/main:[--thread-content-margin:var(--thread-content-margin-lg,calc(var(--spacing)*16))] px-(--thread-content-margin)\">\n<div class=\"[--thread-content-max-width:40rem] @w-lg\/main:[--thread-content-max-width:48rem] mx-auto max-w-(--thread-content-max-width) flex-1 group\/turn-messages focus-visible:outline-hidden relative flex w-full min-w-0 flex-col agent-turn\">\n<div class=\"flex max-w-full flex-col gap-4 grow\">\n<div class=\"min-h-8 text-message relative flex w-full flex-col items-end gap-2 text-start break-words whitespace-normal outline-none keyboard-focused:focus-ring [.text-message+&amp;]:mt-1\" dir=\"auto\" tabindex=\"0\" data-message-author-role=\"assistant\" data-message-id=\"9998590b-ff3f-4111-9609-0537a4aa8014\" data-message-model-slug=\"gpt-5-3\" data-turn-start-message=\"true\">\n<div class=\"flex w-full flex-col gap-1 empty:hidden\">\n<div class=\"markdown prose dark:prose-invert w-full wrap-break-word light markdown-new-styling\">\n<p data-start=\"225\" data-end=\"317\">Profite d\u2019une image nette et d\u2019un son clair \ud83d\udcfa avec les <strong data-start=\"281\" data-end=\"316\">TV LED LG &amp; Samsung (Non Smart)<\/strong>.<\/p>\n<p data-start=\"319\" data-end=\"522\">Id\u00e9ales pour un usage simple et efficace, ces t\u00e9l\u00e9viseurs offrent une <strong data-start=\"389\" data-end=\"419\">qualit\u00e9 d\u2019image HD\/Full HD<\/strong>, sans fonctionnalit\u00e9s internet, pour une utilisation stable avec d\u00e9codeur, canal+, console ou cl\u00e9 USB.<\/p>\n<p data-start=\"524\" data-end=\"605\">Parfait pour ceux qui veulent une TV <strong data-start=\"561\" data-end=\"604\">fiable, \u00e9conomique et facile \u00e0 utiliser<\/strong>.<\/p>\n<hr data-start=\"607\" data-end=\"610\" \/>\n<h2 data-section-id=\"17dpq8e\" data-start=\"612\" data-end=\"631\">\u2728 Points forts<\/h2>\n<p data-start=\"633\" data-end=\"907\">\u2714\ufe0f <strong data-start=\"636\" data-end=\"675\">Disponible en 22&Prime; \/ 32&Prime; \/ 45&Prime; \/ 50&Prime;<\/strong> \ud83d\udccf<br data-start=\"678\" data-end=\"681\" \/>\u2714\ufe0f <strong data-start=\"684\" data-end=\"716\">Qualit\u00e9 d\u2019image HD \/ Full HD<\/strong> \ud83c\udfa5<br data-start=\"719\" data-end=\"722\" \/>\u2714\ufe0f <strong data-start=\"725\" data-end=\"763\">Utilisation simple (sans internet)<\/strong><br data-start=\"763\" data-end=\"766\" \/>\u2714\ufe0f <strong data-start=\"769\" data-end=\"801\">Compatible d\u00e9codeur &amp; Canal+<\/strong> \ud83d\udce1<br data-start=\"804\" data-end=\"807\" \/>\u2714\ufe0f <strong data-start=\"810\" data-end=\"830\">Ports HDMI &amp; USB<\/strong> \ud83d\udd0c<br data-start=\"833\" data-end=\"836\" \/>\u2714\ufe0f <strong data-start=\"839\" data-end=\"862\">Son clair et stable<\/strong> \ud83d\udd0a<br data-start=\"865\" data-end=\"868\" \/>\u2714\ufe0f <strong data-start=\"871\" data-end=\"905\">Marques fiables : LG &amp; Samsung<\/strong><\/p>\n<hr data-start=\"909\" data-end=\"912\" \/>\n<h2 data-section-id=\"1uyu6z3\" data-start=\"914\" data-end=\"937\">\ud83d\udcca Fiche technique<\/h2>\n<div class=\"TyagGW_tableContainer\">\n<div class=\"group TyagGW_tableWrapper flex flex-col-reverse w-fit\" tabindex=\"-1\">\n<table class=\"w-fit min-w-(--thread-content-width)\" data-start=\"939\" data-end=\"1445\">\n<thead data-start=\"939\" data-end=\"975\">\n<tr data-start=\"939\" data-end=\"975\">\n<th class=\"\" data-start=\"939\" data-end=\"964\" data-col-size=\"sm\">Caract\u00e9ristique<\/th>\n<th class=\"\" data-start=\"964\" data-end=\"975\" data-col-size=\"sm\">D\u00e9tails<\/th>\n<\/tr>\n<\/thead>\n<tbody data-start=\"1010\" data-end=\"1445\">\n<tr data-start=\"1010\" data-end=\"1055\">\n<td data-start=\"1010\" data-end=\"1033\" data-col-size=\"sm\">\ud83d\udcfa Type<\/td>\n<td data-start=\"1033\" data-end=\"1055\" data-col-size=\"sm\">TV LED (Non Smart)<\/td>\n<\/tr>\n<tr data-start=\"1056\" data-end=\"1095\">\n<td data-start=\"1056\" data-end=\"1079\" data-col-size=\"sm\">\ud83c\udff7\ufe0f Marques<\/td>\n<td data-col-size=\"sm\" data-start=\"1079\" data-end=\"1095\">LG \/ Samsung<\/td>\n<\/tr>\n<tr data-start=\"1096\" data-end=\"1144\">\n<td data-start=\"1096\" data-end=\"1119\" data-col-size=\"sm\">\ud83d\udccf Tailles<\/td>\n<td data-start=\"1119\" data-end=\"1144\" data-col-size=\"sm\">22&Prime; \/ 32&Prime; \/ 45&Prime; \/ 50&Prime;<\/td>\n<\/tr>\n<tr data-start=\"1145\" data-end=\"1185\">\n<td data-start=\"1145\" data-end=\"1169\" data-col-size=\"sm\">\ud83d\uddbc\ufe0f R\u00e9solution<\/td>\n<td data-col-size=\"sm\" data-start=\"1169\" data-end=\"1185\">HD \/ Full HD<\/td>\n<\/tr>\n<tr data-start=\"1186\" data-end=\"1218\">\n<td data-start=\"1186\" data-end=\"1209\" data-col-size=\"sm\">\ud83c\udf10 Smart TV<\/td>\n<td data-start=\"1209\" data-end=\"1218\" data-col-size=\"sm\">\u274c Non<\/td>\n<\/tr>\n<tr data-start=\"1219\" data-end=\"1261\">\n<td data-start=\"1219\" data-end=\"1242\" data-col-size=\"sm\">\ud83d\udd0c Connectiques<\/td>\n<td data-start=\"1242\" data-end=\"1261\" data-col-size=\"sm\">HDMI \/ USB \/ AV<\/td>\n<\/tr>\n<tr data-start=\"1262\" data-end=\"1319\">\n<td data-start=\"1262\" data-end=\"1285\" data-col-size=\"sm\">\ud83d\udce1 Utilisation<\/td>\n<td data-col-size=\"sm\" data-start=\"1285\" data-end=\"1319\">D\u00e9codeur, TNT, Canal+, console<\/td>\n<\/tr>\n<tr data-start=\"1320\" data-end=\"1353\">\n<td data-start=\"1320\" data-end=\"1343\" data-col-size=\"sm\">\ud83d\udd0a Audio<\/td>\n<td data-start=\"1343\" data-end=\"1353\" data-col-size=\"sm\">St\u00e9r\u00e9o<\/td>\n<\/tr>\n<tr data-start=\"1354\" data-end=\"1397\">\n<td data-start=\"1354\" data-end=\"1377\" data-col-size=\"sm\">\ud83c\udfae Compatibilit\u00e9<\/td>\n<td data-start=\"1377\" data-end=\"1397\" data-col-size=\"sm\">PS, Xbox, TV Box<\/td>\n<\/tr>\n<tr data-start=\"1398\" data-end=\"1445\">\n<td data-start=\"1398\" data-end=\"1421\" data-col-size=\"sm\">\ud83c\udfa8 Design<\/td>\n<td data-start=\"1421\" data-end=\"1445\" data-col-size=\"sm\">\u00c9cran plat, bord fin<\/td>\n<\/tr>\n<\/tbody>\n<\/table>\n<\/div>\n<\/div>\n<hr data-start=\"1447\" data-end=\"1450\" \/>\n<h2 data-section-id=\"pvsbnh\" data-start=\"1452\" data-end=\"1476\">\ud83d\udce6 Contenu du colis<\/h2>\n<ul data-start=\"1478\" data-end=\"1586\">\n<li data-section-id=\"137wmr9\" data-start=\"1478\" data-end=\"1500\">1 \u00d7 T\u00e9l\u00e9viseur LED<\/li>\n<li data-section-id=\"1aam6fo\" data-start=\"1501\" data-end=\"1521\">1 \u00d7 T\u00e9l\u00e9commande<\/li>\n<li data-section-id=\"1kxsnyu\" data-start=\"1522\" data-end=\"1542\">1 \u00d7 Pied\/support<\/li>\n<li data-section-id=\"ax7c2a\" data-start=\"1543\" data-end=\"1571\">1 \u00d7 C\u00e2ble d\u2019alimentation<\/li>\n<li data-section-id=\"slj08g\" data-start=\"1572\" data-end=\"1586\">1 \u00d7 Manuel<\/li>\n<\/ul>\n<hr data-start=\"1588\" data-end=\"1591\" \/>\n<h2 data-section-id=\"13b3ls7\" data-start=\"1593\" data-end=\"1611\">\ud83c\udfaf Id\u00e9al pour<\/h2>\n<ul data-start=\"1613\" data-end=\"1716\">\n<li data-section-id=\"1lub2g3\" data-start=\"1613\" data-end=\"1626\">Maison \ud83c\udfe0<\/li>\n<li data-section-id=\"nu3h5z\" data-start=\"1627\" data-end=\"1642\">Chambre \ud83d\udecf\ufe0f<\/li>\n<li data-section-id=\"1gl03h\" data-start=\"1643\" data-end=\"1656\">Bureau \ud83d\udcbc<\/li>\n<li data-section-id=\"aczf5l\" data-start=\"1657\" data-end=\"1677\">Bars &amp; maquis \ud83c\udf7b<\/li>\n<li data-section-id=\"q8eljf\" data-start=\"1678\" data-end=\"1702\">Vid\u00e9osurveillance \ud83c\udfa5<\/li>\n<li data-section-id=\"19bznv5\" data-start=\"1703\" data-end=\"1716\">Gaming \ud83c\udfae<\/li>\n<\/ul>\n<hr data-start=\"1718\" data-end=\"1721\" \/>\n<h2 data-section-id=\"1jx3xq0\" data-start=\"1723\" data-end=\"1758\">\ud83d\udca1 Pourquoi choisir cette TV ?<\/h2>\n<p data-start=\"1759\" data-end=\"1915\">C\u2019est le choix parfait si tu veux une TV <strong data-start=\"1800\" data-end=\"1832\">simple, solide et \u00e9conomique<\/strong> sans complications. Elle fonctionne parfaitement avec tous tes appareils externes.<\/p>\n<\/div>\n<\/div>\n<\/div>\n<\/div>\n<div class=\"mt-3 w-full empty:hidden\">\n<div class=\"text-center\"><\/div>\n<\/div>\n<\/div>\n<\/div>\n<\/section>\n<\/div>\n<div class=\"pointer-events-none h-px w-px absolute bottom-0\" aria-hidden=\"true\" data-edge=\"true\"><\/div>\n","protected":false},"excerpt":{"rendered":"<p>Profite d\u2019une image nette et d\u2019un son clair \ud83d\udcfa avec les TV LED LG &amp; Samsung (Non Smart). Id\u00e9ales pour un usage simple et efficace, ces t\u00e9l\u00e9viseurs offrent une qualit\u00e9 d\u2019image HD\/Full HD, sans fonctionnalit\u00e9s internet, pour une utilisation stable avec d\u00e9codeur, canal+, console ou cl\u00e9 USB. Parfait pour ceux qui veulent une TV fiable,&hellip;<\/p>\n","protected":false},"featured_media":17148,"comment_status":"open","ping_status":"closed","template":"","meta":[],"product_cat":[91],"product_tag":[],"class_list":{"0":"post-17143","1":"product","2":"type-product","3":"status-publish","4":"has-post-thumbnail","6":"product_brand-lg","7":"product_brand-samsung","8":"product_cat-tv-smart-tv","10":"first","11":"instock","12":"sale","13":"shipping-taxable","14":"purchasable","15":"product-type-variable","16":"col-xs-6 col-sm-4","17":"col-md-3 col-lg-3","18":"un-4-cols"},"_links":{"self":[{"href":"https:\/\/www.vazy.market\/index.php\/wp-json\/wp\/v2\/product\/17143","targetHints":{"allow":["GET"]}}],"collection":[{"href":"https:\/\/www.vazy.market\/index.php\/wp-json\/wp\/v2\/product"}],"about":[{"href":"https:\/\/www.vazy.market\/index.php\/wp-json\/wp\/v2\/types\/product"}],"replies":[{"embeddable":true,"href":"https:\/\/www.vazy.market\/index.php\/wp-json\/wp\/v2\/comments?post=17143"}],"wp:featuredmedia":[{"embeddable":true,"href":"https:\/\/www.vazy.market\/index.php\/wp-json\/wp\/v2\/media\/17148"}],"wp:attachment":[{"href":"https:\/\/www.vazy.market\/index.php\/wp-json\/wp\/v2\/media?parent=17143"}],"wp:term":[{"taxonomy":"product_cat","embeddable":true,"href":"https:\/\/www.vazy.market\/index.php\/wp-json\/wp\/v2\/product_cat?post=17143"},{"taxonomy":"product_tag","embeddable":true,"href":"https:\/\/www.vazy.market\/index.php\/wp-json\/wp\/v2\/product_tag?post=17143"}],"curies":[{"name":"wp","href":"https:\/\/api.w.org\/{rel}","templated":true}]}}