{"id":17131,"date":"2026-03-23T11:49:18","date_gmt":"2026-03-23T11:49:18","guid":{"rendered":"https:\/\/www.vazy.market\/?post_type=product&#038;p=17131"},"modified":"2026-03-24T21:50:18","modified_gmt":"2026-03-24T21:50:18","slug":"mixeur-2-en-1-sovio-so-330b-blender-moulin-500w-1-5l","status":"publish","type":"product","link":"https:\/\/www.vazy.market\/index.php\/product\/mixeur-2-en-1-sovio-so-330b-blender-moulin-500w-1-5l\/","title":{"rendered":"\ud83e\udd64 Mixeur 2 en 1 SOVIO SO-330B \u2013 Blender + Moulin | 500W | 1.5L"},"content":{"rendered":"<p data-start=\"258\" data-end=\"346\">Pr\u00e9pare facilement tes jus, sauces et \u00e9pices \ud83c\udf79 avec le <strong data-start=\"314\" data-end=\"345\">mixeur 2 en 1 SOVIO SO-330B<\/strong>.<\/p>\n<p data-start=\"348\" data-end=\"478\">Gr\u00e2ce \u00e0 sa double fonction <strong data-start=\"375\" data-end=\"395\">blender + moulin<\/strong>, il te permet de mixer fruits, l\u00e9gumes et aussi de broyer \u00e9pices, caf\u00e9 ou graines.<\/p>\n<p data-start=\"480\" data-end=\"595\">Avec son moteur puissant et son bol de grande capacit\u00e9, il est parfait pour une utilisation quotidienne en cuisine.<\/p>\n<hr data-start=\"597\" data-end=\"600\" \/>\n<h2 data-section-id=\"17dpq8e\" data-start=\"602\" data-end=\"621\">\u2728 Points forts<\/h2>\n<p data-start=\"623\" data-end=\"860\">\u2714\ufe0f <strong data-start=\"626\" data-end=\"655\">2 en 1 : Blender + moulin<\/strong> \ud83d\udd04<br data-start=\"658\" data-end=\"661\" \/>\u2714\ufe0f <strong data-start=\"664\" data-end=\"698\">Puissance 500W (mixage rapide)<\/strong> \u26a1<br data-start=\"700\" data-end=\"703\" \/>\u2714\ufe0f <strong data-start=\"706\" data-end=\"730\">Grande capacit\u00e9 1.5L<\/strong> \ud83e\udd64<br data-start=\"733\" data-end=\"736\" \/>\u2714\ufe0f <strong data-start=\"739\" data-end=\"768\">Lames en acier inoxydable<\/strong><br data-start=\"768\" data-end=\"771\" \/>\u2714\ufe0f <strong data-start=\"774\" data-end=\"813\">Plusieurs vitesses + fonction pulse<\/strong><br data-start=\"813\" data-end=\"816\" \/>\u2714\ufe0f <strong data-start=\"819\" data-end=\"858\">Id\u00e9al pour jus, smoothies et \u00e9pices<\/strong><\/p>\n<hr data-start=\"862\" data-end=\"865\" \/>\n<h2 data-section-id=\"1uyu6z3\" data-start=\"867\" data-end=\"890\">\ud83d\udcca Fiche technique<\/h2>\n<div class=\"TyagGW_tableContainer\">\n<div class=\"group TyagGW_tableWrapper flex flex-col-reverse w-fit\" tabindex=\"-1\">\n<table class=\"w-fit min-w-(--thread-content-width)\" data-start=\"892\" data-end=\"1378\">\n<thead data-start=\"892\" data-end=\"928\">\n<tr data-start=\"892\" data-end=\"928\">\n<th class=\"\" data-start=\"892\" data-end=\"917\" data-col-size=\"sm\">Caract\u00e9ristique<\/th>\n<th class=\"\" data-start=\"917\" data-end=\"928\" data-col-size=\"sm\">D\u00e9tails<\/th>\n<\/tr>\n<\/thead>\n<tbody data-start=\"963\" data-end=\"1378\">\n<tr data-start=\"963\" data-end=\"1003\">\n<td data-start=\"963\" data-end=\"986\" data-col-size=\"sm\">\ud83e\udd64 Mod\u00e8le<\/td>\n<td data-start=\"986\" data-end=\"1003\" data-col-size=\"sm\">SOVIO SO-330B<\/td>\n<\/tr>\n<tr data-start=\"1004\" data-end=\"1034\">\n<td data-start=\"1004\" data-end=\"1026\" data-col-size=\"sm\">\u26a1 Puissance<\/td>\n<td data-start=\"1026\" data-end=\"1034\" data-col-size=\"sm\">500W<\/td>\n<\/tr>\n<tr data-start=\"1035\" data-end=\"1072\">\n<td data-start=\"1035\" data-end=\"1058\" data-col-size=\"sm\">\ud83e\uddc3 Capacit\u00e9<\/td>\n<td data-col-size=\"sm\" data-start=\"1058\" data-end=\"1072\">1.5 Litres<\/td>\n<\/tr>\n<tr data-start=\"1073\" data-end=\"1116\">\n<td data-start=\"1073\" data-end=\"1096\" data-col-size=\"sm\">\ud83d\udd04 Fonction<\/td>\n<td data-start=\"1096\" data-end=\"1116\" data-col-size=\"sm\">Blender + moulin<\/td>\n<\/tr>\n<tr data-start=\"1117\" data-end=\"1160\">\n<td data-start=\"1117\" data-end=\"1140\" data-col-size=\"sm\">\ud83d\udd2a Lames<\/td>\n<td data-start=\"1140\" data-end=\"1160\" data-col-size=\"sm\">Acier inoxydable<\/td>\n<\/tr>\n<tr data-start=\"1161\" data-end=\"1210\">\n<td data-start=\"1161\" data-end=\"1184\" data-col-size=\"sm\">\ud83c\udf9b\ufe0f Vitesses<\/td>\n<td data-start=\"1184\" data-end=\"1210\" data-col-size=\"sm\">Multi vitesses + pulse<\/td>\n<\/tr>\n<tr data-start=\"1211\" data-end=\"1257\">\n<td data-start=\"1211\" data-end=\"1234\" data-col-size=\"sm\">\ud83e\uddf1 Mat\u00e9riau<\/td>\n<td data-start=\"1234\" data-end=\"1257\" data-col-size=\"sm\">Plastique r\u00e9sistant<\/td>\n<\/tr>\n<tr data-start=\"1258\" data-end=\"1295\">\n<td data-start=\"1258\" data-end=\"1281\" data-col-size=\"sm\">\ud83d\udd0c Alimentation<\/td>\n<td data-start=\"1281\" data-end=\"1295\" data-col-size=\"sm\">\u00c9lectrique<\/td>\n<\/tr>\n<tr data-start=\"1296\" data-end=\"1330\">\n<td data-start=\"1296\" data-end=\"1319\" data-col-size=\"sm\">\ud83c\udfa8 Design<\/td>\n<td data-start=\"1319\" data-end=\"1330\" data-col-size=\"sm\">Moderne<\/td>\n<\/tr>\n<tr data-start=\"1331\" data-end=\"1378\">\n<td data-start=\"1331\" data-end=\"1354\" data-col-size=\"sm\">\ud83c\udfaf Utilisation<\/td>\n<td data-start=\"1354\" data-end=\"1378\" data-col-size=\"sm\">Cuisine, jus, \u00e9pices<\/td>\n<\/tr>\n<\/tbody>\n<\/table>\n<\/div>\n<\/div>\n<hr data-start=\"1380\" data-end=\"1383\" \/>\n<h2 data-section-id=\"pvsbnh\" data-start=\"1385\" data-end=\"1409\">\ud83d\udce6 Contenu du colis<\/h2>\n<ul data-start=\"1411\" data-end=\"1509\">\n<li data-section-id=\"3bnuc2\" data-start=\"1411\" data-end=\"1437\">1 \u00d7 Blender SOVIO 1.5L<\/li>\n<li data-section-id=\"zxb39z\" data-start=\"1438\" data-end=\"1462\">1 \u00d7 Moulin (broyeur)<\/li>\n<li data-section-id=\"19unth8\" data-start=\"1463\" data-end=\"1480\">1 \u00d7 Couvercle<\/li>\n<li data-section-id=\"euolri\" data-start=\"1481\" data-end=\"1509\">1 \u00d7 Manuel d\u2019utilisation<\/li>\n<\/ul>\n<hr data-start=\"1511\" data-end=\"1514\" \/>\n<h2 data-section-id=\"13b3ls7\" data-start=\"1516\" data-end=\"1534\">\ud83c\udfaf Id\u00e9al pour<\/h2>\n<ul data-start=\"1536\" data-end=\"1631\">\n<li data-section-id=\"10ng1sd\" data-start=\"1536\" data-end=\"1559\">Jus et smoothies \ud83c\udf79<\/li>\n<li data-section-id=\"46f7hg\" data-start=\"1560\" data-end=\"1580\">\u00c9pices et caf\u00e9 \u2615<\/li>\n<li data-section-id=\"mpq8dv\" data-start=\"1581\" data-end=\"1607\">Cuisine quotidienne \ud83c\udf72<\/li>\n<li data-section-id=\"1cm2a0z\" data-start=\"1608\" data-end=\"1631\">Famille \ud83d\udc68\u200d\ud83d\udc69\u200d\ud83d\udc67\u200d\ud83d\udc66<\/li>\n<\/ul>\n<hr data-start=\"1633\" data-end=\"1636\" \/>\n<h2 data-section-id=\"1j2hue9\" data-start=\"1638\" data-end=\"1674\">\ud83d\udca1 Pourquoi choisir ce mixeur ?<\/h2>\n<p data-start=\"1675\" data-end=\"1821\">Le SOVIO SO-330B est parfait pour ceux qui veulent un appareil <strong data-start=\"1738\" data-end=\"1776\">polyvalent, puissant et \u00e9conomique<\/strong>. Il remplace plusieurs appareils en un seul.<\/p>\n","protected":false},"excerpt":{"rendered":"<p>Pr\u00e9pare facilement tes jus, sauces et \u00e9pices \ud83c\udf79 avec le mixeur 2 en 1 SOVIO SO-330B. Gr\u00e2ce \u00e0 sa double fonction blender + moulin, il te permet de mixer fruits, l\u00e9gumes et aussi de broyer \u00e9pices, caf\u00e9 ou graines. Avec son moteur puissant et son bol de grande capacit\u00e9, il est parfait pour une utilisation&hellip;<\/p>\n","protected":false},"featured_media":17134,"comment_status":"open","ping_status":"closed","template":"","meta":[],"product_cat":[100],"product_tag":[],"class_list":{"0":"post-17131","1":"product","2":"type-product","3":"status-publish","4":"has-post-thumbnail","6":"product_cat-electromenager","8":"first","9":"instock","10":"sale","11":"shipping-taxable","12":"purchasable","13":"product-type-simple","14":"col-xs-6 col-sm-4","15":"col-md-3 col-lg-3","16":"un-4-cols"},"_links":{"self":[{"href":"https:\/\/www.vazy.market\/index.php\/wp-json\/wp\/v2\/product\/17131","targetHints":{"allow":["GET"]}}],"collection":[{"href":"https:\/\/www.vazy.market\/index.php\/wp-json\/wp\/v2\/product"}],"about":[{"href":"https:\/\/www.vazy.market\/index.php\/wp-json\/wp\/v2\/types\/product"}],"replies":[{"embeddable":true,"href":"https:\/\/www.vazy.market\/index.php\/wp-json\/wp\/v2\/comments?post=17131"}],"wp:featuredmedia":[{"embeddable":true,"href":"https:\/\/www.vazy.market\/index.php\/wp-json\/wp\/v2\/media\/17134"}],"wp:attachment":[{"href":"https:\/\/www.vazy.market\/index.php\/wp-json\/wp\/v2\/media?parent=17131"}],"wp:term":[{"taxonomy":"product_cat","embeddable":true,"href":"https:\/\/www.vazy.market\/index.php\/wp-json\/wp\/v2\/product_cat?post=17131"},{"taxonomy":"product_tag","embeddable":true,"href":"https:\/\/www.vazy.market\/index.php\/wp-json\/wp\/v2\/product_tag?post=17131"}],"curies":[{"name":"wp","href":"https:\/\/api.w.org\/{rel}","templated":true}]}}