{"id":17126,"date":"2026-03-23T11:42:37","date_gmt":"2026-03-23T11:42:37","guid":{"rendered":"https:\/\/www.vazy.market\/?post_type=product&#038;p=17126"},"modified":"2026-03-24T21:50:35","modified_gmt":"2026-03-24T21:50:35","slug":"fer-a-repasser-vapeur-nd-608-3000w-puissant-repassage-rapide","status":"publish","type":"product","link":"https:\/\/www.vazy.market\/index.php\/product\/fer-a-repasser-vapeur-nd-608-3000w-puissant-repassage-rapide\/","title":{"rendered":"\ud83d\udc55 Fer \u00e0 Repasser Vapeur ND-608 \u2013 3000W | Puissant | Repassage rapide"},"content":{"rendered":"<p data-start=\"273\" data-end=\"359\">Obtiens un linge parfaitement lisse \ud83d\udc55 avec le <strong data-start=\"320\" data-end=\"358\">fer \u00e0 repasser vapeur ND-608 3000W<\/strong>.<\/p>\n<p data-start=\"361\" data-end=\"560\">Gr\u00e2ce \u00e0 sa <strong data-start=\"372\" data-end=\"401\">puissance \u00e9lev\u00e9e de 3000W<\/strong>, il chauffe rapidement et \u00e9limine efficacement les plis les plus difficiles. Sa fonction vapeur permet un repassage facile et rapide sur tous types de tissus.<\/p>\n<p data-start=\"562\" data-end=\"661\">Son design ergonomique et sa semelle antiadh\u00e9sive assurent un <strong data-start=\"624\" data-end=\"660\">glissement fluide et confortable<\/strong>.<\/p>\n<hr data-start=\"663\" data-end=\"666\" \/>\n<h2 data-section-id=\"17dpq8e\" data-start=\"668\" data-end=\"687\">\u2728 Points forts<\/h2>\n<p data-start=\"689\" data-end=\"960\">\u2714\ufe0f <strong data-start=\"692\" data-end=\"730\">Puissance 3000W (chauffage rapide)<\/strong> \u26a1<br data-start=\"732\" data-end=\"735\" \/>\u2714\ufe0f <strong data-start=\"738\" data-end=\"788\">Fonction vapeur puissante (anti-plis efficace)<\/strong> \ud83d\udca8<br data-start=\"791\" data-end=\"794\" \/>\u2714\ufe0f <strong data-start=\"797\" data-end=\"839\">Semelle antiadh\u00e9sive (glisse parfaite)<\/strong><br data-start=\"839\" data-end=\"842\" \/>\u2714\ufe0f <strong data-start=\"845\" data-end=\"883\">R\u00e9glage de temp\u00e9rature selon tissu<\/strong><br data-start=\"883\" data-end=\"886\" \/>\u2714\ufe0f <strong data-start=\"889\" data-end=\"922\">Design ergonomique et moderne<\/strong><br data-start=\"922\" data-end=\"925\" \/>\u2714\ufe0f <strong data-start=\"928\" data-end=\"955\">R\u00e9servoir d\u2019eau int\u00e9gr\u00e9<\/strong> \ud83d\udca7<\/p>\n<hr data-start=\"962\" data-end=\"965\" \/>\n<h2 data-section-id=\"1uyu6z3\" data-start=\"967\" data-end=\"990\">\ud83d\udcca Fiche technique<\/h2>\n<div class=\"TyagGW_tableContainer\">\n<div class=\"group TyagGW_tableWrapper flex flex-col-reverse w-fit\" tabindex=\"-1\">\n<table class=\"w-fit min-w-(--thread-content-width)\" data-start=\"992\" data-end=\"1412\">\n<thead data-start=\"992\" data-end=\"1028\">\n<tr data-start=\"992\" data-end=\"1028\">\n<th class=\"\" data-start=\"992\" data-end=\"1017\" data-col-size=\"sm\">Caract\u00e9ristique<\/th>\n<th class=\"\" data-start=\"1017\" data-end=\"1028\" data-col-size=\"sm\">D\u00e9tails<\/th>\n<\/tr>\n<\/thead>\n<tbody data-start=\"1063\" data-end=\"1412\">\n<tr data-start=\"1063\" data-end=\"1111\">\n<td data-start=\"1063\" data-end=\"1086\" data-col-size=\"sm\">\ud83d\udc55 Type<\/td>\n<td data-start=\"1086\" data-end=\"1111\" data-col-size=\"sm\">Fer \u00e0 repasser vapeur<\/td>\n<\/tr>\n<tr data-start=\"1112\" data-end=\"1143\">\n<td data-start=\"1112\" data-end=\"1134\" data-col-size=\"sm\">\u26a1 Puissance<\/td>\n<td data-start=\"1134\" data-end=\"1143\" data-col-size=\"sm\">3000W<\/td>\n<\/tr>\n<tr data-start=\"1144\" data-end=\"1174\">\n<td data-start=\"1144\" data-end=\"1167\" data-col-size=\"sm\">\ud83d\udca8 Fonction vapeur<\/td>\n<td data-start=\"1167\" data-end=\"1174\" data-col-size=\"sm\">Oui<\/td>\n<\/tr>\n<tr data-start=\"1175\" data-end=\"1210\">\n<td data-start=\"1175\" data-end=\"1198\" data-col-size=\"sm\">\ud83c\udf21\ufe0f Temp\u00e9rature<\/td>\n<td data-start=\"1198\" data-end=\"1210\" data-col-size=\"sm\">R\u00e9glable<\/td>\n<\/tr>\n<tr data-start=\"1211\" data-end=\"1250\">\n<td data-start=\"1211\" data-end=\"1234\" data-col-size=\"sm\">\ud83e\uddf1 Semelle<\/td>\n<td data-start=\"1234\" data-end=\"1250\" data-col-size=\"sm\">Antiadh\u00e9sive<\/td>\n<\/tr>\n<tr data-start=\"1251\" data-end=\"1285\">\n<td data-start=\"1251\" data-end=\"1274\" data-col-size=\"sm\">\ud83d\udca7 R\u00e9servoir<\/td>\n<td data-col-size=\"sm\" data-start=\"1274\" data-end=\"1285\">Int\u00e9gr\u00e9<\/td>\n<\/tr>\n<tr data-start=\"1286\" data-end=\"1323\">\n<td data-start=\"1286\" data-end=\"1309\" data-col-size=\"sm\">\ud83d\udd0c Alimentation<\/td>\n<td data-start=\"1309\" data-end=\"1323\" data-col-size=\"sm\">\u00c9lectrique<\/td>\n<\/tr>\n<tr data-start=\"1324\" data-end=\"1368\">\n<td data-start=\"1324\" data-end=\"1347\" data-col-size=\"sm\">\ud83c\udfa8 Design<\/td>\n<td data-start=\"1347\" data-end=\"1368\" data-col-size=\"sm\">Moderne (noir\/or)<\/td>\n<\/tr>\n<tr data-start=\"1369\" data-end=\"1412\">\n<td data-start=\"1369\" data-end=\"1392\" data-col-size=\"sm\">\ud83c\udf92 Utilisation<\/td>\n<td data-col-size=\"sm\" data-start=\"1392\" data-end=\"1412\">Maison, pressing<\/td>\n<\/tr>\n<\/tbody>\n<\/table>\n<\/div>\n<\/div>\n<hr data-start=\"1414\" data-end=\"1417\" \/>\n<h2 data-section-id=\"pvsbnh\" data-start=\"1419\" data-end=\"1443\">\ud83d\udce6 Contenu du colis<\/h2>\n<ul data-start=\"1445\" data-end=\"1503\">\n<li data-section-id=\"r8722f\" data-start=\"1445\" data-end=\"1474\">1 \u00d7 Fer \u00e0 repasser ND-608<\/li>\n<li data-section-id=\"euolri\" data-start=\"1475\" data-end=\"1503\">1 \u00d7 Manuel d\u2019utilisation<\/li>\n<\/ul>\n<hr data-start=\"1505\" data-end=\"1508\" \/>\n<h2 data-section-id=\"13b3ls7\" data-start=\"1510\" data-end=\"1528\">\ud83c\udfaf Id\u00e9al pour<\/h2>\n<ul data-start=\"1530\" data-end=\"1611\">\n<li data-section-id=\"l69wc5\" data-start=\"1530\" data-end=\"1556\">Repassage quotidien \ud83d\udc55<\/li>\n<li data-section-id=\"1lub2g3\" data-start=\"1557\" data-end=\"1570\">Maison \ud83c\udfe0<\/li>\n<li data-section-id=\"rzsrou\" data-start=\"1571\" data-end=\"1586\">Pressing \ud83d\udcbc<\/li>\n<li data-section-id=\"1mcuguc\" data-start=\"1587\" data-end=\"1611\">Tous types de tissus<\/li>\n<\/ul>\n<hr data-start=\"1613\" data-end=\"1616\" \/>\n<h2 data-section-id=\"1nzzhda\" data-start=\"1618\" data-end=\"1651\">\ud83d\udca1 Pourquoi choisir ce fer ?<\/h2>\n<p data-start=\"1652\" data-end=\"1827\">Le ND-608 est parfait pour ceux qui veulent un repassage <strong data-start=\"1709\" data-end=\"1746\">rapide, efficace et professionnel<\/strong>. Sa puissance et sa vapeur facilitent le travail m\u00eame sur les tissus difficiles.<\/p>\n","protected":false},"excerpt":{"rendered":"<p>Obtiens un linge parfaitement lisse \ud83d\udc55 avec le fer \u00e0 repasser vapeur ND-608 3000W. Gr\u00e2ce \u00e0 sa puissance \u00e9lev\u00e9e de 3000W, il chauffe rapidement et \u00e9limine efficacement les plis les plus difficiles. Sa fonction vapeur permet un repassage facile et rapide sur tous types de tissus. Son design ergonomique et sa semelle antiadh\u00e9sive assurent un&hellip;<\/p>\n","protected":false},"featured_media":17130,"comment_status":"open","ping_status":"closed","template":"","meta":[],"product_cat":[100],"product_tag":[],"class_list":{"0":"post-17126","1":"product","2":"type-product","3":"status-publish","4":"has-post-thumbnail","6":"product_cat-electromenager","8":"first","9":"instock","10":"sale","11":"shipping-taxable","12":"purchasable","13":"product-type-simple","14":"col-xs-6 col-sm-4","15":"col-md-3 col-lg-3","16":"un-4-cols"},"_links":{"self":[{"href":"https:\/\/www.vazy.market\/index.php\/wp-json\/wp\/v2\/product\/17126","targetHints":{"allow":["GET"]}}],"collection":[{"href":"https:\/\/www.vazy.market\/index.php\/wp-json\/wp\/v2\/product"}],"about":[{"href":"https:\/\/www.vazy.market\/index.php\/wp-json\/wp\/v2\/types\/product"}],"replies":[{"embeddable":true,"href":"https:\/\/www.vazy.market\/index.php\/wp-json\/wp\/v2\/comments?post=17126"}],"wp:featuredmedia":[{"embeddable":true,"href":"https:\/\/www.vazy.market\/index.php\/wp-json\/wp\/v2\/media\/17130"}],"wp:attachment":[{"href":"https:\/\/www.vazy.market\/index.php\/wp-json\/wp\/v2\/media?parent=17126"}],"wp:term":[{"taxonomy":"product_cat","embeddable":true,"href":"https:\/\/www.vazy.market\/index.php\/wp-json\/wp\/v2\/product_cat?post=17126"},{"taxonomy":"product_tag","embeddable":true,"href":"https:\/\/www.vazy.market\/index.php\/wp-json\/wp\/v2\/product_tag?post=17126"}],"curies":[{"name":"wp","href":"https:\/\/api.w.org\/{rel}","templated":true}]}}