{"id":17112,"date":"2026-03-23T11:19:26","date_gmt":"2026-03-23T11:19:26","guid":{"rendered":"https:\/\/www.vazy.market\/?post_type=product&#038;p=17112"},"modified":"2026-03-24T21:46:32","modified_gmt":"2026-03-24T21:46:32","slug":"pistolet-de-massage-relaxation-musculaire-sans-fil-multi-embouts","status":"publish","type":"product","link":"https:\/\/www.vazy.market\/index.php\/product\/pistolet-de-massage-relaxation-musculaire-sans-fil-multi-embouts\/","title":{"rendered":"\ud83d\udcaa Pistolet de Massage \u2013 Relaxation musculaire | Sans fil | Multi embouts"},"content":{"rendered":"<p data-start=\"274\" data-end=\"371\">D\u00e9tends tes muscles et r\u00e9cup\u00e8re plus rapidement \ud83d\udcaa avec le <strong data-start=\"333\" data-end=\"370\">pistolet de massage professionnel<\/strong>.<\/p>\n<p data-start=\"373\" data-end=\"553\">Gr\u00e2ce \u00e0 ses <strong data-start=\"385\" data-end=\"410\">vibrations puissantes<\/strong>, il soulage efficacement les douleurs musculaires, am\u00e9liore la circulation sanguine et r\u00e9duit la fatigue apr\u00e8s le sport ou une longue journ\u00e9e.<\/p>\n<p data-start=\"555\" data-end=\"658\">Compact et sans fil, il est parfait pour une utilisation \u00e0 domicile, au bureau ou apr\u00e8s l\u2019entra\u00eenement.<\/p>\n<hr data-start=\"660\" data-end=\"663\" \/>\n<h2 data-section-id=\"17dpq8e\" data-start=\"665\" data-end=\"684\">\u2728 Points forts<\/h2>\n<p data-start=\"686\" data-end=\"958\">\u2714\ufe0f <strong data-start=\"689\" data-end=\"728\">Massage en profondeur (deep tissue)<\/strong> \ud83d\udc86\u200d\u2642\ufe0f<br data-start=\"734\" data-end=\"737\" \/>\u2714\ufe0f <strong data-start=\"740\" data-end=\"784\">Plusieurs embouts pour diff\u00e9rentes zones<\/strong><br data-start=\"784\" data-end=\"787\" \/>\u2714\ufe0f <strong data-start=\"790\" data-end=\"833\">Vitesse r\u00e9glable (plusieurs intensit\u00e9s)<\/strong><br data-start=\"833\" data-end=\"836\" \/>\u2714\ufe0f <strong data-start=\"839\" data-end=\"867\">Sans fil et rechargeable<\/strong> \ud83d\udd0b<br data-start=\"870\" data-end=\"873\" \/>\u2714\ufe0f <strong data-start=\"876\" data-end=\"916\">Silencieux et confortable \u00e0 utiliser<\/strong><br data-start=\"916\" data-end=\"919\" \/>\u2714\ufe0f <strong data-start=\"922\" data-end=\"956\">Id\u00e9al pour sport et relaxation<\/strong><\/p>\n<hr data-start=\"960\" data-end=\"963\" \/>\n<h2 data-section-id=\"1uyu6z3\" data-start=\"965\" data-end=\"988\">\ud83d\udcca Fiche technique<\/h2>\n<div class=\"TyagGW_tableContainer\">\n<div class=\"group TyagGW_tableWrapper flex flex-col-reverse w-fit\" tabindex=\"-1\">\n<table class=\"w-fit min-w-(--thread-content-width)\" data-start=\"990\" data-end=\"1485\">\n<thead data-start=\"990\" data-end=\"1026\">\n<tr data-start=\"990\" data-end=\"1026\">\n<th class=\"\" data-start=\"990\" data-end=\"1015\" data-col-size=\"sm\">Caract\u00e9ristique<\/th>\n<th class=\"\" data-start=\"1015\" data-end=\"1026\" data-col-size=\"sm\">D\u00e9tails<\/th>\n<\/tr>\n<\/thead>\n<tbody data-start=\"1061\" data-end=\"1485\">\n<tr data-start=\"1061\" data-end=\"1118\">\n<td data-start=\"1061\" data-end=\"1084\" data-col-size=\"sm\">\ud83d\udcaa Type<\/td>\n<td data-start=\"1084\" data-end=\"1118\" data-col-size=\"sm\">Pistolet de massage musculaire<\/td>\n<\/tr>\n<tr data-start=\"1119\" data-end=\"1167\">\n<td data-start=\"1119\" data-end=\"1142\" data-col-size=\"sm\">\ud83d\udd0b Alimentation<\/td>\n<td data-col-size=\"sm\" data-start=\"1142\" data-end=\"1167\">Batterie rechargeable<\/td>\n<\/tr>\n<tr data-start=\"1168\" data-end=\"1211\">\n<td data-start=\"1168\" data-end=\"1190\" data-col-size=\"sm\">\u26a1 Vitesse<\/td>\n<td data-start=\"1190\" data-end=\"1211\" data-col-size=\"sm\">Plusieurs niveaux<\/td>\n<\/tr>\n<tr data-start=\"1212\" data-end=\"1260\">\n<td data-start=\"1212\" data-end=\"1235\" data-col-size=\"sm\">\ud83d\udd04 Fonction<\/td>\n<td data-col-size=\"sm\" data-start=\"1235\" data-end=\"1260\">Massage par vibration<\/td>\n<\/tr>\n<tr data-start=\"1261\" data-end=\"1312\">\n<td data-start=\"1261\" data-end=\"1284\" data-col-size=\"sm\">\ud83e\udde9 Embouts<\/td>\n<td data-start=\"1284\" data-end=\"1312\" data-col-size=\"sm\">4 t\u00eates interchangeables<\/td>\n<\/tr>\n<tr data-start=\"1313\" data-end=\"1346\">\n<td data-start=\"1313\" data-end=\"1336\" data-col-size=\"sm\">\ud83d\udd0a Niveau sonore<\/td>\n<td data-start=\"1336\" data-end=\"1346\" data-col-size=\"sm\">Faible<\/td>\n<\/tr>\n<tr data-start=\"1347\" data-end=\"1377\">\n<td data-start=\"1347\" data-end=\"1370\" data-col-size=\"sm\">\ud83d\udd0c Recharge<\/td>\n<td data-col-size=\"sm\" data-start=\"1370\" data-end=\"1377\">USB<\/td>\n<\/tr>\n<tr data-start=\"1378\" data-end=\"1426\">\n<td data-start=\"1378\" data-end=\"1401\" data-col-size=\"sm\">\ud83e\udeb6 Design<\/td>\n<td data-start=\"1401\" data-end=\"1426\" data-col-size=\"sm\">Ergonomique, portable<\/td>\n<\/tr>\n<tr data-start=\"1427\" data-end=\"1485\">\n<td data-start=\"1427\" data-end=\"1450\" data-col-size=\"sm\">\ud83c\udf92 Utilisation<\/td>\n<td data-col-size=\"sm\" data-start=\"1450\" data-end=\"1485\">Sport, relaxation, r\u00e9cup\u00e9ration<\/td>\n<\/tr>\n<\/tbody>\n<\/table>\n<\/div>\n<\/div>\n<hr data-start=\"1487\" data-end=\"1490\" \/>\n<h2 data-section-id=\"pvsbnh\" data-start=\"1492\" data-end=\"1516\">\ud83d\udce6 Contenu du colis<\/h2>\n<ul data-start=\"1518\" data-end=\"1627\">\n<li data-section-id=\"iccc5o\" data-start=\"1518\" data-end=\"1545\">1 \u00d7 Pistolet de massage<\/li>\n<li data-section-id=\"1udw4lu\" data-start=\"1546\" data-end=\"1572\">4 \u00d7 Embouts de massage<\/li>\n<li data-section-id=\"1ujm9xk\" data-start=\"1573\" data-end=\"1598\">1 \u00d7 C\u00e2ble de recharge<\/li>\n<li data-section-id=\"euolri\" data-start=\"1599\" data-end=\"1627\">1 \u00d7 Manuel d\u2019utilisation<\/li>\n<\/ul>\n<hr data-start=\"1629\" data-end=\"1632\" \/>\n<h2 data-section-id=\"13b3ls7\" data-start=\"1634\" data-end=\"1652\">\ud83c\udfaf Id\u00e9al pour<\/h2>\n<ul data-start=\"1654\" data-end=\"1784\">\n<li data-section-id=\"yr7vja\" data-start=\"1654\" data-end=\"1670\">Sportifs \ud83c\udfcb\ufe0f<\/li>\n<li data-section-id=\"1f58axp\" data-start=\"1671\" data-end=\"1700\">Relaxation quotidienne \ud83d\ude0c<\/li>\n<li data-section-id=\"uyjf4e\" data-start=\"1701\" data-end=\"1728\">Douleurs musculaires \ud83d\udca5<\/li>\n<li data-section-id=\"yyq0nr\" data-start=\"1729\" data-end=\"1754\">Massage \u00e0 domicile \ud83c\udfe0<\/li>\n<li data-section-id=\"15htnl3\" data-start=\"1755\" data-end=\"1784\">R\u00e9cup\u00e9ration apr\u00e8s effort<\/li>\n<\/ul>\n<hr data-start=\"1786\" data-end=\"1789\" \/>\n<h2 data-section-id=\"1pxlxzx\" data-start=\"1791\" data-end=\"1840\">\ud83d\udca1 Pourquoi choisir ce pistolet de massage ?<\/h2>\n<p data-start=\"1841\" data-end=\"1987\">C\u2019est l\u2019outil parfait pour soulager rapidement les tensions musculaires sans aller en institut. Il combine <strong data-start=\"1948\" data-end=\"1986\">puissance, praticit\u00e9 et efficacit\u00e9<\/strong>.<\/p>\n","protected":false},"excerpt":{"rendered":"<p>D\u00e9tends tes muscles et r\u00e9cup\u00e8re plus rapidement \ud83d\udcaa avec le pistolet de massage professionnel. Gr\u00e2ce \u00e0 ses vibrations puissantes, il soulage efficacement les douleurs musculaires, am\u00e9liore la circulation sanguine et r\u00e9duit la fatigue apr\u00e8s le sport ou une longue journ\u00e9e. Compact et sans fil, il est parfait pour une utilisation \u00e0 domicile, au bureau ou&hellip;<\/p>\n","protected":false},"featured_media":17115,"comment_status":"open","ping_status":"closed","template":"","meta":[],"product_cat":[107],"product_tag":[],"class_list":{"0":"post-17112","1":"product","2":"type-product","3":"status-publish","4":"has-post-thumbnail","6":"product_cat-sante","8":"first","9":"instock","10":"sale","11":"shipping-taxable","12":"purchasable","13":"product-type-simple","14":"col-xs-6 col-sm-4","15":"col-md-3 col-lg-3","16":"un-4-cols"},"_links":{"self":[{"href":"https:\/\/www.vazy.market\/index.php\/wp-json\/wp\/v2\/product\/17112","targetHints":{"allow":["GET"]}}],"collection":[{"href":"https:\/\/www.vazy.market\/index.php\/wp-json\/wp\/v2\/product"}],"about":[{"href":"https:\/\/www.vazy.market\/index.php\/wp-json\/wp\/v2\/types\/product"}],"replies":[{"embeddable":true,"href":"https:\/\/www.vazy.market\/index.php\/wp-json\/wp\/v2\/comments?post=17112"}],"wp:featuredmedia":[{"embeddable":true,"href":"https:\/\/www.vazy.market\/index.php\/wp-json\/wp\/v2\/media\/17115"}],"wp:attachment":[{"href":"https:\/\/www.vazy.market\/index.php\/wp-json\/wp\/v2\/media?parent=17112"}],"wp:term":[{"taxonomy":"product_cat","embeddable":true,"href":"https:\/\/www.vazy.market\/index.php\/wp-json\/wp\/v2\/product_cat?post=17112"},{"taxonomy":"product_tag","embeddable":true,"href":"https:\/\/www.vazy.market\/index.php\/wp-json\/wp\/v2\/product_tag?post=17112"}],"curies":[{"name":"wp","href":"https:\/\/api.w.org\/{rel}","templated":true}]}}