{"id":17100,"date":"2026-03-23T11:02:29","date_gmt":"2026-03-23T11:02:29","guid":{"rendered":"https:\/\/www.vazy.market\/?post_type=product&#038;p=17100"},"modified":"2026-03-24T21:55:27","modified_gmt":"2026-03-24T21:55:27","slug":"power-bank-denis-10000-mah-charge-rapide-compact-batterie-externe-fiable","status":"publish","type":"product","link":"https:\/\/www.vazy.market\/index.php\/product\/power-bank-denis-10000-mah-charge-rapide-compact-batterie-externe-fiable\/","title":{"rendered":"\ud83d\udd0b Power Bank DENIS 10000 mAh \u2013 Charge rapide | Compact | Batterie externe fiable"},"content":{"rendered":"<p data-start=\"276\" data-end=\"361\">Ne tombe plus jamais en panne de batterie \ud83d\udd0b avec la <strong data-start=\"329\" data-end=\"360\">power bank DENIS 10 000 mAh<\/strong>.<\/p>\n<p data-start=\"363\" data-end=\"527\">Compacte et puissante, elle te permet de <strong data-start=\"404\" data-end=\"446\">recharger ton t\u00e9l\u00e9phone plusieurs fois<\/strong> o\u00f9 que tu sois. Id\u00e9ale pour les d\u00e9placements, voyages ou coupures d\u2019\u00e9lectricit\u00e9.<\/p>\n<p data-start=\"529\" data-end=\"627\">Avec son design moderne et sa <strong data-start=\"559\" data-end=\"576\">charge rapide<\/strong>, elle est l\u2019accessoire indispensable au quotidien.<\/p>\n<hr data-start=\"629\" data-end=\"632\" \/>\n<h2 data-section-id=\"17dpq8e\" data-start=\"634\" data-end=\"653\">\u2728 Points forts<\/h2>\n<p data-start=\"655\" data-end=\"912\">\u2714\ufe0f <strong data-start=\"658\" data-end=\"688\">Grande capacit\u00e9 10 000 mAh<\/strong> \ud83d\udd0b<br data-start=\"691\" data-end=\"694\" \/>\u2714\ufe0f <strong data-start=\"697\" data-end=\"726\">Charge rapide et efficace<\/strong> \u26a1<br data-start=\"728\" data-end=\"731\" \/>\u2714\ufe0f <strong data-start=\"734\" data-end=\"775\">Format compact (facile \u00e0 transporter)<\/strong><br data-start=\"775\" data-end=\"778\" \/>\u2714\ufe0f <strong data-start=\"781\" data-end=\"821\">Compatible avec tous les smartphones<\/strong><br data-start=\"821\" data-end=\"824\" \/>\u2714\ufe0f <strong data-start=\"827\" data-end=\"875\">Ports multiples (charge plusieurs appareils)<\/strong><br data-start=\"875\" data-end=\"878\" \/>\u2714\ufe0f <strong data-start=\"881\" data-end=\"910\">Design moderne et robuste<\/strong><\/p>\n<hr data-start=\"914\" data-end=\"917\" \/>\n<h2 data-section-id=\"1uyu6z3\" data-start=\"919\" data-end=\"942\">\ud83d\udcca Fiche technique<\/h2>\n<div class=\"TyagGW_tableContainer\">\n<div class=\"group TyagGW_tableWrapper flex flex-col-reverse w-fit\" tabindex=\"-1\">\n<table class=\"w-fit min-w-(--thread-content-width)\" data-start=\"944\" data-end=\"1481\">\n<thead data-start=\"944\" data-end=\"980\">\n<tr data-start=\"944\" data-end=\"980\">\n<th class=\"\" data-start=\"944\" data-end=\"969\" data-col-size=\"sm\">Caract\u00e9ristique<\/th>\n<th class=\"\" data-start=\"969\" data-end=\"980\" data-col-size=\"sm\">D\u00e9tails<\/th>\n<\/tr>\n<\/thead>\n<tbody data-start=\"1015\" data-end=\"1481\">\n<tr data-start=\"1015\" data-end=\"1052\">\n<td data-start=\"1015\" data-end=\"1038\" data-col-size=\"sm\">\ud83d\udd0b Capacit\u00e9<\/td>\n<td data-col-size=\"sm\" data-start=\"1038\" data-end=\"1052\">10 000 mAh<\/td>\n<\/tr>\n<tr data-start=\"1053\" data-end=\"1108\">\n<td data-start=\"1053\" data-end=\"1075\" data-col-size=\"sm\">\u26a1 Type<\/td>\n<td data-col-size=\"sm\" data-start=\"1075\" data-end=\"1108\">Batterie externe (Power Bank)<\/td>\n<\/tr>\n<tr data-start=\"1109\" data-end=\"1169\">\n<td data-start=\"1109\" data-end=\"1132\" data-col-size=\"sm\">\ud83d\udd0c Entr\u00e9e<\/td>\n<td data-start=\"1132\" data-end=\"1169\" data-col-size=\"sm\">Micro USB \/ Type-C (selon mod\u00e8le)<\/td>\n<\/tr>\n<tr data-start=\"1170\" data-end=\"1214\">\n<td data-start=\"1170\" data-end=\"1193\" data-col-size=\"sm\">\ud83d\udd0c Sorties<\/td>\n<td data-start=\"1193\" data-end=\"1214\" data-col-size=\"sm\">USB (1 \u00e0 2 ports)<\/td>\n<\/tr>\n<tr data-start=\"1215\" data-end=\"1244\">\n<td data-start=\"1215\" data-end=\"1237\" data-col-size=\"sm\">\u26a1 Charge rapide<\/td>\n<td data-col-size=\"sm\" data-start=\"1237\" data-end=\"1244\">Oui<\/td>\n<\/tr>\n<tr data-start=\"1245\" data-end=\"1293\">\n<td data-start=\"1245\" data-end=\"1268\" data-col-size=\"sm\">\ud83d\udcca Indicateur<\/td>\n<td data-start=\"1268\" data-end=\"1293\" data-col-size=\"sm\">LED (niveau batterie)<\/td>\n<\/tr>\n<tr data-start=\"1294\" data-end=\"1352\">\n<td data-start=\"1294\" data-end=\"1317\" data-col-size=\"sm\">\ud83d\udcf1 Compatibilit\u00e9<\/td>\n<td data-start=\"1317\" data-end=\"1352\" data-col-size=\"sm\">Smartphones, tablettes, gadgets<\/td>\n<\/tr>\n<tr data-start=\"1353\" data-end=\"1396\">\n<td data-start=\"1353\" data-end=\"1376\" data-col-size=\"sm\">\ud83e\uddf1 Design<\/td>\n<td data-start=\"1376\" data-end=\"1396\" data-col-size=\"sm\">Compact et l\u00e9ger<\/td>\n<\/tr>\n<tr data-start=\"1397\" data-end=\"1428\">\n<td data-start=\"1397\" data-end=\"1420\" data-col-size=\"sm\">\ud83c\udfa8 Couleur<\/td>\n<td data-start=\"1420\" data-end=\"1428\" data-col-size=\"sm\">Noir<\/td>\n<\/tr>\n<tr data-start=\"1429\" data-end=\"1481\">\n<td data-start=\"1429\" data-end=\"1452\" data-col-size=\"sm\">\ud83c\udf92 Utilisation<\/td>\n<td data-col-size=\"sm\" data-start=\"1452\" data-end=\"1481\">Voyage, bureau, quotidien<\/td>\n<\/tr>\n<\/tbody>\n<\/table>\n<\/div>\n<\/div>\n<hr data-start=\"1483\" data-end=\"1486\" \/>\n<h2 data-section-id=\"pvsbnh\" data-start=\"1488\" data-end=\"1512\">\ud83d\udce6 Contenu du colis<\/h2>\n<ul data-start=\"1514\" data-end=\"1603\">\n<li data-section-id=\"16t8z6f\" data-start=\"1514\" data-end=\"1548\">1 \u00d7 Power Bank DENIS 10000 mAh<\/li>\n<li data-section-id=\"1ujm9xk\" data-start=\"1549\" data-end=\"1574\">1 \u00d7 C\u00e2ble de recharge<\/li>\n<li data-section-id=\"euolri\" data-start=\"1575\" data-end=\"1603\">1 \u00d7 Manuel d\u2019utilisation<\/li>\n<\/ul>\n<hr data-start=\"1605\" data-end=\"1608\" \/>\n<h2 data-section-id=\"13b3ls7\" data-start=\"1610\" data-end=\"1628\">\ud83c\udfaf Id\u00e9al pour<\/h2>\n<ul data-start=\"1630\" data-end=\"1730\">\n<li data-section-id=\"1e18aaa\" data-start=\"1630\" data-end=\"1648\">Smartphones \ud83d\udcf1<\/li>\n<li data-section-id=\"px6q67\" data-start=\"1649\" data-end=\"1663\">Voyages \u2708\ufe0f<\/li>\n<li data-section-id=\"rw7xbb\" data-start=\"1664\" data-end=\"1693\">Coupures d\u2019\u00e9lectricit\u00e9 \ud83d\udd0c<\/li>\n<li data-section-id=\"m9qkve\" data-start=\"1694\" data-end=\"1710\">\u00c9tudiants \ud83c\udf93<\/li>\n<li data-section-id=\"1bocssd\" data-start=\"1711\" data-end=\"1730\">Usage quotidien<\/li>\n<\/ul>\n<hr data-start=\"1732\" data-end=\"1735\" \/>\n<h2 data-section-id=\"yailhf\" data-start=\"1737\" data-end=\"1780\">\ud83d\udca1 Pourquoi choisir cette power bank ?<\/h2>\n<p data-start=\"1781\" data-end=\"1931\">Cette batterie externe est parfaite pour ceux qui veulent <strong data-start=\"1839\" data-end=\"1875\">autonomie, praticit\u00e9 et s\u00e9curit\u00e9<\/strong>. Elle te permet de rester connect\u00e9 partout sans stress.<\/p>\n","protected":false},"excerpt":{"rendered":"<p>Ne tombe plus jamais en panne de batterie \ud83d\udd0b avec la power bank DENIS 10 000 mAh. Compacte et puissante, elle te permet de recharger ton t\u00e9l\u00e9phone plusieurs fois o\u00f9 que tu sois. Id\u00e9ale pour les d\u00e9placements, voyages ou coupures d\u2019\u00e9lectricit\u00e9. Avec son design moderne et sa charge rapide, elle est l\u2019accessoire indispensable au quotidien.&hellip;<\/p>\n","protected":false},"featured_media":17102,"comment_status":"open","ping_status":"closed","template":"","meta":[],"product_cat":[78],"product_tag":[],"class_list":{"0":"post-17100","1":"product","2":"type-product","3":"status-publish","4":"has-post-thumbnail","6":"product_cat-accessoires","8":"first","9":"instock","10":"sale","11":"shipping-taxable","12":"purchasable","13":"product-type-simple","14":"col-xs-6 col-sm-4","15":"col-md-3 col-lg-3","16":"un-4-cols"},"_links":{"self":[{"href":"https:\/\/www.vazy.market\/index.php\/wp-json\/wp\/v2\/product\/17100","targetHints":{"allow":["GET"]}}],"collection":[{"href":"https:\/\/www.vazy.market\/index.php\/wp-json\/wp\/v2\/product"}],"about":[{"href":"https:\/\/www.vazy.market\/index.php\/wp-json\/wp\/v2\/types\/product"}],"replies":[{"embeddable":true,"href":"https:\/\/www.vazy.market\/index.php\/wp-json\/wp\/v2\/comments?post=17100"}],"wp:featuredmedia":[{"embeddable":true,"href":"https:\/\/www.vazy.market\/index.php\/wp-json\/wp\/v2\/media\/17102"}],"wp:attachment":[{"href":"https:\/\/www.vazy.market\/index.php\/wp-json\/wp\/v2\/media?parent=17100"}],"wp:term":[{"taxonomy":"product_cat","embeddable":true,"href":"https:\/\/www.vazy.market\/index.php\/wp-json\/wp\/v2\/product_cat?post=17100"},{"taxonomy":"product_tag","embeddable":true,"href":"https:\/\/www.vazy.market\/index.php\/wp-json\/wp\/v2\/product_tag?post=17100"}],"curies":[{"name":"wp","href":"https:\/\/api.w.org\/{rel}","templated":true}]}}