{"id":17058,"date":"2026-03-21T10:24:09","date_gmt":"2026-03-21T10:24:09","guid":{"rendered":"https:\/\/www.vazy.market\/?post_type=product&#038;p=17058"},"modified":"2026-03-24T22:12:36","modified_gmt":"2026-03-24T22:12:36","slug":"regulateur-de-tension-vision-5000va-haute-puissance-protection-totale-stabilisateur-automatique","status":"publish","type":"product","link":"https:\/\/www.vazy.market\/index.php\/product\/regulateur-de-tension-vision-5000va-haute-puissance-protection-totale-stabilisateur-automatique\/","title":{"rendered":"\u26a1 R\u00e9gulateur de Tension VISION 5000VA \u2013 Haute puissance | Protection totale | Stabilisateur automatique"},"content":{"rendered":"<p data-start=\"295\" data-end=\"397\">Assure une protection maximale \u26a1 pour tes \u00e9quipements avec le <strong data-start=\"357\" data-end=\"396\">r\u00e9gulateur de tension VISION 5000VA<\/strong>.<\/p>\n<p data-start=\"399\" data-end=\"570\">Con\u00e7u pour les appareils plus gourmands (frigo, climatiseur, TV\u2026), il stabilise le courant et prot\u00e8ge contre les <strong data-start=\"512\" data-end=\"569\">variations de tension, surtensions et courts-circuits<\/strong>.<\/p>\n<p data-start=\"572\" data-end=\"714\">Gr\u00e2ce \u00e0 sa <strong data-start=\"583\" data-end=\"603\">grande puissance<\/strong>, il peut alimenter plusieurs appareils en m\u00eame temps tout en garantissant une <strong data-start=\"682\" data-end=\"713\">tension stable et s\u00e9curis\u00e9e<\/strong>.<\/p>\n<hr data-start=\"716\" data-end=\"719\" \/>\n<h2 data-section-id=\"17dpq8e\" data-start=\"721\" data-end=\"740\">\u2728 Points forts<\/h2>\n<p data-start=\"742\" data-end=\"1083\">\u2714\ufe0f <strong data-start=\"745\" data-end=\"789\">Puissance \u00e9lev\u00e9e 5000VA (usage intensif)<\/strong><br data-start=\"789\" data-end=\"792\" \/>\u2714\ufe0f <strong data-start=\"795\" data-end=\"856\">Protection compl\u00e8te (surtension, sous-tension, surcharge)<\/strong><br data-start=\"856\" data-end=\"859\" \/>\u2714\ufe0f <strong data-start=\"862\" data-end=\"908\">Affichage digital (contr\u00f4le en temps r\u00e9el)<\/strong><br data-start=\"908\" data-end=\"911\" \/>\u2714\ufe0f <strong data-start=\"914\" data-end=\"972\">Syst\u00e8me de d\u00e9lai intelligent (protection au d\u00e9marrage)<\/strong><br data-start=\"972\" data-end=\"975\" \/>\u2714\ufe0f <strong data-start=\"978\" data-end=\"1019\">Stabilisation automatique instantan\u00e9e<\/strong><br data-start=\"1019\" data-end=\"1022\" \/>\u2714\ufe0f <strong data-start=\"1025\" data-end=\"1081\">Id\u00e9al pour appareils puissants (frigo, climatiseur\u2026)<\/strong><\/p>\n<hr data-start=\"1085\" data-end=\"1088\" \/>\n<h2 data-section-id=\"1uyu6z3\" data-start=\"1090\" data-end=\"1113\">\ud83d\udcca Fiche technique<\/h2>\n<div class=\"TyagGW_tableContainer\">\n<div class=\"group TyagGW_tableWrapper flex flex-col-reverse w-fit\" tabindex=\"-1\">\n<table class=\"w-fit min-w-(--thread-content-width)\" data-start=\"1115\" data-end=\"1727\">\n<thead data-start=\"1115\" data-end=\"1151\">\n<tr data-start=\"1115\" data-end=\"1151\">\n<th class=\"\" data-start=\"1115\" data-end=\"1140\" data-col-size=\"sm\">Caract\u00e9ristique<\/th>\n<th class=\"\" data-start=\"1140\" data-end=\"1151\" data-col-size=\"md\">D\u00e9tails<\/th>\n<\/tr>\n<\/thead>\n<tbody data-start=\"1186\" data-end=\"1727\">\n<tr data-start=\"1186\" data-end=\"1239\">\n<td data-start=\"1186\" data-end=\"1208\" data-col-size=\"sm\">\u26a1 Type<\/td>\n<td data-col-size=\"md\" data-start=\"1208\" data-end=\"1239\">R\u00e9gulateur de tension (AVR)<\/td>\n<\/tr>\n<tr data-start=\"1240\" data-end=\"1274\">\n<td data-start=\"1240\" data-end=\"1263\" data-col-size=\"sm\">\ud83d\udd0b Puissance<\/td>\n<td data-col-size=\"md\" data-start=\"1263\" data-end=\"1274\">5000 VA<\/td>\n<\/tr>\n<tr data-start=\"1275\" data-end=\"1315\">\n<td data-start=\"1275\" data-end=\"1298\" data-col-size=\"sm\">\ud83d\udd0c Tension d\u2019entr\u00e9e<\/td>\n<td data-start=\"1298\" data-end=\"1315\" data-col-size=\"md\">\u2248 100V \u2013 260V<\/td>\n<\/tr>\n<tr data-start=\"1316\" data-end=\"1349\">\n<td data-start=\"1316\" data-end=\"1339\" data-col-size=\"sm\">\ud83d\udd0c Tension de sortie<\/td>\n<td data-col-size=\"md\" data-start=\"1339\" data-end=\"1349\">\u2248 220V<\/td>\n<\/tr>\n<tr data-start=\"1350\" data-end=\"1406\">\n<td data-start=\"1350\" data-end=\"1373\" data-col-size=\"sm\">\ud83d\udcca Affichage<\/td>\n<td data-start=\"1373\" data-end=\"1406\" data-col-size=\"md\">\u00c9cran digital (entr\u00e9e\/sortie)<\/td>\n<\/tr>\n<tr data-start=\"1407\" data-end=\"1463\">\n<td data-start=\"1407\" data-end=\"1430\" data-col-size=\"sm\">\u23f1\ufe0f Fonction delay<\/td>\n<td data-start=\"1430\" data-end=\"1463\" data-col-size=\"md\">Oui (protection au d\u00e9marrage)<\/td>\n<\/tr>\n<tr data-start=\"1464\" data-end=\"1541\">\n<td data-start=\"1464\" data-end=\"1487\" data-col-size=\"sm\">\ud83d\udd12 S\u00e9curit\u00e9<\/td>\n<td data-col-size=\"md\" data-start=\"1487\" data-end=\"1541\">Surtension, sous-tension, surcharge, court-circuit<\/td>\n<\/tr>\n<tr data-start=\"1542\" data-end=\"1580\">\n<td data-start=\"1542\" data-end=\"1565\" data-col-size=\"sm\">\ud83d\udd04 Fonctionnement<\/td>\n<td data-start=\"1565\" data-end=\"1580\" data-col-size=\"md\">Automatique<\/td>\n<\/tr>\n<tr data-start=\"1581\" data-end=\"1624\">\n<td data-start=\"1581\" data-end=\"1604\" data-col-size=\"sm\">\ud83d\udd0c Sorties<\/td>\n<td data-col-size=\"md\" data-start=\"1604\" data-end=\"1624\">Multiples prises<\/td>\n<\/tr>\n<tr data-start=\"1625\" data-end=\"1675\">\n<td data-start=\"1625\" data-end=\"1648\" data-col-size=\"sm\">\ud83e\uddf1 Design<\/td>\n<td data-start=\"1648\" data-end=\"1675\" data-col-size=\"md\">Robuste, haute capacit\u00e9<\/td>\n<\/tr>\n<tr data-start=\"1676\" data-end=\"1727\">\n<td data-start=\"1676\" data-end=\"1699\" data-col-size=\"sm\">\ud83c\udf92 Utilisation<\/td>\n<td data-col-size=\"md\" data-start=\"1699\" data-end=\"1727\">Maison, bureau, commerce<\/td>\n<\/tr>\n<\/tbody>\n<\/table>\n<\/div>\n<\/div>\n<hr data-start=\"1729\" data-end=\"1732\" \/>\n<h2 data-section-id=\"pvsbnh\" data-start=\"1734\" data-end=\"1758\">\ud83d\udce6 Contenu du colis<\/h2>\n<ul data-start=\"1760\" data-end=\"1821\">\n<li data-section-id=\"stfosq\" data-start=\"1760\" data-end=\"1792\">1 \u00d7 R\u00e9gulateur VISION 5000VA<\/li>\n<li data-section-id=\"euolri\" data-start=\"1793\" data-end=\"1821\">1 \u00d7 Manuel d\u2019utilisation<\/li>\n<\/ul>\n<hr data-start=\"1823\" data-end=\"1826\" \/>\n<h2 data-section-id=\"13b3ls7\" data-start=\"1828\" data-end=\"1846\">\ud83c\udfaf Id\u00e9al pour<\/h2>\n<ul data-start=\"1848\" data-end=\"1963\">\n<li data-section-id=\"erjsn6\" data-start=\"1848\" data-end=\"1869\">R\u00e9frig\u00e9rateurs \ud83e\uddca<\/li>\n<li data-section-id=\"1wps65y\" data-start=\"1870\" data-end=\"1889\">Climatiseurs \u2744\ufe0f<\/li>\n<li data-section-id=\"4jxhqi\" data-start=\"1890\" data-end=\"1908\">T\u00e9l\u00e9viseurs \ud83d\udcfa<\/li>\n<li data-section-id=\"beost0\" data-start=\"1909\" data-end=\"1927\">Ordinateurs \ud83d\udcbb<\/li>\n<li data-section-id=\"11ej9f7\" data-start=\"1928\" data-end=\"1963\">Appareils \u00e9lectriques puissants<\/li>\n<\/ul>\n<hr data-start=\"1965\" data-end=\"1968\" \/>\n<h2 data-section-id=\"10ezqp9\" data-start=\"1970\" data-end=\"2010\">\ud83d\udca1 Pourquoi choisir ce r\u00e9gulateur ?<\/h2>\n<p data-start=\"2011\" data-end=\"2199\">Le mod\u00e8le 5000VA est parfait si tu veux une <strong data-start=\"2055\" data-end=\"2133\">protection renforc\u00e9e pour plusieurs appareils ou des \u00e9quipements puissants<\/strong>. Il assure une alimentation stable et \u00e9vite les pannes co\u00fbteuses.<\/p>\n","protected":false},"excerpt":{"rendered":"<p>Assure une protection maximale \u26a1 pour tes \u00e9quipements avec le r\u00e9gulateur de tension VISION 5000VA. Con\u00e7u pour les appareils plus gourmands (frigo, climatiseur, TV\u2026), il stabilise le courant et prot\u00e8ge contre les variations de tension, surtensions et courts-circuits. Gr\u00e2ce \u00e0 sa grande puissance, il peut alimenter plusieurs appareils en m\u00eame temps tout en garantissant une&hellip;<\/p>\n","protected":false},"featured_media":17060,"comment_status":"open","ping_status":"closed","template":"","meta":[],"product_cat":[100],"product_tag":[],"class_list":{"0":"post-17058","1":"product","2":"type-product","3":"status-publish","4":"has-post-thumbnail","6":"product_cat-electromenager","8":"first","9":"instock","10":"sale","11":"shipping-taxable","12":"purchasable","13":"product-type-simple","14":"col-xs-6 col-sm-4","15":"col-md-3 col-lg-3","16":"un-4-cols"},"_links":{"self":[{"href":"https:\/\/www.vazy.market\/index.php\/wp-json\/wp\/v2\/product\/17058","targetHints":{"allow":["GET"]}}],"collection":[{"href":"https:\/\/www.vazy.market\/index.php\/wp-json\/wp\/v2\/product"}],"about":[{"href":"https:\/\/www.vazy.market\/index.php\/wp-json\/wp\/v2\/types\/product"}],"replies":[{"embeddable":true,"href":"https:\/\/www.vazy.market\/index.php\/wp-json\/wp\/v2\/comments?post=17058"}],"wp:featuredmedia":[{"embeddable":true,"href":"https:\/\/www.vazy.market\/index.php\/wp-json\/wp\/v2\/media\/17060"}],"wp:attachment":[{"href":"https:\/\/www.vazy.market\/index.php\/wp-json\/wp\/v2\/media?parent=17058"}],"wp:term":[{"taxonomy":"product_cat","embeddable":true,"href":"https:\/\/www.vazy.market\/index.php\/wp-json\/wp\/v2\/product_cat?post=17058"},{"taxonomy":"product_tag","embeddable":true,"href":"https:\/\/www.vazy.market\/index.php\/wp-json\/wp\/v2\/product_tag?post=17058"}],"curies":[{"name":"wp","href":"https:\/\/api.w.org\/{rel}","templated":true}]}}