{"id":17043,"date":"2026-03-21T09:59:45","date_gmt":"2026-03-21T09:59:45","guid":{"rendered":"https:\/\/www.vazy.market\/?post_type=product&#038;p=17043"},"modified":"2026-03-29T17:49:45","modified_gmt":"2026-03-29T17:49:45","slug":"enceinte-bluetooth-jiepak-jp-d15-15-pouces-ultra-puissante-karaoke-evenements","status":"publish","type":"product","link":"https:\/\/www.vazy.market\/index.php\/product\/enceinte-bluetooth-jiepak-jp-d15-15-pouces-ultra-puissante-karaoke-evenements\/","title":{"rendered":"\ud83d\udd0a Enceinte Bluetooth JIEPAK JP-D15 \u2013 15 pouces | Ultra puissante | Karaok\u00e9 &#038; \u00c9v\u00e9nements"},"content":{"rendered":"<p data-start=\"277\" data-end=\"419\">Passe au niveau sup\u00e9rieur \ud83d\udd0a avec l\u2019<strong data-start=\"313\" data-end=\"349\">enceinte Bluetooth JIEPAK JP-D15<\/strong>, une sono portable ultra puissante con\u00e7ue pour les grandes ambiances.<\/p>\n<p data-start=\"421\" data-end=\"576\">Avec son <strong data-start=\"430\" data-end=\"459\">haut-parleur de 15 pouces<\/strong>, elle d\u00e9livre un son puissant avec des basses profondes, id\u00e9al pour les f\u00eates, \u00e9v\u00e9nements, c\u00e9r\u00e9monies ou animations.<\/p>\n<p data-start=\"578\" data-end=\"777\">Gr\u00e2ce \u00e0 son <strong data-start=\"590\" data-end=\"634\">format trolley avec roulettes et poign\u00e9e<\/strong>, tu peux la transporter facilement partout. Et avec ses <strong data-start=\"691\" data-end=\"717\">micros sans fil inclus<\/strong>, elle est parfaite pour le karaok\u00e9 et les prises de parole.<\/p>\n<hr data-start=\"779\" data-end=\"782\" \/>\n<h2 data-section-id=\"17dpq8e\" data-start=\"784\" data-end=\"803\">\u2728 Points forts<\/h2>\n<p data-start=\"805\" data-end=\"1418\">\u2714\ufe0f <strong data-start=\"808\" data-end=\"858\">Haut-parleur 15 pouces (son puissant et clair)<\/strong> <br data-start=\"896\" data-end=\"899\" \/>\u2714\ufe0f <strong data-start=\"902\" data-end=\"943\">Bluetooth + USB + carte m\u00e9moire + AUX<\/strong> <br data-start=\"981\" data-end=\"984\" \/>\u2714\ufe0f <strong data-start=\"987\" data-end=\"1030\">2 microphones sans fil inclus (karaok\u00e9)<\/strong> <br data-start=\"1068\" data-end=\"1071\" \/>\u2714\ufe0f <strong data-start=\"1074\" data-end=\"1126\">Batterie rechargeable (utilisation sans courant)<\/strong> <br data-start=\"1164\" data-end=\"1167\" \/>\u2714\ufe0f <strong data-start=\"1170\" data-end=\"1222\">Format trolley avec roulettes (transport facile)<\/strong> <br data-start=\"1260\" data-end=\"1263\" \/>\u2714\ufe0f <strong data-start=\"1266\" data-end=\"1295\">Port\u00e9e jusqu\u2019\u00e0 100 m\u00e8tres<\/strong> <br data-start=\"1333\" data-end=\"1336\" \/>\u2714\ufe0f <strong data-start=\"1339\" data-end=\"1378\">Radio FM int\u00e9gr\u00e9e + effets lumineux<\/strong><\/p>\n<hr data-start=\"1420\" data-end=\"1423\" \/>\n<h2 data-section-id=\"1uyu6z3\" data-start=\"1425\" data-end=\"1448\">\ud83d\udcca Fiche technique<\/h2>\n<div class=\"TyagGW_tableContainer\">\n<div class=\"group TyagGW_tableWrapper flex flex-col-reverse w-fit\" tabindex=\"-1\">\n<table class=\"w-fit min-w-(--thread-content-width)\" data-start=\"1450\" data-end=\"2449\">\n<thead data-start=\"1450\" data-end=\"1486\">\n<tr data-start=\"1450\" data-end=\"1486\">\n<th class=\"\" data-start=\"1450\" data-end=\"1475\" data-col-size=\"sm\">Caract\u00e9ristique<\/th>\n<th class=\"\" data-start=\"1475\" data-end=\"1486\" data-col-size=\"md\">D\u00e9tails<\/th>\n<\/tr>\n<\/thead>\n<tbody data-start=\"1521\" data-end=\"2449\">\n<tr data-start=\"1521\" data-end=\"1561\">\n<td data-start=\"1521\" data-end=\"1544\" data-col-size=\"sm\">\ud83d\udd0a Mod\u00e8le<\/td>\n<td data-start=\"1544\" data-end=\"1561\" data-col-size=\"md\">JIEPAK JP-D15<\/td>\n<\/tr>\n<tr data-start=\"1562\" data-end=\"1636\">\n<td data-start=\"1562\" data-end=\"1585\" data-col-size=\"sm\">\ud83d\udccf Taille HP<\/td>\n<td data-start=\"1585\" data-end=\"1636\" data-col-size=\"md\">15 pouces<\/td>\n<\/tr>\n<tr data-start=\"1637\" data-end=\"1736\">\n<td data-start=\"1637\" data-end=\"1660\" data-col-size=\"sm\">\ud83d\udcf6 Connectivit\u00e9<\/td>\n<td data-start=\"1660\" data-end=\"1736\" data-col-size=\"md\">Bluetooth, USB, carte m\u00e9moire, AUX<\/td>\n<\/tr>\n<tr data-start=\"1737\" data-end=\"1838\">\n<td data-start=\"1737\" data-end=\"1760\" data-col-size=\"sm\">\ud83d\udd0b Batterie<\/td>\n<td data-start=\"1760\" data-end=\"1838\" data-col-size=\"md\">Rechargeable (autonomie prolong\u00e9e)<\/td>\n<\/tr>\n<tr data-start=\"1839\" data-end=\"1942\">\n<td data-start=\"1839\" data-end=\"1862\" data-col-size=\"sm\">\u23f1\ufe0f Autonomie<\/td>\n<td data-start=\"1862\" data-end=\"1942\" data-col-size=\"md\">Plusieurs heures (selon utilisation)<\/td>\n<\/tr>\n<tr data-start=\"1943\" data-end=\"2023\">\n<td data-start=\"1943\" data-end=\"1966\" data-col-size=\"sm\">\ud83d\udce1 Port\u00e9e<\/td>\n<td data-start=\"1966\" data-end=\"2023\" data-col-size=\"md\">Jusqu\u2019\u00e0 100 m<\/td>\n<\/tr>\n<tr data-start=\"2024\" data-end=\"2115\">\n<td data-start=\"2024\" data-end=\"2047\" data-col-size=\"sm\">\ud83c\udfa4 Microphones<\/td>\n<td data-start=\"2047\" data-end=\"2115\" data-col-size=\"md\">2 micros sans fil inclus<\/td>\n<\/tr>\n<tr data-start=\"2116\" data-end=\"2196\">\n<td data-start=\"2116\" data-end=\"2139\" data-col-size=\"sm\">\ud83d\udcfb Fonctions<\/td>\n<td data-start=\"2139\" data-end=\"2196\" data-col-size=\"md\">MP3, radio FM<\/td>\n<\/tr>\n<tr data-start=\"2197\" data-end=\"2287\">\n<td data-start=\"2197\" data-end=\"2221\" data-col-size=\"sm\">\ud83c\udf9b\ufe0f Commandes<\/td>\n<td data-start=\"2221\" data-end=\"2287\" data-col-size=\"md\">Panneau + t\u00e9l\u00e9commande<\/td>\n<\/tr>\n<tr data-start=\"2288\" data-end=\"2384\">\n<td data-start=\"2288\" data-end=\"2311\" data-col-size=\"sm\">\ud83c\udf92 Transport<\/td>\n<td data-start=\"2311\" data-end=\"2384\" data-col-size=\"md\">Poign\u00e9e + roulettes (trolley)<\/td>\n<\/tr>\n<tr data-start=\"2385\" data-end=\"2449\">\n<td data-start=\"2385\" data-end=\"2408\" data-col-size=\"sm\">\ud83c\udf89 Utilisation<\/td>\n<td data-start=\"2408\" data-end=\"2449\" data-col-size=\"md\">Karaok\u00e9, \u00e9v\u00e9nements, f\u00eates, ext\u00e9rieur<\/td>\n<\/tr>\n<\/tbody>\n<\/table>\n<\/div>\n<\/div>\n<hr data-start=\"2451\" data-end=\"2454\" \/>\n<h2 data-section-id=\"pvsbnh\" data-start=\"2456\" data-end=\"2480\">\ud83d\udce6 Contenu du colis<\/h2>\n<ul data-start=\"2482\" data-end=\"2588\">\n<li data-section-id=\"14mke4e\" data-start=\"2482\" data-end=\"2512\">1 \u00d7 Enceinte JIEPAK JP-D15<\/li>\n<li data-section-id=\"17ipq8k\" data-start=\"2513\" data-end=\"2541\">2 \u00d7 Microphones sans fil<\/li>\n<li data-section-id=\"1aam6fo\" data-start=\"2542\" data-end=\"2562\">1 \u00d7 T\u00e9l\u00e9commande<\/li>\n<li data-section-id=\"1ujm9xk\" data-start=\"2563\" data-end=\"2588\">1 \u00d7 C\u00e2ble de recharge<\/li>\n<\/ul>\n<hr data-start=\"2590\" data-end=\"2593\" \/>\n<h2 data-section-id=\"13b3ls7\" data-start=\"2595\" data-end=\"2613\">\ud83c\udfaf Id\u00e9al pour<\/h2>\n<ul data-start=\"2615\" data-end=\"2740\">\n<li data-section-id=\"kmi1hw\" data-start=\"2615\" data-end=\"2644\">F\u00eates et anniversaires \ud83c\udf89<\/li>\n<li data-section-id=\"1wozh9g\" data-start=\"2645\" data-end=\"2659\">Karaok\u00e9 \ud83c\udfa4<\/li>\n<li data-section-id=\"17aj2g7\" data-start=\"2660\" data-end=\"2688\">\u00c9v\u00e9nements et c\u00e9r\u00e9monies<\/li>\n<li data-section-id=\"16zx9l8\" data-start=\"2689\" data-end=\"2713\">\u00c9glises \/ animations<\/li>\n<li data-section-id=\"1xvmb1z\" data-start=\"2714\" data-end=\"2740\">Utilisation ext\u00e9rieure<\/li>\n<\/ul>\n<hr data-start=\"2742\" data-end=\"2745\" \/>\n<h2 data-section-id=\"13jf7as\" data-start=\"2747\" data-end=\"2780\">\ud83d\udca1 Pourquoi choisir la D15 ?<\/h2>\n<p data-start=\"2781\" data-end=\"2993\">La <strong data-start=\"2784\" data-end=\"2798\">JIEPAK D15<\/strong> est une enceinte compl\u00e8te et puissante, parfaite pour ceux qui veulent <strong data-start=\"2870\" data-end=\"2903\">un vrai syst\u00e8me de son mobile<\/strong>. Avec ses micros, sa port\u00e9e et sa puissance, elle remplace facilement une sono classique.<\/p>\n","protected":false},"excerpt":{"rendered":"<p>Passe au niveau sup\u00e9rieur \ud83d\udd0a avec l\u2019enceinte Bluetooth JIEPAK JP-D15, une sono portable ultra puissante con\u00e7ue pour les grandes ambiances. Avec son haut-parleur de 15 pouces, elle d\u00e9livre un son puissant avec des basses profondes, id\u00e9al pour les f\u00eates, \u00e9v\u00e9nements, c\u00e9r\u00e9monies ou animations. Gr\u00e2ce \u00e0 son format trolley avec roulettes et poign\u00e9e, tu peux la&hellip;<\/p>\n","protected":false},"featured_media":17045,"comment_status":"open","ping_status":"closed","template":"","meta":[],"product_cat":[92,128],"product_tag":[],"class_list":{"0":"post-17043","1":"product","2":"type-product","3":"status-publish","4":"has-post-thumbnail","6":"product_cat-audio","7":"product_cat-woofer","9":"first","10":"instock","11":"sale","12":"shipping-taxable","13":"purchasable","14":"product-type-simple","15":"col-xs-6 col-sm-4","16":"col-md-3 col-lg-3","17":"un-4-cols"},"_links":{"self":[{"href":"https:\/\/www.vazy.market\/index.php\/wp-json\/wp\/v2\/product\/17043","targetHints":{"allow":["GET"]}}],"collection":[{"href":"https:\/\/www.vazy.market\/index.php\/wp-json\/wp\/v2\/product"}],"about":[{"href":"https:\/\/www.vazy.market\/index.php\/wp-json\/wp\/v2\/types\/product"}],"replies":[{"embeddable":true,"href":"https:\/\/www.vazy.market\/index.php\/wp-json\/wp\/v2\/comments?post=17043"}],"wp:featuredmedia":[{"embeddable":true,"href":"https:\/\/www.vazy.market\/index.php\/wp-json\/wp\/v2\/media\/17045"}],"wp:attachment":[{"href":"https:\/\/www.vazy.market\/index.php\/wp-json\/wp\/v2\/media?parent=17043"}],"wp:term":[{"taxonomy":"product_cat","embeddable":true,"href":"https:\/\/www.vazy.market\/index.php\/wp-json\/wp\/v2\/product_cat?post=17043"},{"taxonomy":"product_tag","embeddable":true,"href":"https:\/\/www.vazy.market\/index.php\/wp-json\/wp\/v2\/product_tag?post=17043"}],"curies":[{"name":"wp","href":"https:\/\/api.w.org\/{rel}","templated":true}]}}