{"id":16996,"date":"2026-03-20T00:17:03","date_gmt":"2026-03-20T00:17:03","guid":{"rendered":"https:\/\/www.vazy.market\/?post_type=product&#038;p=16996"},"modified":"2026-03-25T08:37:23","modified_gmt":"2026-03-25T08:37:23","slug":"ruban-led-rgb-10m-600-leds-multicolore-telecommande-ambiance-deco","status":"publish","type":"product","link":"https:\/\/www.vazy.market\/index.php\/product\/ruban-led-rgb-10m-600-leds-multicolore-telecommande-ambiance-deco\/","title":{"rendered":"\ud83d\udca1 Ruban LED RGB 10M \u2013 600 LEDs | Multicolore | T\u00e9l\u00e9commande | Ambiance d\u00e9co"},"content":{"rendered":"<p data-start=\"268\" data-end=\"372\">Transforme ton espace en un v\u00e9ritable univers lumineux \u2728 avec ce <strong data-start=\"333\" data-end=\"371\">ruban LED RGB 10 m\u00e8tres (600 LEDs)<\/strong>.<\/p>\n<p data-start=\"374\" data-end=\"564\">Parfait pour d\u00e9corer une chambre, un salon, un bureau ou m\u00eame pour des \u00e9v\u00e9nements, ce ruban offre une <strong data-start=\"476\" data-end=\"515\">lumi\u00e8re multicolore personnalisable<\/strong> pour cr\u00e9er l\u2019ambiance parfaite selon ton humeur.<\/p>\n<p data-start=\"566\" data-end=\"710\">Facile \u00e0 installer gr\u00e2ce \u00e0 son <strong data-start=\"597\" data-end=\"616\">adh\u00e9sif int\u00e9gr\u00e9<\/strong>, il s\u2019adapte \u00e0 toutes les surfaces et peut \u00eatre contr\u00f4l\u00e9 facilement via une <strong data-start=\"693\" data-end=\"709\">t\u00e9l\u00e9commande<\/strong>.<\/p>\n<hr data-start=\"712\" data-end=\"715\" \/>\n<h2 data-section-id=\"17dpq8e\" data-start=\"717\" data-end=\"736\">\u2728 Points forts<\/h2>\n<p data-start=\"738\" data-end=\"1247\">\u2714\ufe0f <strong data-start=\"741\" data-end=\"791\">600 LEDs puissantes pour une luminosit\u00e9 \u00e9lev\u00e9e<\/strong> <br data-start=\"829\" data-end=\"832\" \/>\u2714\ufe0f <strong data-start=\"835\" data-end=\"886\">Multicolore RGB (des centaines de combinaisons)<\/strong> <br data-start=\"924\" data-end=\"927\" \/>\u2714\ufe0f <strong data-start=\"930\" data-end=\"981\">Longueur 10 m\u00e8tres (id\u00e9al pour toute une pi\u00e8ce)<\/strong><br data-start=\"981\" data-end=\"984\" \/>\u2714\ufe0f <strong data-start=\"987\" data-end=\"1034\">T\u00e9l\u00e9commande pour changer couleurs et modes<\/strong> <br data-start=\"1072\" data-end=\"1075\" \/>\u2714\ufe0f <strong data-start=\"1078\" data-end=\"1119\">Installation facile (adh\u00e9sif int\u00e9gr\u00e9)<\/strong> <br data-start=\"1157\" data-end=\"1160\" \/>\u2714\ufe0f <strong data-start=\"1163\" data-end=\"1207\">Flexible et d\u00e9coupable selon tes besoins<\/strong><\/p>\n<hr data-start=\"1249\" data-end=\"1252\" \/>\n<h2 data-section-id=\"1uyu6z3\" data-start=\"1254\" data-end=\"1277\">\ud83d\udcca Fiche technique<\/h2>\n<div class=\"TyagGW_tableContainer\">\n<div class=\"group TyagGW_tableWrapper flex flex-col-reverse w-fit\" tabindex=\"-1\">\n<table class=\"w-fit min-w-(--thread-content-width)\" data-start=\"1279\" data-end=\"2301\">\n<thead data-start=\"1279\" data-end=\"1315\">\n<tr data-start=\"1279\" data-end=\"1315\">\n<th class=\"\" data-start=\"1279\" data-end=\"1304\" data-col-size=\"sm\">Caract\u00e9ristique<\/th>\n<th class=\"\" data-start=\"1304\" data-end=\"1315\" data-col-size=\"md\">D\u00e9tails<\/th>\n<\/tr>\n<\/thead>\n<tbody data-start=\"1350\" data-end=\"2301\">\n<tr data-start=\"1350\" data-end=\"1390\">\n<td data-start=\"1350\" data-end=\"1373\" data-col-size=\"sm\">\ud83d\udca1 Type<\/td>\n<td data-start=\"1373\" data-end=\"1390\" data-col-size=\"md\">Ruban LED RGB<\/td>\n<\/tr>\n<tr data-start=\"1391\" data-end=\"1427\">\n<td data-start=\"1391\" data-end=\"1414\" data-col-size=\"sm\">\ud83d\udccf Longueur<\/td>\n<td data-start=\"1414\" data-end=\"1427\" data-col-size=\"md\">10 m\u00e8tres<\/td>\n<\/tr>\n<tr data-start=\"1428\" data-end=\"1515\">\n<td data-start=\"1428\" data-end=\"1451\" data-col-size=\"sm\">\ud83d\udd22 Nombre de LEDs<\/td>\n<td data-start=\"1451\" data-end=\"1515\" data-col-size=\"md\">600 LEDs (\u2248 60 LEDs\/m)<\/td>\n<\/tr>\n<tr data-start=\"1516\" data-end=\"1560\">\n<td data-start=\"1516\" data-end=\"1539\" data-col-size=\"sm\">\ud83c\udfa8 Couleurs<\/td>\n<td data-start=\"1539\" data-end=\"1560\" data-col-size=\"md\">Multicolore (RGB)<\/td>\n<\/tr>\n<tr data-start=\"1561\" data-end=\"1649\">\n<td data-start=\"1561\" data-end=\"1583\" data-col-size=\"sm\">\u26a1 Tension<\/td>\n<td data-start=\"1583\" data-end=\"1649\" data-col-size=\"md\">12V \/ 24V (selon mod\u00e8le)<\/td>\n<\/tr>\n<tr data-start=\"1650\" data-end=\"1740\">\n<td data-start=\"1650\" data-end=\"1673\" data-col-size=\"sm\">\ud83d\udca1 Type de LED<\/td>\n<td data-start=\"1673\" data-end=\"1740\" data-col-size=\"md\">SMD 5050 haute luminosit\u00e9<\/td>\n<\/tr>\n<tr data-start=\"1741\" data-end=\"1812\">\n<td data-start=\"1741\" data-end=\"1764\" data-col-size=\"sm\">\ud83d\udd04 Angle d\u2019\u00e9clairage<\/td>\n<td data-start=\"1764\" data-end=\"1812\" data-col-size=\"md\">\u2248 120\u00b0<\/td>\n<\/tr>\n<tr data-start=\"1813\" data-end=\"1917\">\n<td data-start=\"1813\" data-end=\"1835\" data-col-size=\"sm\">\u2702\ufe0f D\u00e9coupe<\/td>\n<td data-start=\"1835\" data-end=\"1917\" data-col-size=\"md\">Oui (segmentable tous les quelques cm)<\/td>\n<\/tr>\n<tr data-start=\"1918\" data-end=\"2026\">\n<td data-start=\"1918\" data-end=\"1941\" data-col-size=\"sm\">\ud83c\udfae Contr\u00f4le<\/td>\n<td data-start=\"1941\" data-end=\"2026\" data-col-size=\"md\">T\u00e9l\u00e9commande (modes, couleurs, intensit\u00e9)<\/td>\n<\/tr>\n<tr data-start=\"2027\" data-end=\"2072\">\n<td data-start=\"2027\" data-end=\"2050\" data-col-size=\"sm\">\ud83d\udd0c Alimentation<\/td>\n<td data-start=\"2050\" data-end=\"2072\" data-col-size=\"md\">Adaptateur secteur<\/td>\n<\/tr>\n<tr data-start=\"2073\" data-end=\"2123\">\n<td data-start=\"2073\" data-end=\"2096\" data-col-size=\"sm\">\ud83e\uddf2 Installation<\/td>\n<td data-start=\"2096\" data-end=\"2123\" data-col-size=\"md\">Bande adh\u00e9sive int\u00e9gr\u00e9e<\/td>\n<\/tr>\n<tr data-start=\"2124\" data-end=\"2206\">\n<td data-start=\"2124\" data-end=\"2147\" data-col-size=\"sm\">\ud83c\udf21\ufe0f Dur\u00e9e de vie<\/td>\n<td data-col-size=\"md\" data-start=\"2147\" data-end=\"2206\">\u2248 50 000 heures<\/td>\n<\/tr>\n<tr data-start=\"2207\" data-end=\"2301\">\n<td data-start=\"2207\" data-end=\"2230\" data-col-size=\"sm\">\ud83c\udf0a \u00c9tanch\u00e9it\u00e9<\/td>\n<td data-start=\"2230\" data-end=\"2301\" data-col-size=\"md\">IP20 ou IP65 (selon mod\u00e8le)<\/td>\n<\/tr>\n<\/tbody>\n<\/table>\n<\/div>\n<\/div>\n<hr data-start=\"2303\" data-end=\"2306\" \/>\n<h2 data-section-id=\"pvsbnh\" data-start=\"2308\" data-end=\"2332\">\ud83d\udce6 Contenu du colis<\/h2>\n<ul data-start=\"2334\" data-end=\"2439\">\n<li data-section-id=\"15et20k\" data-start=\"2334\" data-end=\"2372\">\n<p data-start=\"2336\" data-end=\"2372\">1 \u00d7 Ruban LED 10 m\u00e8tres (600 LEDs)<\/p>\n<\/li>\n<li data-section-id=\"1aam6fo\" data-start=\"2373\" data-end=\"2393\">\n<p data-start=\"2375\" data-end=\"2393\">1 \u00d7 T\u00e9l\u00e9commande<\/p>\n<\/li>\n<li data-section-id=\"1sr83g0\" data-start=\"2394\" data-end=\"2412\">\n<p data-start=\"2396\" data-end=\"2412\">1 \u00d7 Contr\u00f4leur<\/p>\n<\/li>\n<li data-section-id=\"157cmhm\" data-start=\"2413\" data-end=\"2439\">\n<p data-start=\"2415\" data-end=\"2439\">1 \u00d7 Adaptateur secteur<\/p>\n<\/li>\n<\/ul>\n<hr data-start=\"2441\" data-end=\"2444\" \/>\n<h2 data-section-id=\"13b3ls7\" data-start=\"2446\" data-end=\"2464\">\ud83c\udfaf Id\u00e9al pour<\/h2>\n<ul data-start=\"2466\" data-end=\"2594\">\n<li data-section-id=\"17c55wo\" data-start=\"2466\" data-end=\"2495\">\n<p data-start=\"2468\" data-end=\"2495\">D\u00e9coration de chambre \ud83d\udecf\ufe0f<\/p>\n<\/li>\n<li data-section-id=\"k7ybq7\" data-start=\"2496\" data-end=\"2518\">\n<p data-start=\"2498\" data-end=\"2518\">Ambiance gaming \ud83c\udfae<\/p>\n<\/li>\n<li data-section-id=\"1a2rpo2\" data-start=\"2519\" data-end=\"2538\">\n<p data-start=\"2521\" data-end=\"2538\">\u00c9clairage TV \ud83d\udcfa<\/p>\n<\/li>\n<li data-section-id=\"his1fi\" data-start=\"2539\" data-end=\"2565\">\n<p data-start=\"2541\" data-end=\"2565\">F\u00eates et \u00e9v\u00e9nements \ud83c\udf89<\/p>\n<\/li>\n<li data-section-id=\"1jxie9c\" data-start=\"2566\" data-end=\"2594\">\n<p data-start=\"2568\" data-end=\"2594\">Boutiques et vitrines \ud83c\udfea<\/p>\n<\/li>\n<\/ul>\n<hr data-start=\"2596\" data-end=\"2599\" \/>\n<h2 data-section-id=\"1mha2fs\" data-start=\"2601\" data-end=\"2640\">\ud83d\udca1 Pourquoi choisir ce ruban LED ?<\/h2>\n<p data-start=\"2641\" data-end=\"2827\">Ce ruban LED est une solution moderne pour transformer ton espace facilement. Il combine <strong data-start=\"2730\" data-end=\"2776\">puissance, flexibilit\u00e9 et personnalisation<\/strong>, tout en restant simple \u00e0 installer et \u00e0 utiliser.<\/p>\n","protected":false},"excerpt":{"rendered":"<p>Transforme ton espace en un v\u00e9ritable univers lumineux \u2728 avec ce ruban LED RGB 10 m\u00e8tres (600 LEDs). Parfait pour d\u00e9corer une chambre, un salon, un bureau ou m\u00eame pour des \u00e9v\u00e9nements, ce ruban offre une lumi\u00e8re multicolore personnalisable pour cr\u00e9er l\u2019ambiance parfaite selon ton humeur. Facile \u00e0 installer gr\u00e2ce \u00e0 son adh\u00e9sif int\u00e9gr\u00e9, il&hellip;<\/p>\n","protected":false},"featured_media":17001,"comment_status":"open","ping_status":"closed","template":"","meta":[],"product_cat":[102],"product_tag":[],"class_list":{"0":"post-16996","1":"product","2":"type-product","3":"status-publish","4":"has-post-thumbnail","6":"product_cat-decoration","8":"first","9":"instock","10":"sale","11":"shipping-taxable","12":"purchasable","13":"product-type-simple","14":"col-xs-6 col-sm-4","15":"col-md-3 col-lg-3","16":"un-4-cols"},"_links":{"self":[{"href":"https:\/\/www.vazy.market\/index.php\/wp-json\/wp\/v2\/product\/16996","targetHints":{"allow":["GET"]}}],"collection":[{"href":"https:\/\/www.vazy.market\/index.php\/wp-json\/wp\/v2\/product"}],"about":[{"href":"https:\/\/www.vazy.market\/index.php\/wp-json\/wp\/v2\/types\/product"}],"replies":[{"embeddable":true,"href":"https:\/\/www.vazy.market\/index.php\/wp-json\/wp\/v2\/comments?post=16996"}],"wp:featuredmedia":[{"embeddable":true,"href":"https:\/\/www.vazy.market\/index.php\/wp-json\/wp\/v2\/media\/17001"}],"wp:attachment":[{"href":"https:\/\/www.vazy.market\/index.php\/wp-json\/wp\/v2\/media?parent=16996"}],"wp:term":[{"taxonomy":"product_cat","embeddable":true,"href":"https:\/\/www.vazy.market\/index.php\/wp-json\/wp\/v2\/product_cat?post=16996"},{"taxonomy":"product_tag","embeddable":true,"href":"https:\/\/www.vazy.market\/index.php\/wp-json\/wp\/v2\/product_tag?post=16996"}],"curies":[{"name":"wp","href":"https:\/\/api.w.org\/{rel}","templated":true}]}}