{"id":16741,"date":"2026-03-17T18:46:40","date_gmt":"2026-03-17T18:46:40","guid":{"rendered":"https:\/\/www.vazy.market\/?post_type=product&#038;p=16741"},"modified":"2026-03-25T09:31:08","modified_gmt":"2026-03-25T09:31:08","slug":"infinix-hot-50i-x6531-4g-6-7-128go4go-4go-ram-virtuelle-48mp0-8mp-fhd8mp-fhd-dual-nano-sim-5000mah","status":"publish","type":"product","link":"https:\/\/www.vazy.market\/index.php\/product\/infinix-hot-50i-x6531-4g-6-7-128go4go-4go-ram-virtuelle-48mp0-8mp-fhd8mp-fhd-dual-nano-sim-5000mah\/","title":{"rendered":"\ud83d\udcf1 INFINIX HOT 50i (X6531) 4G &#8211; 6.7&Prime; &#8211; 128Go|4Go (+4Go RAM virtuelle) &#8211; 48MP+0.8MP FHD|8MP FHD &#8211; Dual Nano SIM &#8211; 5000mAh"},"content":{"rendered":"<div class=\"flex h-svh w-screen flex-col\">\n<div class=\"relative z-0 flex min-h-0 w-full flex-1\">\n<div class=\"relative flex min-h-0 w-full flex-1\">\n<div class=\"@container\/main relative flex min-w-0 flex-1 flex-col -translate-y-[calc(env(safe-area-inset-bottom,0px)\/2)] pt-[calc(env(safe-area-inset-bottom,0px)\/2)]\">\n<div class=\"@w-sm\/main:[scrollbar-gutter:stable_both-edges] touch:[scrollbar-width:none] relative flex min-h-0 min-w-0 flex-1 flex-col [scrollbar-gutter:stable] not-print:overflow-x-clip not-print:overflow-y-auto scroll-pt-(--header-height) [--sticky-padding-top:var(--header-height)] has-data-[fixed-header=less-than-xl]:@w-xl\/main:scroll-pt-0 has-data-[fixed-header=less-than-xl]:@w-xl\/main:[--sticky-padding-top:0px] has-data-[fixed-header=less-than-xxl]:@w-2xl\/main:scroll-pt-0 has-data-[fixed-header=less-than-xxl]:@w-2xl\/main:[--sticky-padding-top:0px]\" data-scroll-root=\"\"><main id=\"main\" class=\"min-h-0 flex-1\"><\/p>\n<div id=\"thread\" class=\"group\/thread flex flex-col min-h-full\">\n<div class=\"composer-parent flex flex-1 flex-col focus-visible:outline-0\" role=\"presentation\">\n<div class=\"relative basis-auto flex-col -mb-(--composer-overlap-px) [--composer-overlap-px:28px] grow flex\">\n<div class=\"flex flex-col text-sm pb-25\">\n<article class=\"text-token-text-primary w-full focus:outline-none [--shadow-height:45px] has-data-writing-block:pointer-events-none has-data-writing-block:-mt-(--shadow-height) has-data-writing-block:pt-(--shadow-height) [&amp;:has([data-writing-block])&gt;*]:pointer-events-auto scroll-mt-[calc(var(--header-height)+min(200px,max(70px,20svh)))]\" dir=\"auto\" tabindex=\"-1\" data-turn-id=\"request-69add934-1d50-8332-91d7-d97a2ee2331f-5\" data-testid=\"conversation-turn-248\" data-scroll-anchor=\"true\" data-turn=\"assistant\">\n<div class=\"text-base my-auto mx-auto pb-10 [--thread-content-margin:var(--thread-content-margin-xs,calc(var(--spacing)*4))] @w-sm\/main:[--thread-content-margin:var(--thread-content-margin-sm,calc(var(--spacing)*6))] @w-lg\/main:[--thread-content-margin:var(--thread-content-margin-lg,calc(var(--spacing)*16))] px-(--thread-content-margin)\">\n<div class=\"[--thread-content-max-width:40rem] @w-lg\/main:[--thread-content-max-width:48rem] mx-auto max-w-(--thread-content-max-width) flex-1 group\/turn-messages focus-visible:outline-hidden relative flex w-full min-w-0 flex-col agent-turn\" tabindex=\"-1\">\n<div class=\"flex max-w-full flex-col gap-4 grow\">\n<div class=\"min-h-8 text-message relative flex w-full flex-col items-end gap-2 text-start break-words whitespace-normal [.text-message+&amp;]:mt-1\" dir=\"auto\" data-message-author-role=\"assistant\" data-message-id=\"6d94b924-1674-4e6d-a170-b6222ac915b2\" data-message-model-slug=\"gpt-5-3\">\n<div class=\"flex w-full flex-col gap-1 empty:hidden\">\n<div class=\"streaming-animation markdown prose dark:prose-invert w-full wrap-break-word light markdown-new-styling\">\n<p data-start=\"129\" data-end=\"492\">D\u00e9couvrez le <strong data-start=\"142\" data-end=\"169\">Infinix Hot 50i (X6531)<\/strong>, un smartphone nouvelle g\u00e9n\u00e9ration con\u00e7u pour offrir <strong data-start=\"223\" data-end=\"288\">fluidit\u00e9, autonomie et performances solides \u00e0 prix accessible<\/strong>. Son <strong data-start=\"294\" data-end=\"366\">\u00e9cran IPS LCD de 6.7 pouces HD+ avec taux de rafra\u00eechissement 120 Hz<\/strong> garantit une exp\u00e9rience ultra fluide pour les vid\u00e9os, jeux et navigation quotidienne.<\/p>\n<p data-start=\"494\" data-end=\"849\">Propuls\u00e9 par le <strong data-start=\"510\" data-end=\"591\">processeur MediaTek Helio G81 et 4 Go de RAM extensible (+4 Go RAM virtuelle)<\/strong>, ce smartphone assure un multit\u00e2che fluide et une bonne r\u00e9activit\u00e9 pour les applications du quotidien. Son <strong data-start=\"699\" data-end=\"757\">stockage de 128 Go extensible jusqu\u2019\u00e0 2 To via microSD<\/strong> offre un espace confortable pour tous vos fichiers.<\/p>\n<p data-start=\"851\" data-end=\"1092\">Son <strong data-start=\"855\" data-end=\"923\">appareil photo principal de 48 MP avec intelligence artificielle<\/strong> capture des images d\u00e9taill\u00e9es, tandis que la <strong data-start=\"969\" data-end=\"996\">cam\u00e9ra frontale de 8 MP<\/strong> permet des selfies nets et des appels vid\u00e9o de qualit\u00e9.<\/p>\n<p data-start=\"1094\" data-end=\"1250\">Gr\u00e2ce \u00e0 sa <strong data-start=\"1105\" data-end=\"1148\">batterie de 5000 mAh avec charge rapide<\/strong>, profitez d\u2019une autonomie longue dur\u00e9e pour toute la journ\u00e9e.<\/p>\n<hr data-start=\"1252\" data-end=\"1255\" \/>\n<h1 data-section-id=\"gug16d\" data-start=\"1257\" data-end=\"1273\">\u2b50 Points forts<\/h1>\n<p data-start=\"1275\" data-end=\"1617\">\u2714 \ud83d\udcf1 <strong data-start=\"1280\" data-end=\"1323\">Grand \u00e9cran 6.7&Prime; HD+ 120Hz ultra fluide<\/strong><br data-start=\"1323\" data-end=\"1326\" \/>\u2714 \ud83d\udcf8 <strong data-start=\"1331\" data-end=\"1366\">Cam\u00e9ra principale 48 MP avec IA<\/strong><br data-start=\"1366\" data-end=\"1369\" \/>\u2714 \u26a1 <strong data-start=\"1373\" data-end=\"1408\">Processeur Helio G81 performant<\/strong><br data-start=\"1408\" data-end=\"1411\" \/>\u2714 \ud83d\udd0b <strong data-start=\"1416\" data-end=\"1450\">Batterie longue dur\u00e9e 5000 mAh<\/strong><br data-start=\"1450\" data-end=\"1453\" \/>\u2714 \u26a1 <strong data-start=\"1457\" data-end=\"1478\">Charge rapide 18W<\/strong><br data-start=\"1478\" data-end=\"1481\" \/>\u2714 \ud83d\udcf6 <strong data-start=\"1486\" data-end=\"1514\">Compatible r\u00e9seau 4G LTE<\/strong><br data-start=\"1514\" data-end=\"1517\" \/>\u2714 \ud83d\udd10 <strong data-start=\"1522\" data-end=\"1576\">Capteur d\u2019empreinte digitale lat\u00e9ral + Face Unlock<\/strong><br data-start=\"1576\" data-end=\"1579\" \/>\u2714 \ud83d\udca7 <strong data-start=\"1584\" data-end=\"1617\">R\u00e9sistance \u00e9claboussures IP54<\/strong><\/p>\n<hr data-start=\"1619\" data-end=\"1622\" \/>\n<h1 data-section-id=\"ys7y0m\" data-start=\"1624\" data-end=\"1635\">\ud83d\udcf8 Cam\u00e9ra<\/h1>\n<ul data-start=\"1637\" data-end=\"1822\">\n<li data-section-id=\"1dv0eln\" data-start=\"1637\" data-end=\"1673\">\n<p data-start=\"1639\" data-end=\"1673\">\ud83d\udcf7 <strong data-start=\"1642\" data-end=\"1671\">Cam\u00e9ra principale : 48 MP<\/strong><\/p>\n<\/li>\n<li data-section-id=\"1a2t313\" data-start=\"1674\" data-end=\"1717\">\n<p data-start=\"1676\" data-end=\"1717\">\ud83d\udce1 <strong data-start=\"1679\" data-end=\"1715\">Capteur secondaire : 0.8 MP (AI)<\/strong><\/p>\n<\/li>\n<li data-section-id=\"1x41ejq\" data-start=\"1718\" data-end=\"1751\">\n<p data-start=\"1720\" data-end=\"1751\">\ud83e\udd33 <strong data-start=\"1723\" data-end=\"1749\">Cam\u00e9ra frontale : 8 MP<\/strong><\/p>\n<\/li>\n<li data-section-id=\"12nvpxp\" data-start=\"1752\" data-end=\"1822\">\n<p data-start=\"1754\" data-end=\"1822\">\ud83c\udfa5 <strong data-start=\"1757\" data-end=\"1782\">Vid\u00e9o : Full HD 1080p<\/strong><\/p>\n<\/li>\n<\/ul>\n<hr data-start=\"1824\" data-end=\"1827\" \/>\n<h1 data-section-id=\"1gx1fos\" data-start=\"1829\" data-end=\"1849\">\ud83d\udcca Fiche Technique<\/h1>\n<div class=\"TyagGW_tableContainer\">\n<div class=\"group TyagGW_tableWrapper flex flex-col-reverse w-fit\" tabindex=\"-1\">\n<table class=\"w-fit min-w-(--thread-content-width)\" data-start=\"1851\" data-end=\"2412\">\n<thead data-start=\"1851\" data-end=\"1880\">\n<tr data-start=\"1851\" data-end=\"1880\">\n<th class=\"\" data-start=\"1851\" data-end=\"1869\" data-col-size=\"sm\">Caract\u00e9ristique<\/th>\n<th class=\"\" data-start=\"1869\" data-end=\"1880\" data-col-size=\"sm\">D\u00e9tails<\/th>\n<\/tr>\n<\/thead>\n<tbody data-start=\"1891\" data-end=\"2412\">\n<tr data-start=\"1891\" data-end=\"1911\">\n<td data-start=\"1891\" data-end=\"1900\" data-col-size=\"sm\">Marque<\/td>\n<td data-start=\"1900\" data-end=\"1911\" data-col-size=\"sm\">Infinix<\/td>\n<\/tr>\n<tr data-start=\"1912\" data-end=\"1944\">\n<td data-start=\"1912\" data-end=\"1921\" data-col-size=\"sm\">Mod\u00e8le<\/td>\n<td data-start=\"1921\" data-end=\"1944\" data-col-size=\"sm\"><strong data-start=\"1923\" data-end=\"1942\">Hot 50i (X6531)<\/strong><\/td>\n<\/tr>\n<tr data-start=\"1945\" data-end=\"1964\">\n<td data-start=\"1945\" data-end=\"1954\" data-col-size=\"sm\">R\u00e9seau<\/td>\n<td data-start=\"1954\" data-end=\"1964\" data-col-size=\"sm\">4G LTE<\/td>\n<\/tr>\n<tr data-start=\"1965\" data-end=\"1999\">\n<td data-start=\"1965\" data-end=\"1973\" data-col-size=\"sm\">\u00c9cran<\/td>\n<td data-start=\"1973\" data-end=\"1999\" data-col-size=\"sm\"><strong data-start=\"1975\" data-end=\"1997\">6.7 pouces IPS LCD<\/strong><\/td>\n<\/tr>\n<tr data-start=\"2000\" data-end=\"2033\">\n<td data-start=\"2000\" data-end=\"2013\" data-col-size=\"sm\">R\u00e9solution<\/td>\n<td data-start=\"2013\" data-end=\"2033\" data-col-size=\"sm\">720 \u00d7 1600 (HD+)<\/td>\n<\/tr>\n<tr data-start=\"2034\" data-end=\"2075\">\n<td data-start=\"2034\" data-end=\"2061\" data-col-size=\"sm\">Taux de rafra\u00eechissement<\/td>\n<td data-start=\"2061\" data-end=\"2075\" data-col-size=\"sm\"><strong data-start=\"2063\" data-end=\"2073\">120 Hz<\/strong><\/td>\n<\/tr>\n<tr data-start=\"2076\" data-end=\"2115\">\n<td data-start=\"2076\" data-end=\"2089\" data-col-size=\"sm\">Processeur<\/td>\n<td data-start=\"2089\" data-end=\"2115\" data-col-size=\"sm\"><strong data-start=\"2091\" data-end=\"2113\">MediaTek Helio G81<\/strong><\/td>\n<\/tr>\n<tr data-start=\"2116\" data-end=\"2156\">\n<td data-start=\"2116\" data-end=\"2122\" data-col-size=\"sm\">RAM<\/td>\n<td data-start=\"2122\" data-end=\"2156\" data-col-size=\"sm\"><strong data-start=\"2124\" data-end=\"2154\">4 Go (+4 Go RAM virtuelle)<\/strong><\/td>\n<\/tr>\n<tr data-start=\"2157\" data-end=\"2203\">\n<td data-start=\"2157\" data-end=\"2168\" data-col-size=\"sm\">Stockage<\/td>\n<td data-start=\"2168\" data-end=\"2203\" data-col-size=\"sm\"><strong data-start=\"2170\" data-end=\"2201\">128 Go (extensible microSD)<\/strong><\/td>\n<\/tr>\n<tr data-start=\"2204\" data-end=\"2247\">\n<td data-start=\"2204\" data-end=\"2221\" data-col-size=\"sm\">Cam\u00e9ra arri\u00e8re<\/td>\n<td data-start=\"2221\" data-end=\"2247\" data-col-size=\"sm\"><strong data-start=\"2223\" data-end=\"2245\">48MP + 0.8MP (FHD)<\/strong><\/td>\n<\/tr>\n<tr data-start=\"2248\" data-end=\"2283\">\n<td data-start=\"2248\" data-end=\"2266\" data-col-size=\"sm\">Cam\u00e9ra frontale<\/td>\n<td data-start=\"2266\" data-end=\"2283\" data-col-size=\"sm\"><strong data-start=\"2268\" data-end=\"2281\">8MP (FHD)<\/strong><\/td>\n<\/tr>\n<tr data-start=\"2284\" data-end=\"2311\">\n<td data-start=\"2284\" data-end=\"2295\" data-col-size=\"sm\">Batterie<\/td>\n<td data-start=\"2295\" data-end=\"2311\" data-col-size=\"sm\"><strong data-start=\"2297\" data-end=\"2309\">5000 mAh<\/strong><\/td>\n<\/tr>\n<tr data-start=\"2312\" data-end=\"2346\">\n<td data-start=\"2312\" data-end=\"2328\" data-col-size=\"sm\">Charge rapide<\/td>\n<td data-start=\"2328\" data-end=\"2346\" data-col-size=\"sm\"><strong data-start=\"2330\" data-end=\"2344\">18W Type-C<\/strong><\/td>\n<\/tr>\n<tr data-start=\"2347\" data-end=\"2374\">\n<td data-start=\"2347\" data-end=\"2353\" data-col-size=\"sm\">SIM<\/td>\n<td data-start=\"2353\" data-end=\"2374\" data-col-size=\"sm\"><strong data-start=\"2355\" data-end=\"2372\">Dual Nano SIM<\/strong><\/td>\n<\/tr>\n<tr data-start=\"2375\" data-end=\"2412\">\n<td data-start=\"2375\" data-end=\"2385\" data-col-size=\"sm\">Syst\u00e8me<\/td>\n<td data-start=\"2385\" data-end=\"2412\" data-col-size=\"sm\"><strong data-start=\"2387\" data-end=\"2410\">Android 14 \/ XOS 14<\/strong><\/td>\n<\/tr>\n<\/tbody>\n<\/table>\n<\/div>\n<\/div>\n<hr data-start=\"2414\" data-end=\"2417\" \/>\n<h1 data-section-id=\"6f7tr2\" data-start=\"2419\" data-end=\"2440\">\ud83d\udce6 Contenu du colis<\/h1>\n<ul data-start=\"2442\" data-end=\"2561\">\n<li data-section-id=\"1y7j3b2\" data-start=\"2442\" data-end=\"2477\">\n<p data-start=\"2444\" data-end=\"2477\">1 \u00d7 <strong data-start=\"2448\" data-end=\"2475\">Infinix Hot 50i (X6531)<\/strong><\/p>\n<\/li>\n<li data-section-id=\"gzkpdf\" data-start=\"2478\" data-end=\"2494\">\n<p data-start=\"2480\" data-end=\"2494\">1 \u00d7 Chargeur<\/p>\n<\/li>\n<li data-section-id=\"1cuiaz2\" data-start=\"2495\" data-end=\"2514\">\n<p data-start=\"2497\" data-end=\"2514\">1 \u00d7 C\u00e2ble USB-C<\/p>\n<\/li>\n<li data-section-id=\"12haphu\" data-start=\"2515\" data-end=\"2532\">\n<p data-start=\"2517\" data-end=\"2532\">1 \u00d7 Outil SIM<\/p>\n<\/li>\n<li data-section-id=\"euolri\" data-start=\"2533\" data-end=\"2561\">\n<p data-start=\"2535\" data-end=\"2561\">1 \u00d7 Manuel d\u2019utilisation<\/p>\n<\/li>\n<\/ul>\n<hr data-start=\"2563\" data-end=\"2566\" \/>\n<p data-start=\"2568\" data-end=\"2735\">\ud83d\udcf1 <strong data-start=\"2571\" data-end=\"2735\">Le Infinix Hot 50i est un smartphone moderne avec \u00e9cran 120 Hz, cam\u00e9ra 48 MP et excellente autonomie, id\u00e9al pour une utilisation fluide et durable au quotidien.<\/strong><\/p>\n<\/div>\n<\/div>\n<\/div>\n<\/div>\n<\/div>\n<\/div>\n<\/article>\n<\/div>\n<\/div>\n<\/div>\n<\/div>\n<p><\/main><\/div>\n<\/div>\n<\/div>\n<\/div>\n<\/div>\n","protected":false},"excerpt":{"rendered":"<p>D\u00e9couvrez le Infinix Hot 50i (X6531), un smartphone nouvelle g\u00e9n\u00e9ration con\u00e7u pour offrir fluidit\u00e9, autonomie et performances solides \u00e0 prix accessible. Son \u00e9cran IPS LCD de 6.7 pouces HD+ avec taux de rafra\u00eechissement 120 Hz garantit une exp\u00e9rience ultra fluide pour les vid\u00e9os, jeux et navigation quotidienne. Propuls\u00e9 par le processeur MediaTek Helio G81 et&hellip;<\/p>\n","protected":false},"featured_media":16744,"comment_status":"open","ping_status":"closed","template":"","meta":[],"product_cat":[84],"product_tag":[],"class_list":{"0":"post-16741","1":"product","2":"type-product","3":"status-publish","4":"has-post-thumbnail","6":"product_brand-infinix","7":"product_cat-infinix","9":"first","10":"instock","11":"sale","12":"shipping-taxable","13":"purchasable","14":"product-type-simple","15":"col-xs-6 col-sm-4","16":"col-md-3 col-lg-3","17":"un-4-cols"},"_links":{"self":[{"href":"https:\/\/www.vazy.market\/index.php\/wp-json\/wp\/v2\/product\/16741","targetHints":{"allow":["GET"]}}],"collection":[{"href":"https:\/\/www.vazy.market\/index.php\/wp-json\/wp\/v2\/product"}],"about":[{"href":"https:\/\/www.vazy.market\/index.php\/wp-json\/wp\/v2\/types\/product"}],"replies":[{"embeddable":true,"href":"https:\/\/www.vazy.market\/index.php\/wp-json\/wp\/v2\/comments?post=16741"}],"wp:featuredmedia":[{"embeddable":true,"href":"https:\/\/www.vazy.market\/index.php\/wp-json\/wp\/v2\/media\/16744"}],"wp:attachment":[{"href":"https:\/\/www.vazy.market\/index.php\/wp-json\/wp\/v2\/media?parent=16741"}],"wp:term":[{"taxonomy":"product_cat","embeddable":true,"href":"https:\/\/www.vazy.market\/index.php\/wp-json\/wp\/v2\/product_cat?post=16741"},{"taxonomy":"product_tag","embeddable":true,"href":"https:\/\/www.vazy.market\/index.php\/wp-json\/wp\/v2\/product_tag?post=16741"}],"curies":[{"name":"wp","href":"https:\/\/api.w.org\/{rel}","templated":true}]}}