{"id":16676,"date":"2026-03-16T21:43:41","date_gmt":"2026-03-16T21:43:41","guid":{"rendered":"https:\/\/www.vazy.market\/?post_type=product&#038;p=16676"},"modified":"2026-03-25T09:37:21","modified_gmt":"2026-03-25T09:37:21","slug":"tecno-camon-20-4g-6-67-256go8go-64mp2mpai-fhd32mp-fhd-dual-nano-sim-5000mah","status":"publish","type":"product","link":"https:\/\/www.vazy.market\/index.php\/product\/tecno-camon-20-4g-6-67-256go8go-64mp2mpai-fhd32mp-fhd-dual-nano-sim-5000mah\/","title":{"rendered":"\ud83d\udcf1 TECNO CAMON 20 4G &#8211; 6.67&Prime; &#8211; 256Go|8Go &#8211; 64MP+2MP+AI FHD|32MP FHD &#8211; Dual Nano SIM &#8211; 5000mAh"},"content":{"rendered":"<div class=\"flex h-svh w-screen flex-col\">\n<div class=\"relative z-0 flex min-h-0 w-full flex-1\">\n<div class=\"relative flex min-h-0 w-full flex-1\">\n<div class=\"@container\/main relative flex min-w-0 flex-1 flex-col -translate-y-[calc(env(safe-area-inset-bottom,0px)\/2)] pt-[calc(env(safe-area-inset-bottom,0px)\/2)]\">\n<div class=\"@w-sm\/main:[scrollbar-gutter:stable_both-edges] touch:[scrollbar-width:none] relative flex min-h-0 min-w-0 flex-1 flex-col [scrollbar-gutter:stable] not-print:overflow-x-clip not-print:overflow-y-auto scroll-pt-(--header-height) [--sticky-padding-top:var(--header-height)] has-data-[fixed-header=less-than-xl]:@w-xl\/main:scroll-pt-0 has-data-[fixed-header=less-than-xl]:@w-xl\/main:[--sticky-padding-top:0px] has-data-[fixed-header=less-than-xxl]:@w-2xl\/main:scroll-pt-0 has-data-[fixed-header=less-than-xxl]:@w-2xl\/main:[--sticky-padding-top:0px]\" data-scroll-root=\"\"><main id=\"main\" class=\"min-h-0 flex-1\"><\/p>\n<div id=\"thread\" class=\"group\/thread flex flex-col min-h-full\">\n<div class=\"composer-parent flex flex-1 flex-col focus-visible:outline-0\" role=\"presentation\">\n<div class=\"relative basis-auto flex-col -mb-(--composer-overlap-px) [--composer-overlap-px:28px] grow flex\">\n<div class=\"flex flex-col text-sm pb-25\">\n<article class=\"text-token-text-primary w-full focus:outline-none [--shadow-height:45px] has-data-writing-block:pointer-events-none has-data-writing-block:-mt-(--shadow-height) has-data-writing-block:pt-(--shadow-height) [&amp;:has([data-writing-block])&gt;*]:pointer-events-auto scroll-mt-[calc(var(--header-height)+min(200px,max(70px,20svh)))]\" dir=\"auto\" tabindex=\"-1\" data-turn-id=\"request-69add934-1d50-8332-91d7-d97a2ee2331f-17\" data-testid=\"conversation-turn-216\" data-scroll-anchor=\"true\" data-turn=\"assistant\">\n<div class=\"text-base my-auto mx-auto pb-10 [--thread-content-margin:var(--thread-content-margin-xs,calc(var(--spacing)*4))] @w-sm\/main:[--thread-content-margin:var(--thread-content-margin-sm,calc(var(--spacing)*6))] @w-lg\/main:[--thread-content-margin:var(--thread-content-margin-lg,calc(var(--spacing)*16))] px-(--thread-content-margin)\">\n<div class=\"[--thread-content-max-width:40rem] @w-lg\/main:[--thread-content-max-width:48rem] mx-auto max-w-(--thread-content-max-width) flex-1 group\/turn-messages focus-visible:outline-hidden relative flex w-full min-w-0 flex-col agent-turn\" tabindex=\"-1\">\n<div class=\"flex max-w-full flex-col gap-4 grow\">\n<div class=\"min-h-8 text-message relative flex w-full flex-col items-end gap-2 text-start break-words whitespace-normal [.text-message+&amp;]:mt-1\" dir=\"auto\" data-message-author-role=\"assistant\" data-message-id=\"eab4f4e4-ef69-4bf4-bdce-b9b6e477fb6f\" data-message-model-slug=\"gpt-5-3\">\n<div class=\"flex w-full flex-col gap-1 empty:hidden\">\n<div class=\"streaming-animation markdown prose dark:prose-invert w-full wrap-break-word light markdown-new-styling\">\n<p data-start=\"102\" data-end=\"451\">D\u00e9couvrez le <strong data-start=\"115\" data-end=\"133\">Tecno Camon 20<\/strong>, un smartphone \u00e9l\u00e9gant con\u00e7u pour offrir <strong data-start=\"175\" data-end=\"246\">photographie avanc\u00e9e, \u00e9cran AMOLED immersif et performances fiables<\/strong>. Son <strong data-start=\"252\" data-end=\"292\">\u00e9cran AMOLED de 6.67 pouces Full HD+<\/strong> offre des couleurs vives et une excellente qualit\u00e9 d\u2019affichage pour les vid\u00e9os, les jeux et la navigation quotidienne.<\/p>\n<p data-start=\"453\" data-end=\"759\">Propuls\u00e9 par le <strong data-start=\"469\" data-end=\"517\">processeur MediaTek Helio G85 et 8 Go de RAM<\/strong>, ce smartphone garantit une utilisation fluide pour les applications, le multit\u00e2che et les r\u00e9seaux sociaux. Son <strong data-start=\"630\" data-end=\"660\">stockage interne de 256 Go<\/strong> permet de conserver facilement photos, vid\u00e9os et fichiers.<\/p>\n<p data-start=\"761\" data-end=\"1019\">Le <strong data-start=\"764\" data-end=\"824\">syst\u00e8me de cam\u00e9ra triple avec capteur principal de 64 MP<\/strong> capture des photos d\u00e9taill\u00e9es et lumineuses, tandis que la <strong data-start=\"884\" data-end=\"930\">cam\u00e9ra frontale de 32 MP avec double flash<\/strong> est id\u00e9ale pour les selfies et les appels vid\u00e9o.<\/p>\n<p data-start=\"1021\" data-end=\"1186\">Gr\u00e2ce \u00e0 sa <strong data-start=\"1032\" data-end=\"1079\">batterie de 5000 mAh avec charge rapide 33W<\/strong>, le Camon 20 offre une excellente autonomie pour toute la journ\u00e9e.<\/p>\n<hr data-start=\"1188\" data-end=\"1191\" \/>\n<h1 data-section-id=\"gug16d\" data-start=\"1193\" data-end=\"1209\">\u2b50 Points forts<\/h1>\n<p data-start=\"1211\" data-end=\"1525\">\u2714 \ud83d\udcf1 <strong data-start=\"1216\" data-end=\"1252\">\u00c9cran AMOLED 6.67&Prime; FHD+ immersif<\/strong><br data-start=\"1252\" data-end=\"1255\" \/>\u2714 \ud83d\udcf8 <strong data-start=\"1260\" data-end=\"1303\">Cam\u00e9ra principale 64 MP avec Ring Flash<\/strong><br data-start=\"1303\" data-end=\"1306\" \/>\u2714 \ud83e\udd33 <strong data-start=\"1311\" data-end=\"1352\">Cam\u00e9ra selfie 32 MP avec double flash<\/strong><br data-start=\"1352\" data-end=\"1355\" \/>\u2714 \u26a1 <strong data-start=\"1359\" data-end=\"1402\">Processeur MediaTek Helio G85 Octa-Core<\/strong><br data-start=\"1402\" data-end=\"1405\" \/>\u2714 \ud83d\udd0b <strong data-start=\"1410\" data-end=\"1444\">Batterie longue dur\u00e9e 5000 mAh<\/strong><br data-start=\"1444\" data-end=\"1447\" \/>\u2714 \u26a1 <strong data-start=\"1451\" data-end=\"1472\">Charge rapide 33W<\/strong><br data-start=\"1472\" data-end=\"1475\" \/>\u2714 \ud83d\udd10 <strong data-start=\"1480\" data-end=\"1525\">Capteur d\u2019empreinte digitale sous l\u2019\u00e9cran<\/strong><\/p>\n<hr data-start=\"1527\" data-end=\"1530\" \/>\n<h1 data-section-id=\"ys7y0m\" data-start=\"1532\" data-end=\"1543\">\ud83d\udcf8 Cam\u00e9ra<\/h1>\n<ul data-start=\"1545\" data-end=\"1745\">\n<li data-section-id=\"14zj6ud\" data-start=\"1545\" data-end=\"1581\">\n<p data-start=\"1547\" data-end=\"1581\">\ud83d\udcf7 <strong data-start=\"1550\" data-end=\"1579\">Cam\u00e9ra principale : 64 MP<\/strong><\/p>\n<\/li>\n<li data-section-id=\"1nia8kp\" data-start=\"1582\" data-end=\"1618\">\n<p data-start=\"1584\" data-end=\"1618\">\ud83d\udce1 <strong data-start=\"1587\" data-end=\"1616\">Capteur profondeur : 2 MP<\/strong><\/p>\n<\/li>\n<li data-section-id=\"mcn8pg\" data-start=\"1619\" data-end=\"1640\">\n<p data-start=\"1621\" data-end=\"1640\">\ud83d\udd0d <strong data-start=\"1624\" data-end=\"1638\">Capteur AI<\/strong><\/p>\n<\/li>\n<li data-section-id=\"18ttxxb\" data-start=\"1641\" data-end=\"1675\">\n<p data-start=\"1643\" data-end=\"1675\">\ud83e\udd33 <strong data-start=\"1646\" data-end=\"1673\">Cam\u00e9ra frontale : 32 MP<\/strong><\/p>\n<\/li>\n<li data-section-id=\"1ejs6mc\" data-start=\"1676\" data-end=\"1745\">\n<p data-start=\"1678\" data-end=\"1745\">\ud83c\udfa5 <strong data-start=\"1681\" data-end=\"1705\">Vid\u00e9o : Full HD \/ 4K<\/strong><\/p>\n<\/li>\n<\/ul>\n<hr data-start=\"1747\" data-end=\"1750\" \/>\n<h1 data-section-id=\"1gx1fos\" data-start=\"1752\" data-end=\"1772\">\ud83d\udcca Fiche Technique<\/h1>\n<div class=\"TyagGW_tableContainer\">\n<div class=\"group TyagGW_tableWrapper flex flex-col-reverse w-fit\" tabindex=\"-1\">\n<table class=\"w-fit min-w-(--thread-content-width)\" data-start=\"1774\" data-end=\"2241\">\n<thead data-start=\"1774\" data-end=\"1803\">\n<tr data-start=\"1774\" data-end=\"1803\">\n<th class=\"\" data-start=\"1774\" data-end=\"1792\" data-col-size=\"sm\">Caract\u00e9ristique<\/th>\n<th class=\"\" data-start=\"1792\" data-end=\"1803\" data-col-size=\"sm\">D\u00e9tails<\/th>\n<\/tr>\n<\/thead>\n<tbody data-start=\"1814\" data-end=\"2241\">\n<tr data-start=\"1814\" data-end=\"1832\">\n<td data-start=\"1814\" data-end=\"1823\" data-col-size=\"sm\">Marque<\/td>\n<td data-start=\"1823\" data-end=\"1832\" data-col-size=\"sm\">Tecno<\/td>\n<\/tr>\n<tr data-start=\"1833\" data-end=\"1858\">\n<td data-start=\"1833\" data-end=\"1842\" data-col-size=\"sm\">Mod\u00e8le<\/td>\n<td data-start=\"1842\" data-end=\"1858\" data-col-size=\"sm\"><strong data-start=\"1844\" data-end=\"1856\">Camon 20<\/strong><\/td>\n<\/tr>\n<tr data-start=\"1859\" data-end=\"1878\">\n<td data-start=\"1859\" data-end=\"1868\" data-col-size=\"sm\">R\u00e9seau<\/td>\n<td data-start=\"1868\" data-end=\"1878\" data-col-size=\"sm\">4G LTE<\/td>\n<\/tr>\n<tr data-start=\"1879\" data-end=\"1913\">\n<td data-start=\"1879\" data-end=\"1887\" data-col-size=\"sm\">\u00c9cran<\/td>\n<td data-start=\"1887\" data-end=\"1913\" data-col-size=\"sm\"><strong data-start=\"1889\" data-end=\"1911\">6.67 pouces AMOLED<\/strong><\/td>\n<\/tr>\n<tr data-start=\"1914\" data-end=\"1949\">\n<td data-start=\"1914\" data-end=\"1927\" data-col-size=\"sm\">R\u00e9solution<\/td>\n<td data-start=\"1927\" data-end=\"1949\" data-col-size=\"sm\">1080 \u00d7 2400 (FHD+)<\/td>\n<\/tr>\n<tr data-start=\"1950\" data-end=\"1989\">\n<td data-start=\"1950\" data-end=\"1963\" data-col-size=\"sm\">Processeur<\/td>\n<td data-start=\"1963\" data-end=\"1989\" data-col-size=\"sm\"><strong data-start=\"1965\" data-end=\"1987\">MediaTek Helio G85<\/strong><\/td>\n<\/tr>\n<tr data-start=\"1990\" data-end=\"2008\">\n<td data-start=\"1990\" data-end=\"1996\" data-col-size=\"sm\">RAM<\/td>\n<td data-start=\"1996\" data-end=\"2008\" data-col-size=\"sm\"><strong data-start=\"1998\" data-end=\"2006\">8 Go<\/strong><\/td>\n<\/tr>\n<tr data-start=\"2009\" data-end=\"2034\">\n<td data-start=\"2009\" data-end=\"2020\" data-col-size=\"sm\">Stockage<\/td>\n<td data-start=\"2020\" data-end=\"2034\" data-col-size=\"sm\"><strong data-start=\"2022\" data-end=\"2032\">256 Go<\/strong><\/td>\n<\/tr>\n<tr data-start=\"2035\" data-end=\"2081\">\n<td data-start=\"2035\" data-end=\"2052\" data-col-size=\"sm\">Cam\u00e9ra arri\u00e8re<\/td>\n<td data-start=\"2052\" data-end=\"2081\" data-col-size=\"sm\"><strong data-start=\"2054\" data-end=\"2079\">64MP + 2MP + AI (FHD)<\/strong><\/td>\n<\/tr>\n<tr data-start=\"2082\" data-end=\"2118\">\n<td data-start=\"2082\" data-end=\"2100\" data-col-size=\"sm\">Cam\u00e9ra frontale<\/td>\n<td data-start=\"2100\" data-end=\"2118\" data-col-size=\"sm\"><strong data-start=\"2102\" data-end=\"2116\">32MP (FHD)<\/strong><\/td>\n<\/tr>\n<tr data-start=\"2119\" data-end=\"2146\">\n<td data-start=\"2119\" data-end=\"2130\" data-col-size=\"sm\">Batterie<\/td>\n<td data-start=\"2130\" data-end=\"2146\" data-col-size=\"sm\"><strong data-start=\"2132\" data-end=\"2144\">5000 mAh<\/strong><\/td>\n<\/tr>\n<tr data-start=\"2147\" data-end=\"2174\">\n<td data-start=\"2147\" data-end=\"2163\" data-col-size=\"sm\">Charge rapide<\/td>\n<td data-start=\"2163\" data-end=\"2174\" data-col-size=\"sm\"><strong data-start=\"2165\" data-end=\"2172\">33W<\/strong><\/td>\n<\/tr>\n<tr data-start=\"2175\" data-end=\"2202\">\n<td data-start=\"2175\" data-end=\"2181\" data-col-size=\"sm\">SIM<\/td>\n<td data-start=\"2181\" data-end=\"2202\" data-col-size=\"sm\"><strong data-start=\"2183\" data-end=\"2200\">Dual Nano SIM<\/strong><\/td>\n<\/tr>\n<tr data-start=\"2203\" data-end=\"2241\">\n<td data-start=\"2203\" data-end=\"2213\" data-col-size=\"sm\">Syst\u00e8me<\/td>\n<td data-start=\"2213\" data-end=\"2241\" data-col-size=\"sm\"><strong data-start=\"2215\" data-end=\"2239\">Android 13 \/ HiOS 13<\/strong><\/td>\n<\/tr>\n<\/tbody>\n<\/table>\n<\/div>\n<\/div>\n<hr data-start=\"2243\" data-end=\"2246\" \/>\n<h1 data-section-id=\"6f7tr2\" data-start=\"2248\" data-end=\"2269\">\ud83d\udce6 Contenu du colis<\/h1>\n<ul data-start=\"2271\" data-end=\"2416\">\n<li data-section-id=\"s5qm35\" data-start=\"2271\" data-end=\"2297\">\n<p data-start=\"2273\" data-end=\"2297\">1 \u00d7 <strong data-start=\"2277\" data-end=\"2295\">Tecno Camon 20<\/strong><\/p>\n<\/li>\n<li data-section-id=\"1laildk\" data-start=\"2298\" data-end=\"2321\">\n<p data-start=\"2300\" data-end=\"2321\">1 \u00d7 Chargeur rapide<\/p>\n<\/li>\n<li data-section-id=\"1cuiaz2\" data-start=\"2322\" data-end=\"2341\">\n<p data-start=\"2324\" data-end=\"2341\">1 \u00d7 C\u00e2ble USB-C<\/p>\n<\/li>\n<li data-section-id=\"kvuwap\" data-start=\"2342\" data-end=\"2369\">\n<p data-start=\"2344\" data-end=\"2369\">1 \u00d7 Coque de protection<\/p>\n<\/li>\n<li data-section-id=\"12haphu\" data-start=\"2370\" data-end=\"2387\">\n<p data-start=\"2372\" data-end=\"2387\">1 \u00d7 Outil SIM<\/p>\n<\/li>\n<li data-section-id=\"euolri\" data-start=\"2388\" data-end=\"2416\">\n<p data-start=\"2390\" data-end=\"2416\">1 \u00d7 Manuel d\u2019utilisation<\/p>\n<\/li>\n<\/ul>\n<hr data-start=\"2418\" data-end=\"2421\" \/>\n<p data-start=\"2423\" data-end=\"2555\">\ud83d\udcf1 <strong data-start=\"2426\" data-end=\"2555\">Le Tecno Camon 20 combine design premium, cam\u00e9ra 64 MP et \u00e9cran AMOLED pour une exp\u00e9rience smartphone moderne et performante.<\/strong><\/p>\n<\/div>\n<\/div>\n<\/div>\n<\/div>\n<\/div>\n<\/div>\n<\/article>\n<\/div>\n<\/div>\n<\/div>\n<\/div>\n<p><\/main><\/div>\n<\/div>\n<\/div>\n<\/div>\n<\/div>\n","protected":false},"excerpt":{"rendered":"<p>D\u00e9couvrez le Tecno Camon 20, un smartphone \u00e9l\u00e9gant con\u00e7u pour offrir photographie avanc\u00e9e, \u00e9cran AMOLED immersif et performances fiables. Son \u00e9cran AMOLED de 6.67 pouces Full HD+ offre des couleurs vives et une excellente qualit\u00e9 d\u2019affichage pour les vid\u00e9os, les jeux et la navigation quotidienne. Propuls\u00e9 par le processeur MediaTek Helio G85 et 8 Go&hellip;<\/p>\n","protected":false},"featured_media":16678,"comment_status":"open","ping_status":"closed","template":"","meta":[],"product_cat":[85],"product_tag":[],"class_list":{"0":"post-16676","1":"product","2":"type-product","3":"status-publish","4":"has-post-thumbnail","6":"product_brand-tecno","7":"product_cat-tecno","9":"first","10":"instock","11":"sale","12":"shipping-taxable","13":"purchasable","14":"product-type-simple","15":"col-xs-6 col-sm-4","16":"col-md-3 col-lg-3","17":"un-4-cols"},"_links":{"self":[{"href":"https:\/\/www.vazy.market\/index.php\/wp-json\/wp\/v2\/product\/16676","targetHints":{"allow":["GET"]}}],"collection":[{"href":"https:\/\/www.vazy.market\/index.php\/wp-json\/wp\/v2\/product"}],"about":[{"href":"https:\/\/www.vazy.market\/index.php\/wp-json\/wp\/v2\/types\/product"}],"replies":[{"embeddable":true,"href":"https:\/\/www.vazy.market\/index.php\/wp-json\/wp\/v2\/comments?post=16676"}],"wp:featuredmedia":[{"embeddable":true,"href":"https:\/\/www.vazy.market\/index.php\/wp-json\/wp\/v2\/media\/16678"}],"wp:attachment":[{"href":"https:\/\/www.vazy.market\/index.php\/wp-json\/wp\/v2\/media?parent=16676"}],"wp:term":[{"taxonomy":"product_cat","embeddable":true,"href":"https:\/\/www.vazy.market\/index.php\/wp-json\/wp\/v2\/product_cat?post=16676"},{"taxonomy":"product_tag","embeddable":true,"href":"https:\/\/www.vazy.market\/index.php\/wp-json\/wp\/v2\/product_tag?post=16676"}],"curies":[{"name":"wp","href":"https:\/\/api.w.org\/{rel}","templated":true}]}}