{"id":16591,"date":"2026-03-16T14:07:31","date_gmt":"2026-03-16T14:07:31","guid":{"rendered":"https:\/\/www.vazy.market\/?post_type=product&#038;p=16591"},"modified":"2026-03-25T09:42:05","modified_gmt":"2026-03-25T09:42:05","slug":"xiaomi-redmi-note-14-5g-6-67-256go8go-8go-ram-virtuelle-50mp8mp2mp-fhd20mp-fhd-dual-nano-sim-5110mah","status":"publish","type":"product","link":"https:\/\/www.vazy.market\/index.php\/product\/xiaomi-redmi-note-14-5g-6-67-256go8go-8go-ram-virtuelle-50mp8mp2mp-fhd20mp-fhd-dual-nano-sim-5110mah\/","title":{"rendered":"\ud83d\udcf1 XIAOMI REDMI NOTE 14 5G &#8211; 6.67&Prime; &#8211; 256Go|8Go (+8Go RAM virtuelle) &#8211; 50MP+8MP+2MP FHD|20MP FHD &#8211; Dual Nano SIM &#8211; 5110mAh"},"content":{"rendered":"<div class=\"flex h-svh w-screen flex-col\">\n<div class=\"relative z-0 flex min-h-0 w-full flex-1\">\n<div class=\"relative flex min-h-0 w-full flex-1\">\n<div class=\"@container\/main relative flex min-w-0 flex-1 flex-col -translate-y-[calc(env(safe-area-inset-bottom,0px)\/2)] pt-[calc(env(safe-area-inset-bottom,0px)\/2)]\">\n<div class=\"@w-sm\/main:[scrollbar-gutter:stable_both-edges] touch:[scrollbar-width:none] relative flex min-h-0 min-w-0 flex-1 flex-col [scrollbar-gutter:stable] not-print:overflow-x-clip not-print:overflow-y-auto scroll-pt-(--header-height) [--sticky-padding-top:var(--header-height)] has-data-[fixed-header=less-than-xl]:@w-xl\/main:scroll-pt-0 has-data-[fixed-header=less-than-xl]:@w-xl\/main:[--sticky-padding-top:0px] has-data-[fixed-header=less-than-xxl]:@w-2xl\/main:scroll-pt-0 has-data-[fixed-header=less-than-xxl]:@w-2xl\/main:[--sticky-padding-top:0px]\" data-scroll-root=\"\"><main id=\"main\" class=\"min-h-0 flex-1\"><\/p>\n<div id=\"thread\" class=\"group\/thread flex flex-col min-h-full\">\n<div class=\"composer-parent flex flex-1 flex-col focus-visible:outline-0\" role=\"presentation\">\n<div class=\"relative basis-auto flex-col -mb-(--composer-overlap-px) [--composer-overlap-px:28px] grow flex\">\n<div class=\"flex flex-col text-sm pb-25\">\n<article class=\"text-token-text-primary w-full focus:outline-none [--shadow-height:45px] has-data-writing-block:pointer-events-none has-data-writing-block:-mt-(--shadow-height) has-data-writing-block:pt-(--shadow-height) [&amp;:has([data-writing-block])&gt;*]:pointer-events-auto scroll-mt-[calc(var(--header-height)+min(200px,max(70px,20svh)))]\" dir=\"auto\" tabindex=\"-1\" data-turn-id=\"request-69add934-1d50-8332-91d7-d97a2ee2331f-3\" data-testid=\"conversation-turn-176\" data-scroll-anchor=\"true\" data-turn=\"assistant\">\n<div class=\"text-base my-auto mx-auto pb-10 [--thread-content-margin:var(--thread-content-margin-xs,calc(var(--spacing)*4))] @w-sm\/main:[--thread-content-margin:var(--thread-content-margin-sm,calc(var(--spacing)*6))] @w-lg\/main:[--thread-content-margin:var(--thread-content-margin-lg,calc(var(--spacing)*16))] px-(--thread-content-margin)\">\n<div class=\"[--thread-content-max-width:40rem] @w-lg\/main:[--thread-content-max-width:48rem] mx-auto max-w-(--thread-content-max-width) flex-1 group\/turn-messages focus-visible:outline-hidden relative flex w-full min-w-0 flex-col agent-turn\" tabindex=\"-1\">\n<div class=\"flex max-w-full flex-col gap-4 grow\">\n<div class=\"min-h-8 text-message relative flex w-full flex-col items-end gap-2 text-start break-words whitespace-normal [.text-message+&amp;]:mt-1\" dir=\"auto\" data-message-author-role=\"assistant\" data-message-id=\"972d7f21-5a86-49be-9116-068a46fcc039\" data-message-model-slug=\"gpt-5-3\">\n<div class=\"flex w-full flex-col gap-1 empty:hidden\">\n<div class=\"streaming-animation markdown prose dark:prose-invert w-full wrap-break-word light markdown-new-styling\">\n<p data-start=\"130\" data-end=\"515\">D\u00e9couvrez le <strong data-start=\"143\" data-end=\"170\">Xiaomi Redmi Note 14 5G<\/strong>, un smartphone moderne con\u00e7u pour offrir <strong data-start=\"212\" data-end=\"290\">un \u00e9cran AMOLED fluide, de bonnes performances et une excellente autonomie<\/strong>. Son <strong data-start=\"296\" data-end=\"364\">\u00e9cran AMOLED de 6.67 pouces avec taux de rafra\u00eechissement 120 Hz<\/strong> garantit une navigation fluide et une excellente qualit\u00e9 d\u2019affichage pour les vid\u00e9os, jeux et r\u00e9seaux sociaux.<\/p>\n<p data-start=\"517\" data-end=\"769\">\u00c9quip\u00e9 du <strong data-start=\"527\" data-end=\"621\">processeur MediaTek Dimensity 7025-Ultra et de 8 Go de RAM (extensible avec RAM virtuelle)<\/strong>, ce smartphone assure une utilisation rapide et fluide pour le multit\u00e2che et les applications du quotidien.<\/p>\n<p data-start=\"771\" data-end=\"1104\">Son <strong data-start=\"775\" data-end=\"835\">syst\u00e8me de triple cam\u00e9ra avec capteur principal de 50 MP<\/strong>, accompagn\u00e9 d\u2019un ultra grand-angle et d\u2019un capteur macro, permet de capturer des photos d\u00e9taill\u00e9es et des vid\u00e9os en Full HD. La <strong data-start=\"964\" data-end=\"1011\">batterie de 5110 mAh avec charge rapide 45W<\/strong> garantit une autonomie solide pour toute la journ\u00e9e.<\/p>\n<hr data-start=\"1106\" data-end=\"1109\" \/>\n<h1 data-section-id=\"gug16d\" data-start=\"1111\" data-end=\"1127\">\u2b50 Points forts<\/h1>\n<p data-start=\"1129\" data-end=\"1453\">\u2714 \ud83d\udcf1 <strong data-start=\"1134\" data-end=\"1180\">\u00c9cran AMOLED 6.67&Prime; FHD+ 120Hz ultra fluide<\/strong><br data-start=\"1180\" data-end=\"1183\" \/>\u2714 \ud83d\udcf8 <strong data-start=\"1188\" data-end=\"1223\">Cam\u00e9ra principale 50 MP avec IA<\/strong><br data-start=\"1223\" data-end=\"1226\" \/>\u2714 \u26a1 <strong data-start=\"1230\" data-end=\"1285\">Processeur MediaTek Dimensity 7025-Ultra performant<\/strong><br data-start=\"1285\" data-end=\"1288\" \/>\u2714 \ud83d\udd0b <strong data-start=\"1293\" data-end=\"1327\">Batterie longue dur\u00e9e 5110 mAh<\/strong><br data-start=\"1327\" data-end=\"1330\" \/>\u2714 \u26a1 <strong data-start=\"1334\" data-end=\"1355\">Charge rapide 45W<\/strong><br data-start=\"1355\" data-end=\"1358\" \/>\u2714 \ud83d\udcf6 <strong data-start=\"1363\" data-end=\"1400\">Compatible r\u00e9seau 5G ultra rapide<\/strong><br data-start=\"1400\" data-end=\"1403\" \/>\u2714 \ud83d\udd10 <strong data-start=\"1408\" data-end=\"1453\">Capteur d\u2019empreinte digitale sous l\u2019\u00e9cran<\/strong><\/p>\n<hr data-start=\"1455\" data-end=\"1458\" \/>\n<h1 data-section-id=\"ys7y0m\" data-start=\"1460\" data-end=\"1471\">\ud83d\udcf8 Cam\u00e9ra<\/h1>\n<ul data-start=\"1473\" data-end=\"1675\">\n<li data-section-id=\"m42rc2\" data-start=\"1473\" data-end=\"1509\">\n<p data-start=\"1475\" data-end=\"1509\">\ud83d\udcf7 <strong data-start=\"1478\" data-end=\"1507\">Cam\u00e9ra principale : 50 MP<\/strong><\/p>\n<\/li>\n<li data-section-id=\"v19b3e\" data-start=\"1510\" data-end=\"1545\">\n<p data-start=\"1512\" data-end=\"1545\">\ud83c\udf0d <strong data-start=\"1515\" data-end=\"1543\">Ultra grand-angle : 8 MP<\/strong><\/p>\n<\/li>\n<li data-section-id=\"i14hhb\" data-start=\"1546\" data-end=\"1569\">\n<p data-start=\"1548\" data-end=\"1569\">\ud83d\udd0d <strong data-start=\"1551\" data-end=\"1567\">Macro : 2 MP<\/strong><\/p>\n<\/li>\n<li data-section-id=\"dortx8\" data-start=\"1570\" data-end=\"1604\">\n<p data-start=\"1572\" data-end=\"1604\">\ud83e\udd33 <strong data-start=\"1575\" data-end=\"1602\">Cam\u00e9ra frontale : 20 MP<\/strong><\/p>\n<\/li>\n<li data-section-id=\"1x3f48d\" data-start=\"1605\" data-end=\"1675\">\n<p data-start=\"1607\" data-end=\"1675\">\ud83c\udfa5 <strong data-start=\"1610\" data-end=\"1635\">Vid\u00e9o : Full HD 1080p<\/strong><\/p>\n<\/li>\n<\/ul>\n<hr data-start=\"1677\" data-end=\"1680\" \/>\n<h1 data-section-id=\"1gx1fos\" data-start=\"1682\" data-end=\"1702\">\ud83d\udcca Fiche Technique<\/h1>\n<div class=\"TyagGW_tableContainer\">\n<div class=\"group TyagGW_tableWrapper flex flex-col-reverse w-fit\" tabindex=\"-1\">\n<table class=\"w-fit min-w-(--thread-content-width)\" data-start=\"1704\" data-end=\"2255\">\n<thead data-start=\"1704\" data-end=\"1733\">\n<tr data-start=\"1704\" data-end=\"1733\">\n<th class=\"\" data-start=\"1704\" data-end=\"1722\" data-col-size=\"sm\">Caract\u00e9ristique<\/th>\n<th class=\"\" data-start=\"1722\" data-end=\"1733\" data-col-size=\"sm\">D\u00e9tails<\/th>\n<\/tr>\n<\/thead>\n<tbody data-start=\"1744\" data-end=\"2255\">\n<tr data-start=\"1744\" data-end=\"1763\">\n<td data-start=\"1744\" data-end=\"1753\" data-col-size=\"sm\">Marque<\/td>\n<td data-start=\"1753\" data-end=\"1763\" data-col-size=\"sm\">Xiaomi<\/td>\n<\/tr>\n<tr data-start=\"1764\" data-end=\"1797\">\n<td data-start=\"1764\" data-end=\"1773\" data-col-size=\"sm\">Mod\u00e8le<\/td>\n<td data-start=\"1773\" data-end=\"1797\" data-col-size=\"sm\"><strong data-start=\"1775\" data-end=\"1795\">Redmi Note 14 5G<\/strong><\/td>\n<\/tr>\n<tr data-start=\"1798\" data-end=\"1813\">\n<td data-start=\"1798\" data-end=\"1807\" data-col-size=\"sm\">R\u00e9seau<\/td>\n<td data-start=\"1807\" data-end=\"1813\" data-col-size=\"sm\">5G<\/td>\n<\/tr>\n<tr data-start=\"1814\" data-end=\"1848\">\n<td data-start=\"1814\" data-end=\"1822\" data-col-size=\"sm\">\u00c9cran<\/td>\n<td data-start=\"1822\" data-end=\"1848\" data-col-size=\"sm\"><strong data-start=\"1824\" data-end=\"1846\">6.67 pouces AMOLED<\/strong><\/td>\n<\/tr>\n<tr data-start=\"1849\" data-end=\"1884\">\n<td data-start=\"1849\" data-end=\"1862\" data-col-size=\"sm\">R\u00e9solution<\/td>\n<td data-start=\"1862\" data-end=\"1884\" data-col-size=\"sm\">2400 \u00d7 1080 (FHD+)<\/td>\n<\/tr>\n<tr data-start=\"1885\" data-end=\"1926\">\n<td data-start=\"1885\" data-end=\"1912\" data-col-size=\"sm\">Taux de rafra\u00eechissement<\/td>\n<td data-start=\"1912\" data-end=\"1926\" data-col-size=\"sm\"><strong data-start=\"1914\" data-end=\"1924\">120 Hz<\/strong><\/td>\n<\/tr>\n<tr data-start=\"1927\" data-end=\"1977\">\n<td data-start=\"1927\" data-end=\"1940\" data-col-size=\"sm\">Processeur<\/td>\n<td data-start=\"1940\" data-end=\"1977\" data-col-size=\"sm\">MediaTek <strong data-start=\"1951\" data-end=\"1975\">Dimensity 7025-Ultra<\/strong><\/td>\n<\/tr>\n<tr data-start=\"1978\" data-end=\"2018\">\n<td data-start=\"1978\" data-end=\"1984\" data-col-size=\"sm\">RAM<\/td>\n<td data-start=\"1984\" data-end=\"2018\" data-col-size=\"sm\"><strong data-start=\"1986\" data-end=\"2016\">8 Go (+8 Go RAM virtuelle)<\/strong><\/td>\n<\/tr>\n<tr data-start=\"2019\" data-end=\"2044\">\n<td data-start=\"2019\" data-end=\"2030\" data-col-size=\"sm\">Stockage<\/td>\n<td data-start=\"2030\" data-end=\"2044\" data-col-size=\"sm\"><strong data-start=\"2032\" data-end=\"2042\">256 Go<\/strong><\/td>\n<\/tr>\n<tr data-start=\"2045\" data-end=\"2092\">\n<td data-start=\"2045\" data-end=\"2062\" data-col-size=\"sm\">Cam\u00e9ra arri\u00e8re<\/td>\n<td data-start=\"2062\" data-end=\"2092\" data-col-size=\"sm\"><strong data-start=\"2064\" data-end=\"2090\">50MP + 8MP + 2MP (FHD)<\/strong><\/td>\n<\/tr>\n<tr data-start=\"2093\" data-end=\"2129\">\n<td data-start=\"2093\" data-end=\"2111\" data-col-size=\"sm\">Cam\u00e9ra frontale<\/td>\n<td data-start=\"2111\" data-end=\"2129\" data-col-size=\"sm\"><strong data-start=\"2113\" data-end=\"2127\">20MP (FHD)<\/strong><\/td>\n<\/tr>\n<tr data-start=\"2130\" data-end=\"2157\">\n<td data-start=\"2130\" data-end=\"2141\" data-col-size=\"sm\">Batterie<\/td>\n<td data-start=\"2141\" data-end=\"2157\" data-col-size=\"sm\"><strong data-start=\"2143\" data-end=\"2155\">5110 mAh<\/strong><\/td>\n<\/tr>\n<tr data-start=\"2158\" data-end=\"2185\">\n<td data-start=\"2158\" data-end=\"2174\" data-col-size=\"sm\">Charge rapide<\/td>\n<td data-start=\"2174\" data-end=\"2185\" data-col-size=\"sm\"><strong data-start=\"2176\" data-end=\"2183\">45W<\/strong><\/td>\n<\/tr>\n<tr data-start=\"2186\" data-end=\"2213\">\n<td data-start=\"2186\" data-end=\"2192\" data-col-size=\"sm\">SIM<\/td>\n<td data-start=\"2192\" data-end=\"2213\" data-col-size=\"sm\"><strong data-start=\"2194\" data-end=\"2211\">Dual Nano SIM<\/strong><\/td>\n<\/tr>\n<tr data-start=\"2214\" data-end=\"2255\">\n<td data-start=\"2214\" data-end=\"2224\" data-col-size=\"sm\">Syst\u00e8me<\/td>\n<td data-start=\"2224\" data-end=\"2255\" data-col-size=\"sm\">Android 14 \/ Xiaomi HyperOS<\/td>\n<\/tr>\n<\/tbody>\n<\/table>\n<\/div>\n<\/div>\n<hr data-start=\"2257\" data-end=\"2260\" \/>\n<h1 data-section-id=\"6f7tr2\" data-start=\"2262\" data-end=\"2283\">\ud83d\udce6 Contenu du colis<\/h1>\n<ul data-start=\"2285\" data-end=\"2439\">\n<li data-section-id=\"1g91q6d\" data-start=\"2285\" data-end=\"2320\">\n<p data-start=\"2287\" data-end=\"2320\">1 \u00d7 <strong data-start=\"2291\" data-end=\"2318\">Xiaomi Redmi Note 14 5G<\/strong><\/p>\n<\/li>\n<li data-section-id=\"1laildk\" data-start=\"2321\" data-end=\"2344\">\n<p data-start=\"2323\" data-end=\"2344\">1 \u00d7 Chargeur rapide<\/p>\n<\/li>\n<li data-section-id=\"1cuiaz2\" data-start=\"2345\" data-end=\"2364\">\n<p data-start=\"2347\" data-end=\"2364\">1 \u00d7 C\u00e2ble USB-C<\/p>\n<\/li>\n<li data-section-id=\"12haphu\" data-start=\"2365\" data-end=\"2382\">\n<p data-start=\"2367\" data-end=\"2382\">1 \u00d7 Outil SIM<\/p>\n<\/li>\n<li data-section-id=\"kvuwap\" data-start=\"2383\" data-end=\"2410\">\n<p data-start=\"2385\" data-end=\"2410\">1 \u00d7 Coque de protection<\/p>\n<\/li>\n<li data-section-id=\"euolri\" data-start=\"2411\" data-end=\"2439\">\n<p data-start=\"2413\" data-end=\"2439\">1 \u00d7 Manuel d\u2019utilisation<\/p>\n<\/li>\n<\/ul>\n<hr data-start=\"2441\" data-end=\"2444\" \/>\n<p data-start=\"2446\" data-end=\"2595\">\ud83d\udcf1 <strong data-start=\"2449\" data-end=\"2595\">Le Redmi Note 14 5G combine \u00e9cran AMOLED 120 Hz, cam\u00e9ra performante et batterie longue dur\u00e9e pour une exp\u00e9rience smartphone moderne et fluide.<\/strong><\/p>\n<\/div>\n<\/div>\n<\/div>\n<\/div>\n<\/div>\n<\/div>\n<\/article>\n<\/div>\n<\/div>\n<\/div>\n<\/div>\n<p><\/main><\/div>\n<\/div>\n<\/div>\n<\/div>\n<\/div>\n","protected":false},"excerpt":{"rendered":"<p>D\u00e9couvrez le Xiaomi Redmi Note 14 5G, un smartphone moderne con\u00e7u pour offrir un \u00e9cran AMOLED fluide, de bonnes performances et une excellente autonomie. Son \u00e9cran AMOLED de 6.67 pouces avec taux de rafra\u00eechissement 120 Hz garantit une navigation fluide et une excellente qualit\u00e9 d\u2019affichage pour les vid\u00e9os, jeux et r\u00e9seaux sociaux. \u00c9quip\u00e9 du processeur&hellip;<\/p>\n","protected":false},"featured_media":16593,"comment_status":"open","ping_status":"closed","template":"","meta":[],"product_cat":[82],"product_tag":[],"class_list":{"0":"post-16591","1":"product","2":"type-product","3":"status-publish","4":"has-post-thumbnail","6":"product_brand-xiaomi-redmi","7":"product_cat-redmi","9":"first","10":"instock","11":"sale","12":"shipping-taxable","13":"purchasable","14":"product-type-simple","15":"col-xs-6 col-sm-4","16":"col-md-3 col-lg-3","17":"un-4-cols"},"_links":{"self":[{"href":"https:\/\/www.vazy.market\/index.php\/wp-json\/wp\/v2\/product\/16591","targetHints":{"allow":["GET"]}}],"collection":[{"href":"https:\/\/www.vazy.market\/index.php\/wp-json\/wp\/v2\/product"}],"about":[{"href":"https:\/\/www.vazy.market\/index.php\/wp-json\/wp\/v2\/types\/product"}],"replies":[{"embeddable":true,"href":"https:\/\/www.vazy.market\/index.php\/wp-json\/wp\/v2\/comments?post=16591"}],"wp:featuredmedia":[{"embeddable":true,"href":"https:\/\/www.vazy.market\/index.php\/wp-json\/wp\/v2\/media\/16593"}],"wp:attachment":[{"href":"https:\/\/www.vazy.market\/index.php\/wp-json\/wp\/v2\/media?parent=16591"}],"wp:term":[{"taxonomy":"product_cat","embeddable":true,"href":"https:\/\/www.vazy.market\/index.php\/wp-json\/wp\/v2\/product_cat?post=16591"},{"taxonomy":"product_tag","embeddable":true,"href":"https:\/\/www.vazy.market\/index.php\/wp-json\/wp\/v2\/product_tag?post=16591"}],"curies":[{"name":"wp","href":"https:\/\/api.w.org\/{rel}","templated":true}]}}