{"id":16565,"date":"2026-03-15T13:31:39","date_gmt":"2026-03-15T13:31:39","guid":{"rendered":"https:\/\/www.vazy.market\/?post_type=product&#038;p=16565"},"modified":"2026-03-25T09:43:20","modified_gmt":"2026-03-25T09:43:20","slug":"xiaomi-redmi-note-12-pro-plus-5g-6-67-256go8go-200mp8mp2mp-4k16mp-fhd-dual-nano-sim-4980mah","status":"publish","type":"product","link":"https:\/\/www.vazy.market\/index.php\/product\/xiaomi-redmi-note-12-pro-plus-5g-6-67-256go8go-200mp8mp2mp-4k16mp-fhd-dual-nano-sim-4980mah\/","title":{"rendered":"\ud83d\udcf1 XIAOMI REDMI NOTE 12 PRO PLUS 5G &#8211; 6.67&Prime; &#8211; 256Go|8Go &#8211; 200MP+8MP+2MP 4K|16MP FHD &#8211; Dual Nano SIM &#8211; 4980mAh"},"content":{"rendered":"<div class=\"relative basis-auto flex-col -mb-(--composer-overlap-px) [--composer-overlap-px:28px] grow flex\">\n<div class=\"flex flex-col text-sm pb-25\">\n<article class=\"text-token-text-primary w-full focus:outline-none [--shadow-height:45px] has-data-writing-block:pointer-events-none has-data-writing-block:-mt-(--shadow-height) has-data-writing-block:pt-(--shadow-height) [&amp;:has([data-writing-block])&gt;*]:pointer-events-auto scroll-mt-[calc(var(--header-height)+min(200px,max(70px,20svh)))]\" dir=\"auto\" tabindex=\"-1\" data-turn-id=\"request-69add934-1d50-8332-91d7-d97a2ee2331f-2\" data-testid=\"conversation-turn-164\" data-scroll-anchor=\"true\" data-turn=\"assistant\">\n<div class=\"text-base my-auto mx-auto pb-10 [--thread-content-margin:var(--thread-content-margin-xs,calc(var(--spacing)*4))] @w-sm\/main:[--thread-content-margin:var(--thread-content-margin-sm,calc(var(--spacing)*6))] @w-lg\/main:[--thread-content-margin:var(--thread-content-margin-lg,calc(var(--spacing)*16))] px-(--thread-content-margin)\">\n<div class=\"[--thread-content-max-width:40rem] @w-lg\/main:[--thread-content-max-width:48rem] mx-auto max-w-(--thread-content-max-width) flex-1 group\/turn-messages focus-visible:outline-hidden relative flex w-full min-w-0 flex-col agent-turn\" tabindex=\"-1\">\n<div class=\"flex max-w-full flex-col gap-4 grow\">\n<div class=\"min-h-8 text-message relative flex w-full flex-col items-end gap-2 text-start break-words whitespace-normal [.text-message+&amp;]:mt-1\" dir=\"auto\" data-message-author-role=\"assistant\" data-message-id=\"7458e133-90c5-455f-87d2-705e9d13cd35\" data-message-model-slug=\"gpt-5-3\">\n<div class=\"flex w-full flex-col gap-1 empty:hidden\">\n<div class=\"streaming-animation markdown prose dark:prose-invert w-full wrap-break-word light markdown-new-styling\">\n<p data-start=\"118\" data-end=\"500\">D\u00e9couvrez le <strong data-start=\"131\" data-end=\"167\">Xiaomi Redmi Note 12 Pro Plus 5G<\/strong>, un smartphone puissant con\u00e7u pour offrir <strong data-start=\"210\" data-end=\"295\">photographie ultra haute r\u00e9solution, \u00e9cran AMOLED fluide et recharge ultra rapide<\/strong>. Son <strong data-start=\"301\" data-end=\"369\">\u00e9cran AMOLED de 6.67 pouces avec taux de rafra\u00eechissement 120 Hz<\/strong> offre une exp\u00e9rience visuelle immersive id\u00e9ale pour les vid\u00e9os, les jeux et la navigation.<\/p>\n<p data-start=\"502\" data-end=\"712\">Propuls\u00e9 par le <strong data-start=\"518\" data-end=\"556\">processeur MediaTek Dimensity 1080<\/strong> et <strong data-start=\"560\" data-end=\"575\">8 Go de RAM<\/strong>, il garantit une utilisation rapide et fluide pour les applications, le multit\u00e2che et le gaming.<\/p>\n<p data-start=\"714\" data-end=\"978\">Son <strong data-start=\"718\" data-end=\"795\">appareil photo principal r\u00e9volutionnaire de 200 MP avec stabilisation OIS<\/strong> capture des photos extr\u00eamement d\u00e9taill\u00e9es et des vid\u00e9os en haute r\u00e9solution, faisant de ce smartphone l\u2019un des plus puissants de sa cat\u00e9gorie.<\/p>\n<hr data-start=\"980\" data-end=\"983\" \/>\n<h1 data-section-id=\"gug16d\" data-start=\"985\" data-end=\"1001\">\u2b50 Points forts<\/h1>\n<p data-start=\"1003\" data-end=\"1411\">\u2714 \ud83d\udcf1 <strong data-start=\"1008\" data-end=\"1054\">\u00c9cran AMOLED 6.67&Prime; FHD+ 120Hz ultra fluide<\/strong><br data-start=\"1054\" data-end=\"1057\" \/>\u2714 \ud83d\udcf8 <strong data-start=\"1062\" data-end=\"1113\">Cam\u00e9ra principale 200 MP ultra haute r\u00e9solution<\/strong><br data-start=\"1113\" data-end=\"1116\" \/>\u2714 \u26a1 <strong data-start=\"1120\" data-end=\"1169\">Processeur MediaTek Dimensity 1080 performant<\/strong><br data-start=\"1169\" data-end=\"1172\" \/>\u2714 \ud83d\udd0b <strong data-start=\"1177\" data-end=\"1211\">Batterie 4980 mAh longue dur\u00e9e<\/strong><br data-start=\"1211\" data-end=\"1214\" \/>\u2714 \u26a1 <strong data-start=\"1218\" data-end=\"1258\">Charge ultra rapide 120W HyperCharge<\/strong><br data-start=\"1258\" data-end=\"1261\" \/>\u2714 \ud83d\udcf6 <strong data-start=\"1266\" data-end=\"1303\">Compatible r\u00e9seau 5G ultra rapide<\/strong><br data-start=\"1303\" data-end=\"1306\" \/>\u2714 \ud83d\udd0a <strong data-start=\"1311\" data-end=\"1371\">Dolby Vision et Dolby Atmos pour une meilleure immersion<\/strong><\/p>\n<hr data-start=\"1413\" data-end=\"1416\" \/>\n<h1 data-section-id=\"1bka4zl\" data-start=\"1418\" data-end=\"1437\">\ud83d\udcf8 Cam\u00e9ra avanc\u00e9e<\/h1>\n<ul data-start=\"1439\" data-end=\"1641\">\n<li data-section-id=\"cugae9\" data-start=\"1439\" data-end=\"1482\">\n<p data-start=\"1441\" data-end=\"1482\">\ud83d\udcf7 <strong data-start=\"1444\" data-end=\"1480\">Cam\u00e9ra principale : 200 MP (OIS)<\/strong><\/p>\n<\/li>\n<li data-section-id=\"v19b3e\" data-start=\"1483\" data-end=\"1518\">\n<p data-start=\"1485\" data-end=\"1518\">\ud83c\udf0d <strong data-start=\"1488\" data-end=\"1516\">Ultra grand-angle : 8 MP<\/strong><\/p>\n<\/li>\n<li data-section-id=\"i14hhb\" data-start=\"1519\" data-end=\"1542\">\n<p data-start=\"1521\" data-end=\"1542\">\ud83d\udd0d <strong data-start=\"1524\" data-end=\"1540\">Macro : 2 MP<\/strong><\/p>\n<\/li>\n<li data-section-id=\"192t3ax\" data-start=\"1543\" data-end=\"1577\">\n<p data-start=\"1545\" data-end=\"1577\">\ud83e\udd33 <strong data-start=\"1548\" data-end=\"1575\">Cam\u00e9ra frontale : 16 MP<\/strong><\/p>\n<\/li>\n<li data-section-id=\"1nm2tv1\" data-start=\"1578\" data-end=\"1641\">\n<p data-start=\"1580\" data-end=\"1641\">\ud83c\udfa5 <strong data-start=\"1583\" data-end=\"1601\">Vid\u00e9o : 4K UHD<\/strong><\/p>\n<\/li>\n<\/ul>\n<hr data-start=\"1643\" data-end=\"1646\" \/>\n<h1 data-section-id=\"1gx1fos\" data-start=\"1648\" data-end=\"1668\">\ud83d\udcca Fiche Technique<\/h1>\n<div class=\"TyagGW_tableContainer\">\n<div class=\"group TyagGW_tableWrapper flex flex-col-reverse w-fit\" tabindex=\"-1\">\n<table class=\"w-fit min-w-(--thread-content-width)\" data-start=\"1670\" data-end=\"2202\">\n<thead data-start=\"1670\" data-end=\"1699\">\n<tr data-start=\"1670\" data-end=\"1699\">\n<th class=\"\" data-start=\"1670\" data-end=\"1688\" data-col-size=\"sm\">Caract\u00e9ristique<\/th>\n<th class=\"\" data-start=\"1688\" data-end=\"1699\" data-col-size=\"sm\">D\u00e9tails<\/th>\n<\/tr>\n<\/thead>\n<tbody data-start=\"1710\" data-end=\"2202\">\n<tr data-start=\"1710\" data-end=\"1729\">\n<td data-start=\"1710\" data-end=\"1719\" data-col-size=\"sm\">Marque<\/td>\n<td data-start=\"1719\" data-end=\"1729\" data-col-size=\"sm\">Xiaomi<\/td>\n<\/tr>\n<tr data-start=\"1730\" data-end=\"1772\">\n<td data-start=\"1730\" data-end=\"1739\" data-col-size=\"sm\">Mod\u00e8le<\/td>\n<td data-start=\"1739\" data-end=\"1772\" data-col-size=\"sm\"><strong data-start=\"1741\" data-end=\"1770\">Redmi Note 12 Pro Plus 5G<\/strong><\/td>\n<\/tr>\n<tr data-start=\"1773\" data-end=\"1788\">\n<td data-start=\"1773\" data-end=\"1782\" data-col-size=\"sm\">R\u00e9seau<\/td>\n<td data-start=\"1782\" data-end=\"1788\" data-col-size=\"sm\">5G<\/td>\n<\/tr>\n<tr data-start=\"1789\" data-end=\"1823\">\n<td data-start=\"1789\" data-end=\"1797\" data-col-size=\"sm\">\u00c9cran<\/td>\n<td data-start=\"1797\" data-end=\"1823\" data-col-size=\"sm\"><strong data-start=\"1799\" data-end=\"1821\">6.67 pouces AMOLED<\/strong><\/td>\n<\/tr>\n<tr data-start=\"1824\" data-end=\"1859\">\n<td data-start=\"1824\" data-end=\"1837\" data-col-size=\"sm\">R\u00e9solution<\/td>\n<td data-start=\"1837\" data-end=\"1859\" data-col-size=\"sm\">2400 \u00d7 1080 (FHD+)<\/td>\n<\/tr>\n<tr data-start=\"1860\" data-end=\"1901\">\n<td data-start=\"1860\" data-end=\"1887\" data-col-size=\"sm\">Taux de rafra\u00eechissement<\/td>\n<td data-start=\"1887\" data-end=\"1901\" data-col-size=\"sm\"><strong data-start=\"1889\" data-end=\"1899\">120 Hz<\/strong><\/td>\n<\/tr>\n<tr data-start=\"1902\" data-end=\"1946\">\n<td data-start=\"1902\" data-end=\"1915\" data-col-size=\"sm\">Processeur<\/td>\n<td data-start=\"1915\" data-end=\"1946\" data-col-size=\"sm\">MediaTek <strong data-start=\"1926\" data-end=\"1944\">Dimensity 1080<\/strong><\/td>\n<\/tr>\n<tr data-start=\"1947\" data-end=\"1965\">\n<td data-start=\"1947\" data-end=\"1953\" data-col-size=\"sm\">RAM<\/td>\n<td data-start=\"1953\" data-end=\"1965\" data-col-size=\"sm\"><strong data-start=\"1955\" data-end=\"1963\">8 Go<\/strong><\/td>\n<\/tr>\n<tr data-start=\"1966\" data-end=\"1991\">\n<td data-start=\"1966\" data-end=\"1977\" data-col-size=\"sm\">Stockage<\/td>\n<td data-start=\"1977\" data-end=\"1991\" data-col-size=\"sm\"><strong data-start=\"1979\" data-end=\"1989\">256 Go<\/strong><\/td>\n<\/tr>\n<tr data-start=\"1992\" data-end=\"2039\">\n<td data-start=\"1992\" data-end=\"2009\" data-col-size=\"sm\">Cam\u00e9ra arri\u00e8re<\/td>\n<td data-start=\"2009\" data-end=\"2039\" data-col-size=\"sm\"><strong data-start=\"2011\" data-end=\"2037\">200MP + 8MP + 2MP (4K)<\/strong><\/td>\n<\/tr>\n<tr data-start=\"2040\" data-end=\"2076\">\n<td data-start=\"2040\" data-end=\"2058\" data-col-size=\"sm\">Cam\u00e9ra frontale<\/td>\n<td data-start=\"2058\" data-end=\"2076\" data-col-size=\"sm\"><strong data-start=\"2060\" data-end=\"2074\">16MP (FHD)<\/strong><\/td>\n<\/tr>\n<tr data-start=\"2077\" data-end=\"2104\">\n<td data-start=\"2077\" data-end=\"2088\" data-col-size=\"sm\">Batterie<\/td>\n<td data-start=\"2088\" data-end=\"2104\" data-col-size=\"sm\"><strong data-start=\"2090\" data-end=\"2102\">4980 mAh<\/strong><\/td>\n<\/tr>\n<tr data-start=\"2105\" data-end=\"2145\">\n<td data-start=\"2105\" data-end=\"2121\" data-col-size=\"sm\">Charge rapide<\/td>\n<td data-start=\"2121\" data-end=\"2145\" data-col-size=\"sm\"><strong data-start=\"2123\" data-end=\"2143\">120W HyperCharge<\/strong><\/td>\n<\/tr>\n<tr data-start=\"2146\" data-end=\"2173\">\n<td data-start=\"2146\" data-end=\"2152\" data-col-size=\"sm\">SIM<\/td>\n<td data-start=\"2152\" data-end=\"2173\" data-col-size=\"sm\"><strong data-start=\"2154\" data-end=\"2171\">Dual Nano SIM<\/strong><\/td>\n<\/tr>\n<tr data-start=\"2174\" data-end=\"2202\">\n<td data-start=\"2174\" data-end=\"2184\" data-col-size=\"sm\">Syst\u00e8me<\/td>\n<td data-start=\"2184\" data-end=\"2202\" data-col-size=\"sm\">Android \/ MIUI<\/td>\n<\/tr>\n<\/tbody>\n<\/table>\n<\/div>\n<\/div>\n<hr data-start=\"2204\" data-end=\"2207\" \/>\n<h1 data-section-id=\"6f7tr2\" data-start=\"2209\" data-end=\"2230\">\ud83d\udce6 Contenu du colis<\/h1>\n<ul data-start=\"2232\" data-end=\"2395\">\n<li data-section-id=\"39eodw\" data-start=\"2232\" data-end=\"2276\">\n<p data-start=\"2234\" data-end=\"2276\">1 \u00d7 <strong data-start=\"2238\" data-end=\"2274\">Xiaomi Redmi Note 12 Pro Plus 5G<\/strong><\/p>\n<\/li>\n<li data-section-id=\"1laildk\" data-start=\"2277\" data-end=\"2300\">\n<p data-start=\"2279\" data-end=\"2300\">1 \u00d7 Chargeur rapide<\/p>\n<\/li>\n<li data-section-id=\"1cuiaz2\" data-start=\"2301\" data-end=\"2320\">\n<p data-start=\"2303\" data-end=\"2320\">1 \u00d7 C\u00e2ble USB-C<\/p>\n<\/li>\n<li data-section-id=\"12haphu\" data-start=\"2321\" data-end=\"2338\">\n<p data-start=\"2323\" data-end=\"2338\">1 \u00d7 Outil SIM<\/p>\n<\/li>\n<li data-section-id=\"kvuwap\" data-start=\"2339\" data-end=\"2366\">\n<p data-start=\"2341\" data-end=\"2366\">1 \u00d7 Coque de protection<\/p>\n<\/li>\n<li data-section-id=\"euolri\" data-start=\"2367\" data-end=\"2395\">\n<p data-start=\"2369\" data-end=\"2395\">1 \u00d7 Manuel d\u2019utilisation<\/p>\n<\/li>\n<\/ul>\n<hr data-start=\"2397\" data-end=\"2400\" \/>\n<p data-start=\"2402\" data-end=\"2558\">\ud83d\udcf1 <strong data-start=\"2405\" data-end=\"2558\">Le Redmi Note 12 Pro Plus 5G combine cam\u00e9ra 200 MP, \u00e9cran AMOLED fluide et recharge ultra rapide pour une exp\u00e9rience smartphone puissante et moderne.<\/strong><\/p>\n<\/div>\n<\/div>\n<\/div>\n<\/div>\n<\/div>\n<\/div>\n<\/article>\n<\/div>\n<\/div>\n","protected":false},"excerpt":{"rendered":"<p>D\u00e9couvrez le Xiaomi Redmi Note 12 Pro Plus 5G, un smartphone puissant con\u00e7u pour offrir photographie ultra haute r\u00e9solution, \u00e9cran AMOLED fluide et recharge ultra rapide. Son \u00e9cran AMOLED de 6.67 pouces avec taux de rafra\u00eechissement 120 Hz offre une exp\u00e9rience visuelle immersive id\u00e9ale pour les vid\u00e9os, les jeux et la navigation. Propuls\u00e9 par le&hellip;<\/p>\n","protected":false},"featured_media":16567,"comment_status":"open","ping_status":"closed","template":"","meta":[],"product_cat":[82],"product_tag":[],"class_list":{"0":"post-16565","1":"product","2":"type-product","3":"status-publish","4":"has-post-thumbnail","6":"product_brand-xiaomi-redmi","7":"product_cat-redmi","9":"first","10":"instock","11":"sale","12":"shipping-taxable","13":"purchasable","14":"product-type-simple","15":"col-xs-6 col-sm-4","16":"col-md-3 col-lg-3","17":"un-4-cols"},"_links":{"self":[{"href":"https:\/\/www.vazy.market\/index.php\/wp-json\/wp\/v2\/product\/16565","targetHints":{"allow":["GET"]}}],"collection":[{"href":"https:\/\/www.vazy.market\/index.php\/wp-json\/wp\/v2\/product"}],"about":[{"href":"https:\/\/www.vazy.market\/index.php\/wp-json\/wp\/v2\/types\/product"}],"replies":[{"embeddable":true,"href":"https:\/\/www.vazy.market\/index.php\/wp-json\/wp\/v2\/comments?post=16565"}],"wp:featuredmedia":[{"embeddable":true,"href":"https:\/\/www.vazy.market\/index.php\/wp-json\/wp\/v2\/media\/16567"}],"wp:attachment":[{"href":"https:\/\/www.vazy.market\/index.php\/wp-json\/wp\/v2\/media?parent=16565"}],"wp:term":[{"taxonomy":"product_cat","embeddable":true,"href":"https:\/\/www.vazy.market\/index.php\/wp-json\/wp\/v2\/product_cat?post=16565"},{"taxonomy":"product_tag","embeddable":true,"href":"https:\/\/www.vazy.market\/index.php\/wp-json\/wp\/v2\/product_tag?post=16565"}],"curies":[{"name":"wp","href":"https:\/\/api.w.org\/{rel}","templated":true}]}}