{"id":16560,"date":"2026-03-15T13:20:45","date_gmt":"2026-03-15T13:20:45","guid":{"rendered":"https:\/\/www.vazy.market\/?post_type=product&#038;p=16560"},"modified":"2026-03-25T09:43:31","modified_gmt":"2026-03-25T09:43:31","slug":"samsung-galaxy-s21-ultra-5g-6-8-256go12go-108mp12mp10mp10mp-8k40mp-4k-single-sim-5000mah","status":"publish","type":"product","link":"https:\/\/www.vazy.market\/index.php\/product\/samsung-galaxy-s21-ultra-5g-6-8-256go12go-108mp12mp10mp10mp-8k40mp-4k-single-sim-5000mah\/","title":{"rendered":"\ud83d\udcf1 SAMSUNG GALAXY S21 ULTRA 5G &#8211; 6.8&Prime; &#8211; 256Go|12Go &#8211; 108MP+12MP+10MP+10MP 8K|40MP 4K &#8211; Single SIM &#8211; 5000mAh"},"content":{"rendered":"<div class=\"flex h-svh w-screen flex-col\">\n<div class=\"relative z-0 flex min-h-0 w-full flex-1\">\n<div class=\"relative flex min-h-0 w-full flex-1\">\n<div class=\"@container\/main relative flex min-w-0 flex-1 flex-col -translate-y-[calc(env(safe-area-inset-bottom,0px)\/2)] pt-[calc(env(safe-area-inset-bottom,0px)\/2)]\">\n<div class=\"@w-sm\/main:[scrollbar-gutter:stable_both-edges] touch:[scrollbar-width:none] relative flex min-h-0 min-w-0 flex-1 flex-col [scrollbar-gutter:stable] not-print:overflow-x-clip not-print:overflow-y-auto scroll-pt-(--header-height) [--sticky-padding-top:var(--header-height)] has-data-[fixed-header=less-than-xl]:@w-xl\/main:scroll-pt-0 has-data-[fixed-header=less-than-xl]:@w-xl\/main:[--sticky-padding-top:0px] has-data-[fixed-header=less-than-xxl]:@w-2xl\/main:scroll-pt-0 has-data-[fixed-header=less-than-xxl]:@w-2xl\/main:[--sticky-padding-top:0px]\" data-scroll-root=\"\"><main id=\"main\" class=\"min-h-0 flex-1\"><\/p>\n<div id=\"thread\" class=\"group\/thread flex flex-col min-h-full\">\n<div class=\"composer-parent flex flex-1 flex-col focus-visible:outline-0\" role=\"presentation\">\n<div class=\"relative basis-auto flex-col -mb-(--composer-overlap-px) [--composer-overlap-px:28px] grow flex\">\n<div class=\"flex flex-col text-sm pb-25\">\n<article class=\"text-token-text-primary w-full focus:outline-none [--shadow-height:45px] has-data-writing-block:pointer-events-none has-data-writing-block:-mt-(--shadow-height) has-data-writing-block:pt-(--shadow-height) [&amp;:has([data-writing-block])&gt;*]:pointer-events-auto scroll-mt-[calc(var(--header-height)+min(200px,max(70px,20svh)))]\" dir=\"auto\" tabindex=\"-1\" data-turn-id=\"request-69add934-1d50-8332-91d7-d97a2ee2331f-1\" data-testid=\"conversation-turn-162\" data-scroll-anchor=\"true\" data-turn=\"assistant\">\n<div class=\"text-base my-auto mx-auto pb-10 [--thread-content-margin:var(--thread-content-margin-xs,calc(var(--spacing)*4))] @w-sm\/main:[--thread-content-margin:var(--thread-content-margin-sm,calc(var(--spacing)*6))] @w-lg\/main:[--thread-content-margin:var(--thread-content-margin-lg,calc(var(--spacing)*16))] px-(--thread-content-margin)\">\n<div class=\"[--thread-content-max-width:40rem] @w-lg\/main:[--thread-content-max-width:48rem] mx-auto max-w-(--thread-content-max-width) flex-1 group\/turn-messages focus-visible:outline-hidden relative flex w-full min-w-0 flex-col agent-turn\" tabindex=\"-1\">\n<div class=\"flex max-w-full flex-col gap-4 grow\">\n<div class=\"min-h-8 text-message relative flex w-full flex-col items-end gap-2 text-start break-words whitespace-normal [.text-message+&amp;]:mt-1\" dir=\"auto\" data-message-author-role=\"assistant\" data-message-id=\"ebc7e869-a91a-4383-84f9-3812b84ab918\" data-message-model-slug=\"gpt-5-3\">\n<div class=\"flex w-full flex-col gap-1 empty:hidden\">\n<div class=\"streaming-animation markdown prose dark:prose-invert w-full wrap-break-word light markdown-new-styling\">\n<p data-start=\"116\" data-end=\"509\">D\u00e9couvrez le <strong data-start=\"129\" data-end=\"160\">Samsung Galaxy S21 Ultra 5G<\/strong>, un smartphone premium con\u00e7u pour offrir <strong data-start=\"202\" data-end=\"269\">puissance, photographie professionnelle et \u00e9cran ultra immersif<\/strong>. Son <strong data-start=\"275\" data-end=\"368\">\u00e9cran Dynamic AMOLED 2X de 6.8 pouces QHD+ avec taux de rafra\u00eechissement adaptatif 120 Hz<\/strong> garantit une exp\u00e9rience visuelle fluide et spectaculaire pour les vid\u00e9os, les jeux et la navigation.<\/p>\n<p data-start=\"511\" data-end=\"723\">Propuls\u00e9 par le <strong data-start=\"527\" data-end=\"586\">processeur Snapdragon 888 \/ Exynos 2100 et 12 Go de RAM<\/strong>, ce smartphone offre des performances rapides pour le multit\u00e2che et les applications exigeantes.<\/p>\n<p data-start=\"725\" data-end=\"992\">Son <strong data-start=\"729\" data-end=\"793\">syst\u00e8me de cam\u00e9ra quadruple avec capteur principal de 108 MP<\/strong> permet de capturer des photos ultra d\u00e9taill\u00e9es et d\u2019enregistrer des vid\u00e9os jusqu\u2019en <strong data-start=\"878\" data-end=\"884\">8K<\/strong>, tout en b\u00e9n\u00e9ficiant d\u2019un zoom avanc\u00e9 gr\u00e2ce au double t\u00e9l\u00e9objectif.<\/p>\n<hr data-start=\"994\" data-end=\"997\" \/>\n<h1 data-section-id=\"gug16d\" data-start=\"999\" data-end=\"1015\">\u2b50 Points forts<\/h1>\n<p data-start=\"1017\" data-end=\"1365\">\u2714 \ud83d\udcf1 <strong data-start=\"1022\" data-end=\"1065\">\u00c9cran Dynamic AMOLED 2X 6.8&Prime; QHD+ 120Hz<\/strong><br data-start=\"1065\" data-end=\"1068\" \/>\u2714 \u26a1 <strong data-start=\"1072\" data-end=\"1132\">Processeur Snapdragon 888 \/ Exynos 2100 ultra performant<\/strong><br data-start=\"1132\" data-end=\"1135\" \/>\u2714 \ud83d\udcf8 <strong data-start=\"1140\" data-end=\"1185\">Cam\u00e9ra principale 108 MP avec zoom avanc\u00e9<\/strong><br data-start=\"1185\" data-end=\"1188\" \/>\u2714 \ud83c\udfa5 <strong data-start=\"1193\" data-end=\"1226\">Enregistrement vid\u00e9o 4K et 8K<\/strong><br data-start=\"1226\" data-end=\"1229\" \/>\u2714 \ud83d\udd0b <strong data-start=\"1234\" data-end=\"1268\">Batterie longue dur\u00e9e 5000 mAh<\/strong><br data-start=\"1268\" data-end=\"1271\" \/>\u2714 \ud83d\udcf6 <strong data-start=\"1276\" data-end=\"1313\">Compatible r\u00e9seau 5G ultra rapide<\/strong><br data-start=\"1313\" data-end=\"1316\" \/>\u2714 \ud83d\udca7 <strong data-start=\"1321\" data-end=\"1365\">R\u00e9sistant \u00e0 l\u2019eau et \u00e0 la poussi\u00e8re IP68<\/strong><\/p>\n<hr data-start=\"1367\" data-end=\"1370\" \/>\n<h1 data-section-id=\"1wxtg7y\" data-start=\"1372\" data-end=\"1399\">\ud83d\udcf8 Cam\u00e9ra professionnelle<\/h1>\n<ul data-start=\"1401\" data-end=\"1689\">\n<li data-section-id=\"2dq3we\" data-start=\"1401\" data-end=\"1438\">\n<p data-start=\"1403\" data-end=\"1438\">\ud83d\udcf7 <strong data-start=\"1406\" data-end=\"1436\">Cam\u00e9ra principale : 108 MP<\/strong><\/p>\n<\/li>\n<li data-section-id=\"1y2bq0h\" data-start=\"1439\" data-end=\"1475\">\n<p data-start=\"1441\" data-end=\"1475\">\ud83c\udf0d <strong data-start=\"1444\" data-end=\"1473\">Ultra grand-angle : 12 MP<\/strong><\/p>\n<\/li>\n<li data-section-id=\"147ub36\" data-start=\"1476\" data-end=\"1525\">\n<p data-start=\"1478\" data-end=\"1525\">\ud83d\udd2d <strong data-start=\"1481\" data-end=\"1523\">T\u00e9l\u00e9objectif : 10 MP (zoom optique 3x)<\/strong><\/p>\n<\/li>\n<li data-section-id=\"1gvauph\" data-start=\"1526\" data-end=\"1589\">\n<p data-start=\"1528\" data-end=\"1589\">\ud83d\udd2d <strong data-start=\"1531\" data-end=\"1587\">T\u00e9l\u00e9objectif p\u00e9riscopique : 10 MP (zoom optique 10x)<\/strong><\/p>\n<\/li>\n<li data-section-id=\"15josa\" data-start=\"1590\" data-end=\"1624\">\n<p data-start=\"1592\" data-end=\"1624\">\ud83e\udd33 <strong data-start=\"1595\" data-end=\"1622\">Cam\u00e9ra frontale : 40 MP<\/strong><\/p>\n<\/li>\n<li data-section-id=\"dcdx2g\" data-start=\"1625\" data-end=\"1689\">\n<p data-start=\"1627\" data-end=\"1689\">\ud83c\udfa5 <strong data-start=\"1630\" data-end=\"1649\">Vid\u00e9o : 4K \/ 8K<\/strong><\/p>\n<\/li>\n<\/ul>\n<hr data-start=\"1691\" data-end=\"1694\" \/>\n<h1 data-section-id=\"1gx1fos\" data-start=\"1696\" data-end=\"1716\">\ud83d\udcca Fiche Technique<\/h1>\n<div class=\"TyagGW_tableContainer\">\n<div class=\"group TyagGW_tableWrapper flex flex-col-reverse w-fit\" tabindex=\"-1\">\n<table class=\"w-fit min-w-(--thread-content-width)\" data-start=\"1718\" data-end=\"2241\">\n<thead data-start=\"1718\" data-end=\"1747\">\n<tr data-start=\"1718\" data-end=\"1747\">\n<th class=\"\" data-start=\"1718\" data-end=\"1736\" data-col-size=\"sm\">Caract\u00e9ristique<\/th>\n<th class=\"\" data-start=\"1736\" data-end=\"1747\" data-col-size=\"sm\">D\u00e9tails<\/th>\n<\/tr>\n<\/thead>\n<tbody data-start=\"1758\" data-end=\"2241\">\n<tr data-start=\"1758\" data-end=\"1778\">\n<td data-start=\"1758\" data-end=\"1767\" data-col-size=\"sm\">Marque<\/td>\n<td data-start=\"1767\" data-end=\"1778\" data-col-size=\"sm\">Samsung<\/td>\n<\/tr>\n<tr data-start=\"1779\" data-end=\"1815\">\n<td data-start=\"1779\" data-end=\"1788\" data-col-size=\"sm\">Mod\u00e8le<\/td>\n<td data-start=\"1788\" data-end=\"1815\" data-col-size=\"sm\"><strong data-start=\"1790\" data-end=\"1813\">Galaxy S21 Ultra 5G<\/strong><\/td>\n<\/tr>\n<tr data-start=\"1816\" data-end=\"1831\">\n<td data-start=\"1816\" data-end=\"1825\" data-col-size=\"sm\">R\u00e9seau<\/td>\n<td data-start=\"1825\" data-end=\"1831\" data-col-size=\"sm\">5G<\/td>\n<\/tr>\n<tr data-start=\"1832\" data-end=\"1876\">\n<td data-start=\"1832\" data-end=\"1840\" data-col-size=\"sm\">\u00c9cran<\/td>\n<td data-start=\"1840\" data-end=\"1876\" data-col-size=\"sm\"><strong data-start=\"1842\" data-end=\"1874\">6.8 pouces Dynamic AMOLED 2X<\/strong><\/td>\n<\/tr>\n<tr data-start=\"1877\" data-end=\"1912\">\n<td data-start=\"1877\" data-end=\"1890\" data-col-size=\"sm\">R\u00e9solution<\/td>\n<td data-start=\"1890\" data-end=\"1912\" data-col-size=\"sm\">3200 \u00d7 1440 (QHD+)<\/td>\n<\/tr>\n<tr data-start=\"1913\" data-end=\"1950\">\n<td data-start=\"1913\" data-end=\"1940\" data-col-size=\"sm\">Taux de rafra\u00eechissement<\/td>\n<td data-col-size=\"sm\" data-start=\"1940\" data-end=\"1950\">120 Hz<\/td>\n<\/tr>\n<tr data-start=\"1951\" data-end=\"1996\">\n<td data-start=\"1951\" data-end=\"1964\" data-col-size=\"sm\">Processeur<\/td>\n<td data-start=\"1964\" data-end=\"1996\" data-col-size=\"sm\">Snapdragon 888 \/ Exynos 2100<\/td>\n<\/tr>\n<tr data-start=\"1997\" data-end=\"2016\">\n<td data-start=\"1997\" data-end=\"2003\" data-col-size=\"sm\">RAM<\/td>\n<td data-start=\"2003\" data-end=\"2016\" data-col-size=\"sm\"><strong data-start=\"2005\" data-end=\"2014\">12 Go<\/strong><\/td>\n<\/tr>\n<tr data-start=\"2017\" data-end=\"2042\">\n<td data-start=\"2017\" data-end=\"2028\" data-col-size=\"sm\">Stockage<\/td>\n<td data-start=\"2028\" data-end=\"2042\" data-col-size=\"sm\"><strong data-start=\"2030\" data-end=\"2040\">256 Go<\/strong><\/td>\n<\/tr>\n<tr data-start=\"2043\" data-end=\"2099\">\n<td data-start=\"2043\" data-end=\"2060\" data-col-size=\"sm\">Cam\u00e9ra arri\u00e8re<\/td>\n<td data-start=\"2060\" data-end=\"2099\" data-col-size=\"sm\"><strong data-start=\"2062\" data-end=\"2097\">108MP + 12MP + 10MP + 10MP (8K)<\/strong><\/td>\n<\/tr>\n<tr data-start=\"2100\" data-end=\"2135\">\n<td data-start=\"2100\" data-end=\"2118\" data-col-size=\"sm\">Cam\u00e9ra frontale<\/td>\n<td data-start=\"2118\" data-end=\"2135\" data-col-size=\"sm\"><strong data-start=\"2120\" data-end=\"2133\">40MP (4K)<\/strong><\/td>\n<\/tr>\n<tr data-start=\"2136\" data-end=\"2163\">\n<td data-start=\"2136\" data-end=\"2147\" data-col-size=\"sm\">Batterie<\/td>\n<td data-start=\"2147\" data-end=\"2163\" data-col-size=\"sm\"><strong data-start=\"2149\" data-end=\"2161\">5000 mAh<\/strong><\/td>\n<\/tr>\n<tr data-start=\"2164\" data-end=\"2188\">\n<td data-start=\"2164\" data-end=\"2170\" data-col-size=\"sm\">SIM<\/td>\n<td data-start=\"2170\" data-end=\"2188\" data-col-size=\"sm\"><strong data-start=\"2172\" data-end=\"2186\">Single SIM<\/strong><\/td>\n<\/tr>\n<tr data-start=\"2189\" data-end=\"2219\">\n<td data-start=\"2189\" data-end=\"2199\" data-col-size=\"sm\">Syst\u00e8me<\/td>\n<td data-start=\"2199\" data-end=\"2219\" data-col-size=\"sm\">Android \/ One UI<\/td>\n<\/tr>\n<tr data-start=\"2220\" data-end=\"2241\">\n<td data-start=\"2220\" data-end=\"2233\" data-col-size=\"sm\">R\u00e9sistance<\/td>\n<td data-start=\"2233\" data-end=\"2241\" data-col-size=\"sm\">IP68<\/td>\n<\/tr>\n<\/tbody>\n<\/table>\n<\/div>\n<\/div>\n<hr data-start=\"2243\" data-end=\"2246\" \/>\n<h1 data-section-id=\"6f7tr2\" data-start=\"2248\" data-end=\"2269\">\ud83d\udce6 Contenu du colis<\/h1>\n<ul data-start=\"2271\" data-end=\"2394\">\n<li data-section-id=\"ilnbk8\" data-start=\"2271\" data-end=\"2310\">\n<p data-start=\"2273\" data-end=\"2310\">1 \u00d7 <strong data-start=\"2277\" data-end=\"2308\">Samsung Galaxy S21 Ultra 5G<\/strong><\/p>\n<\/li>\n<li data-section-id=\"gzkpdf\" data-start=\"2311\" data-end=\"2327\">\n<p data-start=\"2313\" data-end=\"2327\">1 \u00d7 Chargeur<\/p>\n<\/li>\n<li data-section-id=\"1cuiaz2\" data-start=\"2328\" data-end=\"2347\">\n<p data-start=\"2330\" data-end=\"2347\">1 \u00d7 C\u00e2ble USB-C<\/p>\n<\/li>\n<li data-section-id=\"12haphu\" data-start=\"2348\" data-end=\"2365\">\n<p data-start=\"2350\" data-end=\"2365\">1 \u00d7 Outil SIM<\/p>\n<\/li>\n<li data-section-id=\"euolri\" data-start=\"2366\" data-end=\"2394\">\n<p data-start=\"2368\" data-end=\"2394\">1 \u00d7 Manuel d\u2019utilisation<\/p>\n<\/li>\n<\/ul>\n<hr data-start=\"2396\" data-end=\"2399\" \/>\n<p data-start=\"2401\" data-end=\"2556\">\ud83d\udcf1 <strong data-start=\"2404\" data-end=\"2556\">Le Galaxy S21 Ultra 5G est un smartphone haut de gamme offrant un \u00e9cran spectaculaire, une cam\u00e9ra ultra performante et une puissance exceptionnelle.<\/strong><\/p>\n<\/div>\n<\/div>\n<\/div>\n<\/div>\n<\/div>\n<\/div>\n<\/article>\n<\/div>\n<\/div>\n<\/div>\n<\/div>\n<p><\/main><\/div>\n<\/div>\n<\/div>\n<\/div>\n<\/div>\n","protected":false},"excerpt":{"rendered":"<p>D\u00e9couvrez le Samsung Galaxy S21 Ultra 5G, un smartphone premium con\u00e7u pour offrir puissance, photographie professionnelle et \u00e9cran ultra immersif. Son \u00e9cran Dynamic AMOLED 2X de 6.8 pouces QHD+ avec taux de rafra\u00eechissement adaptatif 120 Hz garantit une exp\u00e9rience visuelle fluide et spectaculaire pour les vid\u00e9os, les jeux et la navigation. Propuls\u00e9 par le processeur&hellip;<\/p>\n","protected":false},"featured_media":16562,"comment_status":"open","ping_status":"closed","template":"","meta":[],"product_cat":[79],"product_tag":[],"class_list":{"0":"post-16560","1":"product","2":"type-product","3":"status-publish","4":"has-post-thumbnail","6":"product_brand-samsung","7":"product_cat-samsung","9":"first","10":"instock","11":"sale","12":"shipping-taxable","13":"purchasable","14":"product-type-simple","15":"col-xs-6 col-sm-4","16":"col-md-3 col-lg-3","17":"un-4-cols"},"_links":{"self":[{"href":"https:\/\/www.vazy.market\/index.php\/wp-json\/wp\/v2\/product\/16560","targetHints":{"allow":["GET"]}}],"collection":[{"href":"https:\/\/www.vazy.market\/index.php\/wp-json\/wp\/v2\/product"}],"about":[{"href":"https:\/\/www.vazy.market\/index.php\/wp-json\/wp\/v2\/types\/product"}],"replies":[{"embeddable":true,"href":"https:\/\/www.vazy.market\/index.php\/wp-json\/wp\/v2\/comments?post=16560"}],"wp:featuredmedia":[{"embeddable":true,"href":"https:\/\/www.vazy.market\/index.php\/wp-json\/wp\/v2\/media\/16562"}],"wp:attachment":[{"href":"https:\/\/www.vazy.market\/index.php\/wp-json\/wp\/v2\/media?parent=16560"}],"wp:term":[{"taxonomy":"product_cat","embeddable":true,"href":"https:\/\/www.vazy.market\/index.php\/wp-json\/wp\/v2\/product_cat?post=16560"},{"taxonomy":"product_tag","embeddable":true,"href":"https:\/\/www.vazy.market\/index.php\/wp-json\/wp\/v2\/product_tag?post=16560"}],"curies":[{"name":"wp","href":"https:\/\/api.w.org\/{rel}","templated":true}]}}