{"id":16531,"date":"2026-03-13T14:05:15","date_gmt":"2026-03-13T14:05:15","guid":{"rendered":"https:\/\/www.vazy.market\/?post_type=product&#038;p=16531"},"modified":"2026-03-25T09:49:38","modified_gmt":"2026-03-25T09:49:38","slug":"samsung-galaxy-a52-4g-6-5-128go6go-64mp12mp5mp5mp-4k32mp-4k-dual-nano-sim-4500mah","status":"publish","type":"product","link":"https:\/\/www.vazy.market\/index.php\/product\/samsung-galaxy-a52-4g-6-5-128go6go-64mp12mp5mp5mp-4k32mp-4k-dual-nano-sim-4500mah\/","title":{"rendered":"\ud83d\udcf1 SAMSUNG GALAXY A52 4G &#8211; 6.5&Prime; &#8211; 128Go|6Go &#8211; 64MP+12MP+5MP+5MP 4K|32MP 4K &#8211; Dual Nano SIM &#8211; 4500mAh"},"content":{"rendered":"<p data-start=\"109\" data-end=\"503\">D\u00e9couvrez le <strong data-start=\"122\" data-end=\"144\">Samsung Galaxy A52<\/strong>, un smartphone milieu de gamme puissant con\u00e7u pour offrir <strong data-start=\"203\" data-end=\"277\">un \u00e9cran AMOLED fluide, une cam\u00e9ra avanc\u00e9e et une excellente autonomie<\/strong>. Son <strong data-start=\"283\" data-end=\"368\">\u00e9cran Super AMOLED de 6.5 pouces FHD+ avec taux de rafra\u00eechissement jusqu\u2019\u00e0 90 Hz<\/strong> garantit une exp\u00e9rience visuelle claire et immersive pour les vid\u00e9os, jeux et r\u00e9seaux sociaux.<\/p>\n<p data-start=\"505\" data-end=\"801\">\u00c9quip\u00e9 d\u2019un <strong data-start=\"517\" data-end=\"565\">processeur Snapdragon 720G et de 6 Go de RAM<\/strong>, il assure une utilisation fluide pour le multit\u00e2che et les applications du quotidien. Son <strong data-start=\"657\" data-end=\"702\">stockage de 128 Go extensible via microSD<\/strong> permet de conserver facilement photos, vid\u00e9os et fichiers.<\/p>\n<p data-start=\"803\" data-end=\"1018\">Son <strong data-start=\"807\" data-end=\"891\">syst\u00e8me de cam\u00e9ra quadruple avec capteur principal de 64 MP et stabilisation OIS<\/strong> permet de capturer des photos nettes et des vid\u00e9os jusqu\u2019en <strong data-start=\"952\" data-end=\"958\">4K<\/strong>, m\u00eame en mouvement.<\/p>\n<hr data-start=\"1020\" data-end=\"1023\" \/>\n<h1 data-section-id=\"gug16d\" data-start=\"1025\" data-end=\"1041\">\u2b50 Points forts<\/h1>\n<p data-start=\"1043\" data-end=\"1381\">\u2714 \ud83d\udcf1 <strong data-start=\"1048\" data-end=\"1087\">\u00c9cran Super AMOLED 6.5&Prime; FHD+ fluide<\/strong><br data-start=\"1087\" data-end=\"1090\" \/>\u2714 \ud83d\udcf8 <strong data-start=\"1095\" data-end=\"1145\">Cam\u00e9ra principale 64 MP avec stabilisation OIS<\/strong><br data-start=\"1145\" data-end=\"1148\" \/>\u2714 \u26a1 <strong data-start=\"1152\" data-end=\"1193\">Processeur Snapdragon 720G performant<\/strong><br data-start=\"1193\" data-end=\"1196\" \/>\u2714 \ud83d\udd0b <strong data-start=\"1201\" data-end=\"1235\">Batterie longue dur\u00e9e 4500 mAh<\/strong><br data-start=\"1235\" data-end=\"1238\" \/>\u2714 \ud83d\udcbe <strong data-start=\"1243\" data-end=\"1286\">Stockage 128 Go extensible jusqu\u2019\u00e0 1 To<\/strong><br data-start=\"1286\" data-end=\"1289\" \/>\u2714 \ud83d\udca7 <strong data-start=\"1294\" data-end=\"1339\">R\u00e9sistance \u00e0 l\u2019eau et \u00e0 la poussi\u00e8re IP67<\/strong><br data-start=\"1339\" data-end=\"1342\" \/>\u2714 \ud83d\udd0a <strong data-start=\"1347\" data-end=\"1381\">Haut-parleurs st\u00e9r\u00e9o immersifs<\/strong><\/p>\n<hr data-start=\"1383\" data-end=\"1386\" \/>\n<h1 data-section-id=\"1bka4zl\" data-start=\"1388\" data-end=\"1407\">\ud83d\udcf8 Cam\u00e9ra avanc\u00e9e<\/h1>\n<ul data-start=\"1409\" data-end=\"1648\">\n<li data-section-id=\"1kql6xd\" data-start=\"1409\" data-end=\"1451\">\n<p data-start=\"1411\" data-end=\"1451\">\ud83d\udcf7 <strong data-start=\"1414\" data-end=\"1449\">Cam\u00e9ra principale : 64 MP (OIS)<\/strong><\/p>\n<\/li>\n<li data-section-id=\"1y2bq0h\" data-start=\"1452\" data-end=\"1488\">\n<p data-start=\"1454\" data-end=\"1488\">\ud83c\udf0d <strong data-start=\"1457\" data-end=\"1486\">Ultra grand-angle : 12 MP<\/strong><\/p>\n<\/li>\n<li data-section-id=\"ezt6zc\" data-start=\"1489\" data-end=\"1512\">\n<p data-start=\"1491\" data-end=\"1512\">\ud83d\udd0d <strong data-start=\"1494\" data-end=\"1510\">Macro : 5 MP<\/strong><\/p>\n<\/li>\n<li data-section-id=\"hpbgr2\" data-start=\"1513\" data-end=\"1549\">\n<p data-start=\"1515\" data-end=\"1549\">\ud83d\udce1 <strong data-start=\"1518\" data-end=\"1547\">Capteur profondeur : 5 MP<\/strong><\/p>\n<\/li>\n<li data-section-id=\"18ttxxb\" data-start=\"1550\" data-end=\"1584\">\n<p data-start=\"1552\" data-end=\"1584\">\ud83e\udd33 <strong data-start=\"1555\" data-end=\"1582\">Cam\u00e9ra frontale : 32 MP<\/strong><\/p>\n<\/li>\n<li data-section-id=\"1nag9u5\" data-start=\"1585\" data-end=\"1648\">\n<p data-start=\"1587\" data-end=\"1648\">\ud83c\udfa5 <strong data-start=\"1590\" data-end=\"1608\">Vid\u00e9o : 4K UHD<\/strong><\/p>\n<\/li>\n<\/ul>\n<hr data-start=\"1650\" data-end=\"1653\" \/>\n<h1 data-section-id=\"1gx1fos\" data-start=\"1655\" data-end=\"1675\">\ud83d\udcca Fiche Technique<\/h1>\n<div class=\"TyagGW_tableContainer\">\n<div class=\"group TyagGW_tableWrapper flex flex-col-reverse w-fit\" tabindex=\"-1\">\n<table class=\"w-fit min-w-(--thread-content-width)\" data-start=\"1677\" data-end=\"2175\">\n<thead data-start=\"1677\" data-end=\"1706\">\n<tr data-start=\"1677\" data-end=\"1706\">\n<th class=\"\" data-start=\"1677\" data-end=\"1695\" data-col-size=\"sm\">Caract\u00e9ristique<\/th>\n<th class=\"\" data-start=\"1695\" data-end=\"1706\" data-col-size=\"sm\">D\u00e9tails<\/th>\n<\/tr>\n<\/thead>\n<tbody data-start=\"1717\" data-end=\"2175\">\n<tr data-start=\"1717\" data-end=\"1737\">\n<td data-start=\"1717\" data-end=\"1726\" data-col-size=\"sm\">Marque<\/td>\n<td data-start=\"1726\" data-end=\"1737\" data-col-size=\"sm\">Samsung<\/td>\n<\/tr>\n<tr data-start=\"1738\" data-end=\"1765\">\n<td data-start=\"1738\" data-end=\"1747\" data-col-size=\"sm\">Mod\u00e8le<\/td>\n<td data-start=\"1747\" data-end=\"1765\" data-col-size=\"sm\"><strong data-start=\"1749\" data-end=\"1763\">Galaxy A52<\/strong><\/td>\n<\/tr>\n<tr data-start=\"1766\" data-end=\"1785\">\n<td data-start=\"1766\" data-end=\"1775\" data-col-size=\"sm\">R\u00e9seau<\/td>\n<td data-start=\"1775\" data-end=\"1785\" data-col-size=\"sm\">4G LTE<\/td>\n<\/tr>\n<tr data-start=\"1786\" data-end=\"1825\">\n<td data-start=\"1786\" data-end=\"1794\" data-col-size=\"sm\">\u00c9cran<\/td>\n<td data-start=\"1794\" data-end=\"1825\" data-col-size=\"sm\"><strong data-start=\"1796\" data-end=\"1823\">6.5 pouces Super AMOLED<\/strong><\/td>\n<\/tr>\n<tr data-start=\"1826\" data-end=\"1861\">\n<td data-start=\"1826\" data-end=\"1839\" data-col-size=\"sm\">R\u00e9solution<\/td>\n<td data-start=\"1839\" data-end=\"1861\" data-col-size=\"sm\">1080 \u00d7 2400 (FHD+)<\/td>\n<\/tr>\n<tr data-start=\"1862\" data-end=\"1898\">\n<td data-start=\"1862\" data-end=\"1889\" data-col-size=\"sm\">Taux de rafra\u00eechissement<\/td>\n<td data-start=\"1889\" data-end=\"1898\" data-col-size=\"sm\">90 Hz<\/td>\n<\/tr>\n<tr data-start=\"1899\" data-end=\"1931\">\n<td data-start=\"1899\" data-end=\"1912\" data-col-size=\"sm\">Processeur<\/td>\n<td data-start=\"1912\" data-end=\"1931\" data-col-size=\"sm\">Snapdragon 720G<\/td>\n<\/tr>\n<tr data-start=\"1932\" data-end=\"1950\">\n<td data-start=\"1932\" data-end=\"1938\" data-col-size=\"sm\">RAM<\/td>\n<td data-start=\"1938\" data-end=\"1950\" data-col-size=\"sm\"><strong data-start=\"1940\" data-end=\"1948\">6 Go<\/strong><\/td>\n<\/tr>\n<tr data-start=\"1951\" data-end=\"1976\">\n<td data-start=\"1951\" data-end=\"1962\" data-col-size=\"sm\">Stockage<\/td>\n<td data-start=\"1962\" data-end=\"1976\" data-col-size=\"sm\"><strong data-start=\"1964\" data-end=\"1974\">128 Go<\/strong><\/td>\n<\/tr>\n<tr data-start=\"1977\" data-end=\"2030\">\n<td data-start=\"1977\" data-end=\"1994\" data-col-size=\"sm\">Cam\u00e9ra arri\u00e8re<\/td>\n<td data-start=\"1994\" data-end=\"2030\" data-col-size=\"sm\"><strong data-start=\"1996\" data-end=\"2028\">64MP + 12MP + 5MP + 5MP (4K)<\/strong><\/td>\n<\/tr>\n<tr data-start=\"2031\" data-end=\"2066\">\n<td data-start=\"2031\" data-end=\"2049\" data-col-size=\"sm\">Cam\u00e9ra frontale<\/td>\n<td data-start=\"2049\" data-end=\"2066\" data-col-size=\"sm\"><strong data-start=\"2051\" data-end=\"2064\">32MP (4K)<\/strong><\/td>\n<\/tr>\n<tr data-start=\"2067\" data-end=\"2094\">\n<td data-start=\"2067\" data-end=\"2078\" data-col-size=\"sm\">Batterie<\/td>\n<td data-start=\"2078\" data-end=\"2094\" data-col-size=\"sm\"><strong data-start=\"2080\" data-end=\"2092\">4500 mAh<\/strong><\/td>\n<\/tr>\n<tr data-start=\"2095\" data-end=\"2122\">\n<td data-start=\"2095\" data-end=\"2101\" data-col-size=\"sm\">SIM<\/td>\n<td data-start=\"2101\" data-end=\"2122\" data-col-size=\"sm\"><strong data-start=\"2103\" data-end=\"2120\">Dual Nano SIM<\/strong><\/td>\n<\/tr>\n<tr data-start=\"2123\" data-end=\"2153\">\n<td data-start=\"2123\" data-end=\"2133\" data-col-size=\"sm\">Syst\u00e8me<\/td>\n<td data-start=\"2133\" data-end=\"2153\" data-col-size=\"sm\">Android \/ One UI<\/td>\n<\/tr>\n<tr data-start=\"2154\" data-end=\"2175\">\n<td data-start=\"2154\" data-end=\"2167\" data-col-size=\"sm\">R\u00e9sistance<\/td>\n<td data-start=\"2167\" data-end=\"2175\" data-col-size=\"sm\">IP67<\/td>\n<\/tr>\n<\/tbody>\n<\/table>\n<\/div>\n<\/div>\n<hr data-start=\"2177\" data-end=\"2180\" \/>\n<h1 data-section-id=\"6f7tr2\" data-start=\"2182\" data-end=\"2203\">\ud83d\udce6 Contenu du colis<\/h1>\n<ul data-start=\"2205\" data-end=\"2319\">\n<li data-section-id=\"1k9drle\" data-start=\"2205\" data-end=\"2235\">\n<p data-start=\"2207\" data-end=\"2235\">1 \u00d7 <strong data-start=\"2211\" data-end=\"2233\">Samsung Galaxy A52<\/strong><\/p>\n<\/li>\n<li data-section-id=\"1cuiaz2\" data-start=\"2236\" data-end=\"2255\">\n<p data-start=\"2238\" data-end=\"2255\">1 \u00d7 C\u00e2ble USB-C<\/p>\n<\/li>\n<li data-section-id=\"gzkpdf\" data-start=\"2256\" data-end=\"2272\">\n<p data-start=\"2258\" data-end=\"2272\">1 \u00d7 Chargeur<\/p>\n<\/li>\n<li data-section-id=\"12haphu\" data-start=\"2273\" data-end=\"2290\">\n<p data-start=\"2275\" data-end=\"2290\">1 \u00d7 Outil SIM<\/p>\n<\/li>\n<li data-section-id=\"euolri\" data-start=\"2291\" data-end=\"2319\">\n<p data-start=\"2293\" data-end=\"2319\">1 \u00d7 Manuel d\u2019utilisation<\/p>\n<\/li>\n<\/ul>\n<hr data-start=\"2321\" data-end=\"2324\" \/>\n<p data-start=\"2326\" data-end=\"2459\">\ud83d\udcf1 <strong data-start=\"2329\" data-end=\"2459\">Le Galaxy A52 combine \u00e9cran AMOLED fluide, cam\u00e9ra performante et excellente autonomie pour une exp\u00e9rience smartphone compl\u00e8te.<\/strong><\/p>\n","protected":false},"excerpt":{"rendered":"<p>D\u00e9couvrez le Samsung Galaxy A52, un smartphone milieu de gamme puissant con\u00e7u pour offrir un \u00e9cran AMOLED fluide, une cam\u00e9ra avanc\u00e9e et une excellente autonomie. Son \u00e9cran Super AMOLED de 6.5 pouces FHD+ avec taux de rafra\u00eechissement jusqu\u2019\u00e0 90 Hz garantit une exp\u00e9rience visuelle claire et immersive pour les vid\u00e9os, jeux et r\u00e9seaux sociaux. \u00c9quip\u00e9&hellip;<\/p>\n","protected":false},"featured_media":16535,"comment_status":"open","ping_status":"closed","template":"","meta":[],"product_cat":[79],"product_tag":[],"class_list":{"0":"post-16531","1":"product","2":"type-product","3":"status-publish","4":"has-post-thumbnail","6":"product_brand-samsung","7":"product_cat-samsung","9":"first","10":"instock","11":"sale","12":"shipping-taxable","13":"purchasable","14":"product-type-simple","15":"col-xs-6 col-sm-4","16":"col-md-3 col-lg-3","17":"un-4-cols"},"_links":{"self":[{"href":"https:\/\/www.vazy.market\/index.php\/wp-json\/wp\/v2\/product\/16531","targetHints":{"allow":["GET"]}}],"collection":[{"href":"https:\/\/www.vazy.market\/index.php\/wp-json\/wp\/v2\/product"}],"about":[{"href":"https:\/\/www.vazy.market\/index.php\/wp-json\/wp\/v2\/types\/product"}],"replies":[{"embeddable":true,"href":"https:\/\/www.vazy.market\/index.php\/wp-json\/wp\/v2\/comments?post=16531"}],"wp:featuredmedia":[{"embeddable":true,"href":"https:\/\/www.vazy.market\/index.php\/wp-json\/wp\/v2\/media\/16535"}],"wp:attachment":[{"href":"https:\/\/www.vazy.market\/index.php\/wp-json\/wp\/v2\/media?parent=16531"}],"wp:term":[{"taxonomy":"product_cat","embeddable":true,"href":"https:\/\/www.vazy.market\/index.php\/wp-json\/wp\/v2\/product_cat?post=16531"},{"taxonomy":"product_tag","embeddable":true,"href":"https:\/\/www.vazy.market\/index.php\/wp-json\/wp\/v2\/product_tag?post=16531"}],"curies":[{"name":"wp","href":"https:\/\/api.w.org\/{rel}","templated":true}]}}