{"id":16486,"date":"2026-03-13T10:57:13","date_gmt":"2026-03-13T10:57:13","guid":{"rendered":"https:\/\/www.vazy.market\/?post_type=product&#038;p=16486"},"modified":"2026-03-25T09:48:01","modified_gmt":"2026-03-25T09:48:01","slug":"samsung-galaxy-s24-ultra-5g-6-8-512go12go-200mp50mp10mp12mp-4k12mp-4k-dual-nano-simesim-5000mah","status":"publish","type":"product","link":"https:\/\/www.vazy.market\/index.php\/product\/samsung-galaxy-s24-ultra-5g-6-8-512go12go-200mp50mp10mp12mp-4k12mp-4k-dual-nano-simesim-5000mah\/","title":{"rendered":"\ud83d\udcf1 SAMSUNG GALAXY S24 ULTRA 5G &#8211; 6.8&Prime; &#8211; 512Go|12Go &#8211; 200MP+50MP+10MP+12MP 4K|12MP 4K &#8211; Dual Nano SIM|eSIM &#8211; 5000mAh"},"content":{"rendered":"<div class=\"flex flex-col text-sm pb-25\">\n<article class=\"text-token-text-primary w-full focus:outline-none [--shadow-height:45px] has-data-writing-block:pointer-events-none has-data-writing-block:-mt-(--shadow-height) has-data-writing-block:pt-(--shadow-height) [&amp;:has([data-writing-block])&gt;*]:pointer-events-auto scroll-mt-[calc(var(--header-height)+min(200px,max(70px,20svh)))]\" dir=\"auto\" tabindex=\"-1\" data-turn-id=\"request-69add934-1d50-8332-91d7-d97a2ee2331f-0\" data-testid=\"conversation-turn-132\" data-scroll-anchor=\"true\" data-turn=\"assistant\">\n<div class=\"text-base my-auto mx-auto pb-10 [--thread-content-margin:var(--thread-content-margin-xs,calc(var(--spacing)*4))] @w-sm\/main:[--thread-content-margin:var(--thread-content-margin-sm,calc(var(--spacing)*6))] @w-lg\/main:[--thread-content-margin:var(--thread-content-margin-lg,calc(var(--spacing)*16))] px-(--thread-content-margin)\">\n<div class=\"[--thread-content-max-width:40rem] @w-lg\/main:[--thread-content-max-width:48rem] mx-auto max-w-(--thread-content-max-width) flex-1 group\/turn-messages focus-visible:outline-hidden relative flex w-full min-w-0 flex-col agent-turn\" tabindex=\"-1\">\n<div class=\"flex max-w-full flex-col gap-4 grow\">\n<div class=\"min-h-8 text-message relative flex w-full flex-col items-end gap-2 text-start break-words whitespace-normal [.text-message+&amp;]:mt-1\" dir=\"auto\" data-message-author-role=\"assistant\" data-message-id=\"40e65b47-1f2c-4ed9-bb3b-8ec185042b68\" data-message-model-slug=\"gpt-5-3\">\n<div class=\"flex w-full flex-col gap-1 empty:hidden\">\n<div class=\"markdown prose dark:prose-invert w-full wrap-break-word light markdown-new-styling\">\n<p data-start=\"124\" data-end=\"484\">D\u00e9couvrez le <strong data-start=\"137\" data-end=\"165\">Samsung Galaxy S24 Ultra<\/strong>, le smartphone premium de la s\u00e9rie Galaxy S con\u00e7u pour offrir <strong data-start=\"228\" data-end=\"300\">puissance, intelligence artificielle et photographie professionnelle<\/strong>. Son <strong data-start=\"306\" data-end=\"384\">\u00e9cran Dynamic AMOLED 2X de 6.8 pouces avec taux de rafra\u00eechissement 120 Hz<\/strong> garantit une exp\u00e9rience visuelle ultra fluide et immersive.<\/p>\n<p data-start=\"486\" data-end=\"697\">Gr\u00e2ce au <strong data-start=\"495\" data-end=\"528\">processeur Snapdragon 8 Gen 3<\/strong> et \u00e0 <strong data-start=\"534\" data-end=\"550\">12 Go de RAM<\/strong>, ce smartphone offre des performances rapides pour le multit\u00e2che, les jeux et les applications exigeantes.<\/p>\n<p data-start=\"699\" data-end=\"903\">Son <strong data-start=\"703\" data-end=\"774\">syst\u00e8me de cam\u00e9ra quadruple avanc\u00e9 avec capteur principal de 200 MP<\/strong> permet de capturer des photos ultra d\u00e9taill\u00e9es et des vid\u00e9os de qualit\u00e9 professionnelle.<\/p>\n<hr data-start=\"905\" data-end=\"908\" \/>\n<h1 data-section-id=\"gug16d\" data-start=\"910\" data-end=\"926\">\u2b50 Points forts<\/h1>\n<p data-start=\"928\" data-end=\"1271\">\u2714 \ud83d\udcf1 <strong data-start=\"933\" data-end=\"976\">\u00c9cran Dynamic AMOLED 2X 6.8&Prime; QHD+ 120Hz<\/strong><br data-start=\"976\" data-end=\"979\" \/>\u2714 \u26a1 <strong data-start=\"983\" data-end=\"1033\">Processeur Snapdragon 8 Gen 3 ultra performant<\/strong><br data-start=\"1033\" data-end=\"1036\" \/>\u2714 \ud83d\udcf8 <strong data-start=\"1041\" data-end=\"1086\">Cam\u00e9ra principale 200 MP avec zoom avanc\u00e9<\/strong><br data-start=\"1086\" data-end=\"1089\" \/>\u2714 \ud83c\udfa5 <strong data-start=\"1094\" data-end=\"1127\">Enregistrement vid\u00e9o 4K et 8K<\/strong><br data-start=\"1127\" data-end=\"1130\" \/>\u2714 \ud83d\udd8a <strong data-start=\"1135\" data-end=\"1184\">S Pen int\u00e9gr\u00e9 pour productivit\u00e9 et cr\u00e9ativit\u00e9<\/strong><br data-start=\"1184\" data-end=\"1187\" \/>\u2714 \ud83d\udd0b <strong data-start=\"1192\" data-end=\"1226\">Batterie longue dur\u00e9e 5000 mAh<\/strong><br data-start=\"1226\" data-end=\"1229\" \/>\u2714 \ud83d\udcf6 <strong data-start=\"1234\" data-end=\"1271\">Compatible r\u00e9seau 5G ultra rapide<\/strong><\/p>\n<hr data-start=\"1273\" data-end=\"1276\" \/>\n<h1 data-section-id=\"1wxtg7y\" data-start=\"1278\" data-end=\"1305\">\ud83d\udcf8 Cam\u00e9ra professionnelle<\/h1>\n<ul data-start=\"1307\" data-end=\"1554\">\n<li data-section-id=\"175wfpx\" data-start=\"1307\" data-end=\"1344\">\n<p data-start=\"1309\" data-end=\"1344\">\ud83d\udcf7 <strong data-start=\"1312\" data-end=\"1342\">Cam\u00e9ra principale : 200 MP<\/strong><\/p>\n<\/li>\n<li data-section-id=\"1ivvl8l\" data-start=\"1345\" data-end=\"1407\">\n<p data-start=\"1347\" data-end=\"1407\">\ud83d\udd2d <strong data-start=\"1350\" data-end=\"1405\">T\u00e9l\u00e9objectif p\u00e9riscopique : 50 MP (zoom optique 5x)<\/strong><\/p>\n<\/li>\n<li data-section-id=\"147ub36\" data-start=\"1408\" data-end=\"1457\">\n<p data-start=\"1410\" data-end=\"1457\">\ud83d\udd2d <strong data-start=\"1413\" data-end=\"1455\">T\u00e9l\u00e9objectif : 10 MP (zoom optique 3x)<\/strong><\/p>\n<\/li>\n<li data-section-id=\"1y2bq0h\" data-start=\"1458\" data-end=\"1494\">\n<p data-start=\"1460\" data-end=\"1494\">\ud83c\udf0d <strong data-start=\"1463\" data-end=\"1492\">Ultra grand-angle : 12 MP<\/strong><\/p>\n<\/li>\n<li data-section-id=\"14x4l9\" data-start=\"1495\" data-end=\"1529\">\n<p data-start=\"1497\" data-end=\"1529\">\ud83e\udd33 <strong data-start=\"1500\" data-end=\"1527\">Cam\u00e9ra frontale : 12 MP<\/strong><\/p>\n<\/li>\n<li data-section-id=\"eywvyt\" data-start=\"1530\" data-end=\"1554\">\n<p data-start=\"1532\" data-end=\"1554\">\ud83c\udfa5 <strong data-start=\"1535\" data-end=\"1554\">Vid\u00e9o : 4K \/ 8K<\/strong><\/p>\n<\/li>\n<\/ul>\n<hr data-start=\"1556\" data-end=\"1559\" \/>\n<h1 data-section-id=\"1gx1fos\" data-start=\"1561\" data-end=\"1581\">\ud83d\udcca Fiche Technique<\/h1>\n<div class=\"TyagGW_tableContainer\">\n<div class=\"group TyagGW_tableWrapper flex flex-col-reverse w-fit\" tabindex=\"-1\">\n<table class=\"w-fit min-w-(--thread-content-width)\" data-start=\"1583\" data-end=\"2089\">\n<thead data-start=\"1583\" data-end=\"1612\">\n<tr data-start=\"1583\" data-end=\"1612\">\n<th class=\"\" data-start=\"1583\" data-end=\"1601\" data-col-size=\"sm\">Caract\u00e9ristique<\/th>\n<th class=\"\" data-start=\"1601\" data-end=\"1612\" data-col-size=\"sm\">D\u00e9tails<\/th>\n<\/tr>\n<\/thead>\n<tbody data-start=\"1623\" data-end=\"2089\">\n<tr data-start=\"1623\" data-end=\"1643\">\n<td data-start=\"1623\" data-end=\"1632\" data-col-size=\"sm\">Marque<\/td>\n<td data-start=\"1632\" data-end=\"1643\" data-col-size=\"sm\">Samsung<\/td>\n<\/tr>\n<tr data-start=\"1644\" data-end=\"1677\">\n<td data-start=\"1644\" data-end=\"1653\" data-col-size=\"sm\">Mod\u00e8le<\/td>\n<td data-start=\"1653\" data-end=\"1677\" data-col-size=\"sm\"><strong data-start=\"1655\" data-end=\"1675\">Galaxy S24 Ultra<\/strong><\/td>\n<\/tr>\n<tr data-start=\"1678\" data-end=\"1693\">\n<td data-start=\"1678\" data-end=\"1687\" data-col-size=\"sm\">R\u00e9seau<\/td>\n<td data-start=\"1687\" data-end=\"1693\" data-col-size=\"sm\">5G<\/td>\n<\/tr>\n<tr data-start=\"1694\" data-end=\"1738\">\n<td data-start=\"1694\" data-end=\"1702\" data-col-size=\"sm\">\u00c9cran<\/td>\n<td data-start=\"1702\" data-end=\"1738\" data-col-size=\"sm\"><strong data-start=\"1704\" data-end=\"1736\">6.8 pouces Dynamic AMOLED 2X<\/strong><\/td>\n<\/tr>\n<tr data-start=\"1739\" data-end=\"1760\">\n<td data-start=\"1739\" data-end=\"1752\" data-col-size=\"sm\">R\u00e9solution<\/td>\n<td data-start=\"1752\" data-end=\"1760\" data-col-size=\"sm\">QHD+<\/td>\n<\/tr>\n<tr data-start=\"1761\" data-end=\"1798\">\n<td data-start=\"1761\" data-end=\"1788\" data-col-size=\"sm\">Taux de rafra\u00eechissement<\/td>\n<td data-start=\"1788\" data-end=\"1798\" data-col-size=\"sm\">120 Hz<\/td>\n<\/tr>\n<tr data-start=\"1799\" data-end=\"1834\">\n<td data-start=\"1799\" data-end=\"1812\" data-col-size=\"sm\">Processeur<\/td>\n<td data-start=\"1812\" data-end=\"1834\" data-col-size=\"sm\">Snapdragon 8 Gen 3<\/td>\n<\/tr>\n<tr data-start=\"1835\" data-end=\"1854\">\n<td data-start=\"1835\" data-end=\"1841\" data-col-size=\"sm\">RAM<\/td>\n<td data-start=\"1841\" data-end=\"1854\" data-col-size=\"sm\"><strong data-start=\"1843\" data-end=\"1852\">12 Go<\/strong><\/td>\n<\/tr>\n<tr data-start=\"1855\" data-end=\"1880\">\n<td data-start=\"1855\" data-end=\"1866\" data-col-size=\"sm\">Stockage<\/td>\n<td data-start=\"1866\" data-end=\"1880\" data-col-size=\"sm\"><strong data-start=\"1868\" data-end=\"1878\">512 Go<\/strong><\/td>\n<\/tr>\n<tr data-start=\"1881\" data-end=\"1937\">\n<td data-start=\"1881\" data-end=\"1898\" data-col-size=\"sm\">Cam\u00e9ra arri\u00e8re<\/td>\n<td data-col-size=\"sm\" data-start=\"1898\" data-end=\"1937\"><strong data-start=\"1900\" data-end=\"1935\">200MP + 50MP + 10MP + 12MP (4K)<\/strong><\/td>\n<\/tr>\n<tr data-start=\"1938\" data-end=\"1973\">\n<td data-start=\"1938\" data-end=\"1956\" data-col-size=\"sm\">Cam\u00e9ra frontale<\/td>\n<td data-start=\"1956\" data-end=\"1973\" data-col-size=\"sm\"><strong data-start=\"1958\" data-end=\"1971\">12MP (4K)<\/strong><\/td>\n<\/tr>\n<tr data-start=\"1974\" data-end=\"2001\">\n<td data-start=\"1974\" data-end=\"1985\" data-col-size=\"sm\">Batterie<\/td>\n<td data-start=\"1985\" data-end=\"2001\" data-col-size=\"sm\"><strong data-start=\"1987\" data-end=\"1999\">5000 mAh<\/strong><\/td>\n<\/tr>\n<tr data-start=\"2002\" data-end=\"2036\">\n<td data-start=\"2002\" data-end=\"2008\" data-col-size=\"sm\">SIM<\/td>\n<td data-start=\"2008\" data-end=\"2036\" data-col-size=\"sm\"><strong data-start=\"2010\" data-end=\"2034\">Dual Nano SIM + eSIM<\/strong><\/td>\n<\/tr>\n<tr data-start=\"2037\" data-end=\"2067\">\n<td data-start=\"2037\" data-end=\"2047\" data-col-size=\"sm\">Syst\u00e8me<\/td>\n<td data-start=\"2047\" data-end=\"2067\" data-col-size=\"sm\">Android \/ One UI<\/td>\n<\/tr>\n<tr data-start=\"2068\" data-end=\"2089\">\n<td data-start=\"2068\" data-end=\"2081\" data-col-size=\"sm\">R\u00e9sistance<\/td>\n<td data-start=\"2081\" data-end=\"2089\" data-col-size=\"sm\">IP68<\/td>\n<\/tr>\n<\/tbody>\n<\/table>\n<\/div>\n<\/div>\n<hr data-start=\"2091\" data-end=\"2094\" \/>\n<h1 data-section-id=\"6f7tr2\" data-start=\"2096\" data-end=\"2117\">\ud83d\udce6 Contenu du colis<\/h1>\n<ul data-start=\"2119\" data-end=\"2222\">\n<li data-section-id=\"1oxjttr\" data-start=\"2119\" data-end=\"2155\">\n<p data-start=\"2121\" data-end=\"2155\">1 \u00d7 <strong data-start=\"2125\" data-end=\"2153\">Samsung Galaxy S24 Ultra<\/strong><\/p>\n<\/li>\n<li data-section-id=\"1cuiaz2\" data-start=\"2156\" data-end=\"2175\">\n<p data-start=\"2158\" data-end=\"2175\">1 \u00d7 C\u00e2ble USB-C<\/p>\n<\/li>\n<li data-section-id=\"12haphu\" data-start=\"2176\" data-end=\"2193\">\n<p data-start=\"2178\" data-end=\"2193\">1 \u00d7 Outil SIM<\/p>\n<\/li>\n<li data-section-id=\"euolri\" data-start=\"2194\" data-end=\"2222\">\n<p data-start=\"2196\" data-end=\"2222\">1 \u00d7 Manuel d\u2019utilisation<\/p>\n<\/li>\n<\/ul>\n<hr data-start=\"2224\" data-end=\"2227\" \/>\n<p data-start=\"2229\" data-end=\"2367\">\ud83d\udcf1 <strong data-start=\"2232\" data-end=\"2367\">Le Galaxy S24 Ultra combine puissance, intelligence artificielle et photographie avanc\u00e9e pour une exp\u00e9rience Android haut de gamme.<\/strong><\/p>\n<\/div>\n<\/div>\n<\/div>\n<\/div>\n<\/div>\n<\/div>\n<\/article>\n<\/div>\n","protected":false},"excerpt":{"rendered":"<p>D\u00e9couvrez le Samsung Galaxy S24 Ultra, le smartphone premium de la s\u00e9rie Galaxy S con\u00e7u pour offrir puissance, intelligence artificielle et photographie professionnelle. Son \u00e9cran Dynamic AMOLED 2X de 6.8 pouces avec taux de rafra\u00eechissement 120 Hz garantit une exp\u00e9rience visuelle ultra fluide et immersive. Gr\u00e2ce au processeur Snapdragon 8 Gen 3 et \u00e0 12&hellip;<\/p>\n","protected":false},"featured_media":16488,"comment_status":"open","ping_status":"closed","template":"","meta":[],"product_cat":[79],"product_tag":[],"class_list":{"0":"post-16486","1":"product","2":"type-product","3":"status-publish","4":"has-post-thumbnail","6":"product_brand-samsung","7":"product_cat-samsung","9":"first","10":"instock","11":"sale","12":"shipping-taxable","13":"purchasable","14":"product-type-simple","15":"col-xs-6 col-sm-4","16":"col-md-3 col-lg-3","17":"un-4-cols"},"_links":{"self":[{"href":"https:\/\/www.vazy.market\/index.php\/wp-json\/wp\/v2\/product\/16486","targetHints":{"allow":["GET"]}}],"collection":[{"href":"https:\/\/www.vazy.market\/index.php\/wp-json\/wp\/v2\/product"}],"about":[{"href":"https:\/\/www.vazy.market\/index.php\/wp-json\/wp\/v2\/types\/product"}],"replies":[{"embeddable":true,"href":"https:\/\/www.vazy.market\/index.php\/wp-json\/wp\/v2\/comments?post=16486"}],"wp:featuredmedia":[{"embeddable":true,"href":"https:\/\/www.vazy.market\/index.php\/wp-json\/wp\/v2\/media\/16488"}],"wp:attachment":[{"href":"https:\/\/www.vazy.market\/index.php\/wp-json\/wp\/v2\/media?parent=16486"}],"wp:term":[{"taxonomy":"product_cat","embeddable":true,"href":"https:\/\/www.vazy.market\/index.php\/wp-json\/wp\/v2\/product_cat?post=16486"},{"taxonomy":"product_tag","embeddable":true,"href":"https:\/\/www.vazy.market\/index.php\/wp-json\/wp\/v2\/product_tag?post=16486"}],"curies":[{"name":"wp","href":"https:\/\/api.w.org\/{rel}","templated":true}]}}