{"id":16467,"date":"2026-03-11T22:09:48","date_gmt":"2026-03-11T22:09:48","guid":{"rendered":"https:\/\/www.vazy.market\/?post_type=product&#038;p=16467"},"modified":"2026-03-25T10:02:11","modified_gmt":"2026-03-25T10:02:11","slug":"calus-wireless-power-bank-10000mah-22-5w","status":"publish","type":"product","link":"https:\/\/www.vazy.market\/index.php\/product\/calus-wireless-power-bank-10000mah-22-5w\/","title":{"rendered":"\ud83d\udd0b Calus Wireless Power Bank 10000mAh (22.5W)"},"content":{"rendered":"<div class=\"flex flex-col text-sm pb-25\">\n<article class=\"text-token-text-primary w-full focus:outline-none [--shadow-height:45px] has-data-writing-block:pointer-events-none has-data-writing-block:-mt-(--shadow-height) has-data-writing-block:pt-(--shadow-height) [&amp;:has([data-writing-block])&gt;*]:pointer-events-auto scroll-mt-[calc(var(--header-height)+min(200px,max(70px,20svh)))]\" dir=\"auto\" tabindex=\"-1\" data-turn-id=\"request-69add934-1d50-8332-91d7-d97a2ee2331f-9\" data-testid=\"conversation-turn-122\" data-scroll-anchor=\"true\" data-turn=\"assistant\">\n<div class=\"text-base my-auto mx-auto pb-10 [--thread-content-margin:var(--thread-content-margin-xs,calc(var(--spacing)*4))] @w-sm\/main:[--thread-content-margin:var(--thread-content-margin-sm,calc(var(--spacing)*6))] @w-lg\/main:[--thread-content-margin:var(--thread-content-margin-lg,calc(var(--spacing)*16))] px-(--thread-content-margin)\">\n<div class=\"[--thread-content-max-width:40rem] @w-lg\/main:[--thread-content-max-width:48rem] mx-auto max-w-(--thread-content-max-width) flex-1 group\/turn-messages focus-visible:outline-hidden relative flex w-full min-w-0 flex-col agent-turn\" tabindex=\"-1\">\n<div class=\"flex max-w-full flex-col gap-4 grow\">\n<div class=\"min-h-8 text-message relative flex w-full flex-col items-end gap-2 text-start break-words whitespace-normal [.text-message+&amp;]:mt-1\" dir=\"auto\" data-message-author-role=\"assistant\" data-message-id=\"6a4c6b94-67b5-4e24-91c9-832ca235fefb\" data-message-model-slug=\"gpt-5-3\">\n<div class=\"flex w-full flex-col gap-1 empty:hidden\">\n<div class=\"markdown prose dark:prose-invert w-full wrap-break-word light markdown-new-styling\">\n<p data-start=\"54\" data-end=\"255\">Rechargez vos appareils rapidement et facilement avec la <strong data-start=\"111\" data-end=\"149\">Calus Wireless Power Bank 10000mAh<\/strong>, une batterie externe moderne \u00e9quip\u00e9e de la <strong data-start=\"194\" data-end=\"254\">technologie de charge sans fil et de charge rapide 22.5W<\/strong>.<\/p>\n<p data-start=\"257\" data-end=\"439\">Gr\u00e2ce \u00e0 sa <strong data-start=\"268\" data-end=\"294\">capacit\u00e9 de 10 000 mAh<\/strong>, cette power bank permet de recharger plusieurs fois votre smartphone, vos \u00e9couteurs ou autres appareils \u00e9lectroniques lors de vos d\u00e9placements.<\/p>\n<p data-start=\"441\" data-end=\"650\">Son <strong data-start=\"445\" data-end=\"474\">design compact et \u00e9l\u00e9gant<\/strong> la rend facile \u00e0 transporter dans un sac ou une poche, tandis que la <strong data-start=\"544\" data-end=\"582\">zone de recharge sans fil int\u00e9gr\u00e9e<\/strong> permet de recharger simplement votre t\u00e9l\u00e9phone en le posant dessus.<\/p>\n<hr data-start=\"652\" data-end=\"655\" \/>\n<h1 data-section-id=\"gug16d\" data-start=\"657\" data-end=\"673\">\u2b50 Points forts<\/h1>\n<p data-start=\"675\" data-end=\"997\">\u2714 \ud83d\udd0b <strong data-start=\"680\" data-end=\"713\">Grande capacit\u00e9 de 10 000 mAh<\/strong><br data-start=\"713\" data-end=\"716\" \/>\u2714 \u26a1 <strong data-start=\"720\" data-end=\"751\">Charge rapide jusqu\u2019\u00e0 22.5W<\/strong><br data-start=\"751\" data-end=\"754\" \/>\u2714 \ud83d\udce1 <strong data-start=\"759\" data-end=\"800\">Recharge sans fil (Wireless Charging)<\/strong><br data-start=\"800\" data-end=\"803\" \/>\u2714 \ud83d\udcf1 <strong data-start=\"808\" data-end=\"854\">Compatible avec la plupart des smartphones<\/strong><br data-start=\"854\" data-end=\"857\" \/>\u2714 \ud83e\uddf3 <strong data-start=\"862\" data-end=\"892\">Design compact et portable<\/strong><br data-start=\"892\" data-end=\"895\" \/>\u2714 \ud83d\udee1 <strong data-start=\"900\" data-end=\"945\">Protection contre surcharge et surchauffe<\/strong><br data-start=\"945\" data-end=\"948\" \/>\u2714 \ud83d\udd0c <strong data-start=\"953\" data-end=\"997\">Ports multiples pour recharge simultan\u00e9e<\/strong><\/p>\n<hr data-start=\"999\" data-end=\"1002\" \/>\n<h1 data-section-id=\"ihwmxg\" data-start=\"1004\" data-end=\"1022\">\ud83d\udcf1 Compatibilit\u00e9<\/h1>\n<ul data-start=\"1024\" data-end=\"1147\">\n<li data-section-id=\"1rxl1vp\" data-start=\"1024\" data-end=\"1047\">\n<p data-start=\"1026\" data-end=\"1047\">Smartphones Android<\/p>\n<\/li>\n<li data-section-id=\"1x7amji\" data-start=\"1048\" data-end=\"1086\">\n<p data-start=\"1050\" data-end=\"1086\">iPhone compatibles charge sans fil<\/p>\n<\/li>\n<li data-section-id=\"198ccrv\" data-start=\"1087\" data-end=\"1110\">\n<p data-start=\"1089\" data-end=\"1110\">\u00c9couteurs Bluetooth<\/p>\n<\/li>\n<li data-section-id=\"1x4w8bk\" data-start=\"1111\" data-end=\"1124\">\n<p data-start=\"1113\" data-end=\"1124\">Tablettes<\/p>\n<\/li>\n<li data-section-id=\"3masax\" data-start=\"1125\" data-end=\"1147\">\n<p data-start=\"1127\" data-end=\"1147\">Autres appareils USB<\/p>\n<\/li>\n<\/ul>\n<hr data-start=\"1149\" data-end=\"1152\" \/>\n<h1 data-section-id=\"1gx1fos\" data-start=\"1154\" data-end=\"1174\">\ud83d\udcca Fiche Technique<\/h1>\n<div class=\"TyagGW_tableContainer\">\n<div class=\"group TyagGW_tableWrapper flex flex-col-reverse w-fit\" tabindex=\"-1\">\n<table class=\"w-fit min-w-(--thread-content-width)\" data-start=\"1176\" data-end=\"1498\">\n<thead data-start=\"1176\" data-end=\"1205\">\n<tr data-start=\"1176\" data-end=\"1205\">\n<th class=\"\" data-start=\"1176\" data-end=\"1194\" data-col-size=\"sm\">Caract\u00e9ristique<\/th>\n<th class=\"\" data-start=\"1194\" data-end=\"1205\" data-col-size=\"sm\">D\u00e9tails<\/th>\n<\/tr>\n<\/thead>\n<tbody data-start=\"1216\" data-end=\"1498\">\n<tr data-start=\"1216\" data-end=\"1234\">\n<td data-start=\"1216\" data-end=\"1225\" data-col-size=\"sm\">Marque<\/td>\n<td data-start=\"1225\" data-end=\"1234\" data-col-size=\"sm\">Calus<\/td>\n<\/tr>\n<tr data-start=\"1235\" data-end=\"1271\">\n<td data-start=\"1235\" data-end=\"1244\" data-col-size=\"sm\">Mod\u00e8le<\/td>\n<td data-start=\"1244\" data-end=\"1271\" data-col-size=\"sm\"><strong data-start=\"1246\" data-end=\"1269\">Wireless Power Bank<\/strong><\/td>\n<\/tr>\n<tr data-start=\"1272\" data-end=\"1300\">\n<td data-start=\"1272\" data-end=\"1283\" data-col-size=\"sm\">Capacit\u00e9<\/td>\n<td data-start=\"1283\" data-end=\"1300\" data-col-size=\"sm\"><strong data-start=\"1285\" data-end=\"1298\">10000 mAh<\/strong><\/td>\n<\/tr>\n<tr data-start=\"1301\" data-end=\"1338\">\n<td data-start=\"1301\" data-end=\"1313\" data-col-size=\"sm\">Puissance<\/td>\n<td data-start=\"1313\" data-end=\"1338\" data-col-size=\"sm\"><strong data-start=\"1315\" data-end=\"1336\">22.5W Fast Charge<\/strong><\/td>\n<\/tr>\n<tr data-start=\"1339\" data-end=\"1378\">\n<td data-start=\"1339\" data-end=\"1353\" data-col-size=\"sm\">Technologie<\/td>\n<td data-start=\"1353\" data-end=\"1378\" data-col-size=\"sm\">Charge sans fil + USB<\/td>\n<\/tr>\n<tr data-start=\"1379\" data-end=\"1403\">\n<td data-start=\"1379\" data-end=\"1387\" data-col-size=\"sm\">Ports<\/td>\n<td data-start=\"1387\" data-end=\"1403\" data-col-size=\"sm\">USB \/ Type-C<\/td>\n<\/tr>\n<tr data-start=\"1404\" data-end=\"1457\">\n<td data-start=\"1404\" data-end=\"1417\" data-col-size=\"sm\">Protection<\/td>\n<td data-start=\"1417\" data-end=\"1457\" data-col-size=\"sm\">Surcharge, surtension, court-circuit<\/td>\n<\/tr>\n<tr data-start=\"1458\" data-end=\"1476\">\n<td data-start=\"1458\" data-end=\"1468\" data-col-size=\"sm\">Couleur<\/td>\n<td data-start=\"1468\" data-end=\"1476\" data-col-size=\"sm\">Noir<\/td>\n<\/tr>\n<tr data-start=\"1477\" data-end=\"1498\">\n<td data-start=\"1477\" data-end=\"1488\" data-col-size=\"sm\">Garantie<\/td>\n<td data-start=\"1488\" data-end=\"1498\" data-col-size=\"sm\">3 mois<\/td>\n<\/tr>\n<\/tbody>\n<\/table>\n<\/div>\n<\/div>\n<hr data-start=\"1500\" data-end=\"1503\" \/>\n<h1 data-section-id=\"6f7tr2\" data-start=\"1505\" data-end=\"1526\">\ud83d\udce6 Contenu du colis<\/h1>\n<ul data-start=\"1528\" data-end=\"1629\">\n<li data-section-id=\"tc7nxm\" data-start=\"1528\" data-end=\"1574\">\n<p data-start=\"1530\" data-end=\"1574\">1 \u00d7 <strong data-start=\"1534\" data-end=\"1572\">Calus Wireless Power Bank 10000mAh<\/strong><\/p>\n<\/li>\n<li data-section-id=\"1ujm9xk\" data-start=\"1575\" data-end=\"1600\">\n<p data-start=\"1577\" data-end=\"1600\">1 \u00d7 C\u00e2ble de recharge<\/p>\n<\/li>\n<li data-section-id=\"euolri\" data-start=\"1601\" data-end=\"1629\">\n<p data-start=\"1603\" data-end=\"1629\">1 \u00d7 Manuel d\u2019utilisation<\/p>\n<\/li>\n<\/ul>\n<hr data-start=\"1723\" data-end=\"1726\" \/>\n<p data-start=\"1728\" data-end=\"1808\" data-is-last-node=\"\" data-is-only-node=\"\">\ud83d\udd0b <strong data-start=\"1731\" data-end=\"1808\" data-is-last-node=\"\">La solution id\u00e9ale pour recharger vos appareils partout et \u00e0 tout moment.<\/strong><\/p>\n<\/div>\n<\/div>\n<\/div>\n<\/div>\n<\/div>\n<\/div>\n<\/article>\n<\/div>\n","protected":false},"excerpt":{"rendered":"<p>Rechargez vos appareils rapidement et facilement avec la Calus Wireless Power Bank 10000mAh, une batterie externe moderne \u00e9quip\u00e9e de la technologie de charge sans fil et de charge rapide 22.5W. Gr\u00e2ce \u00e0 sa capacit\u00e9 de 10 000 mAh, cette power bank permet de recharger plusieurs fois votre smartphone, vos \u00e9couteurs ou autres appareils \u00e9lectroniques lors&hellip;<\/p>\n","protected":false},"featured_media":16469,"comment_status":"open","ping_status":"closed","template":"","meta":[],"product_cat":[78],"product_tag":[],"class_list":{"0":"post-16467","1":"product","2":"type-product","3":"status-publish","4":"has-post-thumbnail","6":"product_cat-accessoires","8":"first","9":"instock","10":"sale","11":"shipping-taxable","12":"purchasable","13":"product-type-simple","14":"col-xs-6 col-sm-4","15":"col-md-3 col-lg-3","16":"un-4-cols"},"_links":{"self":[{"href":"https:\/\/www.vazy.market\/index.php\/wp-json\/wp\/v2\/product\/16467","targetHints":{"allow":["GET"]}}],"collection":[{"href":"https:\/\/www.vazy.market\/index.php\/wp-json\/wp\/v2\/product"}],"about":[{"href":"https:\/\/www.vazy.market\/index.php\/wp-json\/wp\/v2\/types\/product"}],"replies":[{"embeddable":true,"href":"https:\/\/www.vazy.market\/index.php\/wp-json\/wp\/v2\/comments?post=16467"}],"wp:featuredmedia":[{"embeddable":true,"href":"https:\/\/www.vazy.market\/index.php\/wp-json\/wp\/v2\/media\/16469"}],"wp:attachment":[{"href":"https:\/\/www.vazy.market\/index.php\/wp-json\/wp\/v2\/media?parent=16467"}],"wp:term":[{"taxonomy":"product_cat","embeddable":true,"href":"https:\/\/www.vazy.market\/index.php\/wp-json\/wp\/v2\/product_cat?post=16467"},{"taxonomy":"product_tag","embeddable":true,"href":"https:\/\/www.vazy.market\/index.php\/wp-json\/wp\/v2\/product_tag?post=16467"}],"curies":[{"name":"wp","href":"https:\/\/api.w.org\/{rel}","templated":true}]}}