{"id":16385,"date":"2026-03-10T22:07:28","date_gmt":"2026-03-10T22:07:28","guid":{"rendered":"https:\/\/www.vazy.market\/?post_type=product&#038;p=16385"},"modified":"2026-03-25T10:27:51","modified_gmt":"2026-03-25T10:27:51","slug":"smart-camera-wifi-ip-camera-camera-de-surveillance-connectee","status":"publish","type":"product","link":"https:\/\/www.vazy.market\/index.php\/product\/smart-camera-wifi-ip-camera-camera-de-surveillance-connectee\/","title":{"rendered":"\ud83d\udcf7 Smart Camera WiFi IP Camera \u2013 Cam\u00e9ra de Surveillance Connect\u00e9e"},"content":{"rendered":"<div class=\"flex flex-col text-sm pb-25\">\n<article class=\"text-token-text-primary w-full focus:outline-none [--shadow-height:45px] has-data-writing-block:pointer-events-none has-data-writing-block:-mt-(--shadow-height) has-data-writing-block:pt-(--shadow-height) [&amp;:has([data-writing-block])&gt;*]:pointer-events-auto scroll-mt-[calc(var(--header-height)+min(200px,max(70px,20svh)))]\" dir=\"auto\" tabindex=\"-1\" data-turn-id=\"request-69add934-1d50-8332-91d7-d97a2ee2331f-5\" data-testid=\"conversation-turn-92\" data-scroll-anchor=\"true\" data-turn=\"assistant\">\n<div class=\"text-base my-auto mx-auto pb-10 [--thread-content-margin:var(--thread-content-margin-xs,calc(var(--spacing)*4))] @w-sm\/main:[--thread-content-margin:var(--thread-content-margin-sm,calc(var(--spacing)*6))] @w-lg\/main:[--thread-content-margin:var(--thread-content-margin-lg,calc(var(--spacing)*16))] px-(--thread-content-margin)\">\n<div class=\"[--thread-content-max-width:40rem] @w-lg\/main:[--thread-content-max-width:48rem] mx-auto max-w-(--thread-content-max-width) flex-1 group\/turn-messages focus-visible:outline-hidden relative flex w-full min-w-0 flex-col agent-turn\" tabindex=\"-1\">\n<div class=\"flex max-w-full flex-col gap-4 grow\">\n<div class=\"min-h-8 text-message relative flex w-full flex-col items-end gap-2 text-start break-words whitespace-normal [.text-message+&amp;]:mt-1\" dir=\"auto\" data-message-author-role=\"assistant\" data-message-id=\"5fb1773d-3f5b-4432-9743-53421b713b1c\" data-message-model-slug=\"gpt-5-3\">\n<div class=\"flex w-full flex-col gap-1 empty:hidden\">\n<div class=\"markdown prose dark:prose-invert w-full wrap-break-word light markdown-new-styling\">\n<p data-start=\"74\" data-end=\"272\">Prot\u00e9gez votre maison ou votre commerce avec la <strong data-start=\"122\" data-end=\"153\">Smart Camera WiFi IP Camera<\/strong>, une cam\u00e9ra de surveillance intelligente con\u00e7ue pour offrir <strong data-start=\"214\" data-end=\"271\">s\u00e9curit\u00e9, contr\u00f4le \u00e0 distance et vision en temps r\u00e9el<\/strong>.<\/p>\n<p data-start=\"274\" data-end=\"570\">Gr\u00e2ce \u00e0 sa <strong data-start=\"285\" data-end=\"304\">connexion Wi-Fi<\/strong>, cette cam\u00e9ra vous permet de surveiller votre maison directement depuis votre smartphone via une application mobile. Elle offre <strong data-start=\"433\" data-end=\"507\">une image HD claire, une vision nocturne et une d\u00e9tection de mouvement<\/strong>, garantissant une surveillance efficace de jour comme de nuit.<\/p>\n<p data-start=\"572\" data-end=\"730\">Son design compact et moderne permet une <strong data-start=\"613\" data-end=\"667\">installation facile \u00e0 l\u2019int\u00e9rieur ou \u00e0 l\u2019ext\u00e9rieur<\/strong>, id\u00e9ale pour la s\u00e9curit\u00e9 de votre domicile, bureau ou magasin.<\/p>\n<hr data-start=\"732\" data-end=\"735\" \/>\n<h1 data-section-id=\"gug16d\" data-start=\"737\" data-end=\"753\">\u2b50 Points forts<\/h1>\n<p data-start=\"755\" data-end=\"1063\">\u2714 \ud83d\udcf7 <strong data-start=\"760\" data-end=\"807\">Cam\u00e9ra HD pour images claires et d\u00e9taill\u00e9es<\/strong><br data-start=\"807\" data-end=\"810\" \/>\u2714 \ud83d\udcf6 <strong data-start=\"815\" data-end=\"863\">Connexion Wi-Fi pour surveillance \u00e0 distance<\/strong><br data-start=\"863\" data-end=\"866\" \/>\u2714 \ud83c\udf19 <strong data-start=\"871\" data-end=\"915\">Vision nocturne pour surveillance 24h\/24<\/strong><br data-start=\"915\" data-end=\"918\" \/>\u2714 \ud83d\udea8 <strong data-start=\"923\" data-end=\"962\">D\u00e9tection de mouvement avec alertes<\/strong><br data-start=\"962\" data-end=\"965\" \/>\u2714 \ud83d\udcf1 <strong data-start=\"970\" data-end=\"1014\">Contr\u00f4le et visualisation via smartphone<\/strong><br data-start=\"1014\" data-end=\"1017\" \/>\u2714 \ud83d\udd04 <strong data-start=\"1022\" data-end=\"1063\">Vision en temps r\u00e9el (Live streaming)<\/strong><\/p>\n<hr data-start=\"1065\" data-end=\"1068\" \/>\n<h1 data-section-id=\"8hjtvv\" data-start=\"1070\" data-end=\"1085\">\ud83c\udfe0 Id\u00e9al pour<\/h1>\n<ul data-start=\"1087\" data-end=\"1274\">\n<li data-section-id=\"rn0j2x\" data-start=\"1087\" data-end=\"1113\">\n<p data-start=\"1089\" data-end=\"1113\">Surveillance de maison<\/p>\n<\/li>\n<li data-section-id=\"58om6r\" data-start=\"1114\" data-end=\"1147\">\n<p data-start=\"1116\" data-end=\"1147\">S\u00e9curit\u00e9 de magasin ou bureau<\/p>\n<\/li>\n<li data-section-id=\"1npkxz7\" data-start=\"1148\" data-end=\"1191\">\n<p data-start=\"1150\" data-end=\"1191\">Surveillance de b\u00e9b\u00e9 ou personnes \u00e2g\u00e9es<\/p>\n<\/li>\n<li data-section-id=\"3lzpfl\" data-start=\"1192\" data-end=\"1235\">\n<p data-start=\"1194\" data-end=\"1235\">Contr\u00f4le d\u2019acc\u00e8s et s\u00e9curit\u00e9 domestique<\/p>\n<\/li>\n<li data-section-id=\"h8hia3\" data-start=\"1236\" data-end=\"1274\">\n<p data-start=\"1238\" data-end=\"1274\">Utilisation int\u00e9rieure ou ext\u00e9rieure<\/p>\n<\/li>\n<\/ul>\n<hr data-start=\"1276\" data-end=\"1279\" \/>\n<h1 data-section-id=\"1gx1fos\" data-start=\"1281\" data-end=\"1301\">\ud83d\udcca Fiche Technique<\/h1>\n<div class=\"TyagGW_tableContainer\">\n<div class=\"group TyagGW_tableWrapper flex flex-col-reverse w-fit\" tabindex=\"-1\">\n<table class=\"w-fit min-w-(--thread-content-width)\" data-start=\"1303\" data-end=\"1660\">\n<thead data-start=\"1303\" data-end=\"1332\">\n<tr data-start=\"1303\" data-end=\"1332\">\n<th class=\"\" data-start=\"1303\" data-end=\"1321\" data-col-size=\"sm\">Caract\u00e9ristique<\/th>\n<th class=\"\" data-start=\"1321\" data-end=\"1332\" data-col-size=\"sm\">D\u00e9tails<\/th>\n<\/tr>\n<\/thead>\n<tbody data-start=\"1343\" data-end=\"1660\">\n<tr data-start=\"1343\" data-end=\"1369\">\n<td data-start=\"1343\" data-end=\"1350\" data-col-size=\"sm\">Type<\/td>\n<td data-col-size=\"sm\" data-start=\"1350\" data-end=\"1369\">Cam\u00e9ra IP Wi-Fi<\/td>\n<\/tr>\n<tr data-start=\"1370\" data-end=\"1399\">\n<td data-start=\"1370\" data-end=\"1379\" data-col-size=\"sm\">Mod\u00e8le<\/td>\n<td data-start=\"1379\" data-end=\"1399\" data-col-size=\"sm\"><strong data-start=\"1381\" data-end=\"1397\">Smart Camera<\/strong><\/td>\n<\/tr>\n<tr data-start=\"1400\" data-end=\"1419\">\n<td data-start=\"1400\" data-end=\"1413\" data-col-size=\"sm\">R\u00e9solution<\/td>\n<td data-start=\"1413\" data-end=\"1419\" data-col-size=\"sm\">FHD<\/td>\n<\/tr>\n<tr data-start=\"1420\" data-end=\"1444\">\n<td data-start=\"1420\" data-end=\"1435\" data-col-size=\"sm\">Connectivit\u00e9<\/td>\n<td data-start=\"1435\" data-end=\"1444\" data-col-size=\"sm\">Wi-Fi<\/td>\n<\/tr>\n<tr data-start=\"1445\" data-end=\"1487\">\n<td data-start=\"1445\" data-end=\"1463\" data-col-size=\"sm\">Vision nocturne<\/td>\n<td data-col-size=\"sm\" data-start=\"1463\" data-end=\"1487\">Oui (LED infrarouge)<\/td>\n<\/tr>\n<tr data-start=\"1488\" data-end=\"1520\">\n<td data-start=\"1488\" data-end=\"1513\" data-col-size=\"sm\">D\u00e9tection de mouvement<\/td>\n<td data-start=\"1513\" data-end=\"1520\" data-col-size=\"sm\">Oui<\/td>\n<\/tr>\n<tr data-start=\"1521\" data-end=\"1550\">\n<td data-start=\"1521\" data-end=\"1532\" data-col-size=\"sm\">Stockage<\/td>\n<td data-start=\"1532\" data-end=\"1550\" data-col-size=\"sm\">Carte micro SD (non incluse)<\/td>\n<\/tr>\n<tr data-start=\"1551\" data-end=\"1592\">\n<td data-start=\"1551\" data-end=\"1570\" data-col-size=\"sm\">Acc\u00e8s \u00e0 distance<\/td>\n<td data-start=\"1570\" data-end=\"1592\" data-col-size=\"sm\">Application mobile<\/td>\n<\/tr>\n<tr data-start=\"1593\" data-end=\"1626\">\n<td data-start=\"1593\" data-end=\"1611\" data-col-size=\"sm\">Angle de vision<\/td>\n<td data-start=\"1611\" data-end=\"1626\" data-col-size=\"sm\">Vision 360\u00b0<\/td>\n<\/tr>\n<tr data-start=\"1627\" data-end=\"1660\">\n<td data-start=\"1627\" data-end=\"1642\" data-col-size=\"sm\">Installation<\/td>\n<td data-start=\"1642\" data-end=\"1660\" data-col-size=\"sm\">Mur ou plafond<\/td>\n<\/tr>\n<\/tbody>\n<\/table>\n<\/div>\n<\/div>\n<hr data-start=\"1662\" data-end=\"1665\" \/>\n<h1 data-section-id=\"6f7tr2\" data-start=\"1667\" data-end=\"1688\">\ud83d\udce6 Contenu du colis<\/h1>\n<ul data-start=\"1690\" data-end=\"1816\">\n<li data-section-id=\"1vdo3i7\" data-start=\"1690\" data-end=\"1729\">\n<p data-start=\"1692\" data-end=\"1729\">1 \u00d7 <strong data-start=\"1696\" data-end=\"1727\">Smart Camera WiFi IP Camera<\/strong><\/p>\n<\/li>\n<li data-section-id=\"q6yai7\" data-start=\"1730\" data-end=\"1763\">\n<p data-start=\"1732\" data-end=\"1763\">1 \u00d7 Adaptateur d\u2019alimentation<\/p>\n<\/li>\n<li data-section-id=\"1nqcbqr\" data-start=\"1764\" data-end=\"1787\">\n<p data-start=\"1766\" data-end=\"1787\">1 \u00d7 Kit de fixation<\/p>\n<\/li>\n<li data-section-id=\"euolri\" data-start=\"1788\" data-end=\"1816\">\n<p data-start=\"1790\" data-end=\"1816\">1 \u00d7 Manuel d\u2019utilisation<\/p>\n<\/li>\n<\/ul>\n<hr data-start=\"1897\" data-end=\"1900\" \/>\n<p data-start=\"1902\" data-end=\"2047\" data-is-last-node=\"\" data-is-only-node=\"\">\ud83d\udd12 <strong data-start=\"1905\" data-end=\"1975\">Gardez un \u0153il sur votre maison \u00e0 tout moment et o\u00f9 que vous soyez.<\/strong><br data-start=\"1975\" data-end=\"1978\" \/><strong data-start=\"1978\" data-end=\"2042\">Commandez d\u00e8s maintenant votre Smart Camera WiFi IP Camera !<\/strong> \ud83d\udcf7\ud83c\udfe0<\/p>\n<\/div>\n<\/div>\n<\/div>\n<\/div>\n<\/div>\n<\/div>\n<\/article>\n<\/div>\n","protected":false},"excerpt":{"rendered":"<p>Prot\u00e9gez votre maison ou votre commerce avec la Smart Camera WiFi IP Camera, une cam\u00e9ra de surveillance intelligente con\u00e7ue pour offrir s\u00e9curit\u00e9, contr\u00f4le \u00e0 distance et vision en temps r\u00e9el. Gr\u00e2ce \u00e0 sa connexion Wi-Fi, cette cam\u00e9ra vous permet de surveiller votre maison directement depuis votre smartphone via une application mobile. Elle offre une image&hellip;<\/p>\n","protected":false},"featured_media":16387,"comment_status":"open","ping_status":"closed","template":"","meta":[],"product_cat":[93],"product_tag":[],"class_list":{"0":"post-16385","1":"product","2":"type-product","3":"status-publish","4":"has-post-thumbnail","6":"product_cat-cameras","8":"first","9":"instock","10":"sale","11":"shipping-taxable","12":"purchasable","13":"product-type-simple","14":"col-xs-6 col-sm-4","15":"col-md-3 col-lg-3","16":"un-4-cols"},"_links":{"self":[{"href":"https:\/\/www.vazy.market\/index.php\/wp-json\/wp\/v2\/product\/16385","targetHints":{"allow":["GET"]}}],"collection":[{"href":"https:\/\/www.vazy.market\/index.php\/wp-json\/wp\/v2\/product"}],"about":[{"href":"https:\/\/www.vazy.market\/index.php\/wp-json\/wp\/v2\/types\/product"}],"replies":[{"embeddable":true,"href":"https:\/\/www.vazy.market\/index.php\/wp-json\/wp\/v2\/comments?post=16385"}],"wp:featuredmedia":[{"embeddable":true,"href":"https:\/\/www.vazy.market\/index.php\/wp-json\/wp\/v2\/media\/16387"}],"wp:attachment":[{"href":"https:\/\/www.vazy.market\/index.php\/wp-json\/wp\/v2\/media?parent=16385"}],"wp:term":[{"taxonomy":"product_cat","embeddable":true,"href":"https:\/\/www.vazy.market\/index.php\/wp-json\/wp\/v2\/product_cat?post=16385"},{"taxonomy":"product_tag","embeddable":true,"href":"https:\/\/www.vazy.market\/index.php\/wp-json\/wp\/v2\/product_tag?post=16385"}],"curies":[{"name":"wp","href":"https:\/\/api.w.org\/{rel}","templated":true}]}}