{"id":16379,"date":"2026-03-10T19:49:44","date_gmt":"2026-03-10T19:49:44","guid":{"rendered":"https:\/\/www.vazy.market\/?post_type=product&#038;p=16379"},"modified":"2026-03-25T10:29:40","modified_gmt":"2026-03-25T10:29:40","slug":"tws-smart-sports-headphones-ecouteurs-bluetooth-true-wireless","status":"publish","type":"product","link":"https:\/\/www.vazy.market\/index.php\/product\/tws-smart-sports-headphones-ecouteurs-bluetooth-true-wireless\/","title":{"rendered":"\ud83c\udfa7 TWS Smart Sports Headphones \u2013 \u00c9couteurs Bluetooth True Wireless"},"content":{"rendered":"<div class=\"flex flex-col text-sm pb-25\">\n<article class=\"text-token-text-primary w-full focus:outline-none [--shadow-height:45px] has-data-writing-block:pointer-events-none has-data-writing-block:-mt-(--shadow-height) has-data-writing-block:pt-(--shadow-height) [&amp;:has([data-writing-block])&gt;*]:pointer-events-auto scroll-mt-[calc(var(--header-height)+min(200px,max(70px,20svh)))]\" dir=\"auto\" tabindex=\"-1\" data-turn-id=\"request-69add934-1d50-8332-91d7-d97a2ee2331f-4\" data-testid=\"conversation-turn-90\" data-scroll-anchor=\"true\" data-turn=\"assistant\">\n<div class=\"text-base my-auto mx-auto pb-10 [--thread-content-margin:var(--thread-content-margin-xs,calc(var(--spacing)*4))] @w-sm\/main:[--thread-content-margin:var(--thread-content-margin-sm,calc(var(--spacing)*6))] @w-lg\/main:[--thread-content-margin:var(--thread-content-margin-lg,calc(var(--spacing)*16))] px-(--thread-content-margin)\">\n<div class=\"[--thread-content-max-width:40rem] @w-lg\/main:[--thread-content-max-width:48rem] mx-auto max-w-(--thread-content-max-width) flex-1 group\/turn-messages focus-visible:outline-hidden relative flex w-full min-w-0 flex-col agent-turn\" tabindex=\"-1\">\n<div class=\"flex max-w-full flex-col gap-4 grow\">\n<div class=\"min-h-8 text-message relative flex w-full flex-col items-end gap-2 text-start break-words whitespace-normal [.text-message+&amp;]:mt-1\" dir=\"auto\" data-message-author-role=\"assistant\" data-message-id=\"fed62291-e959-4ef0-acbf-58d7792bfeaa\" data-message-model-slug=\"gpt-5-3\">\n<div class=\"flex w-full flex-col gap-1 empty:hidden\">\n<div class=\"markdown prose dark:prose-invert w-full wrap-break-word light markdown-new-styling\">\n<p data-start=\"75\" data-end=\"261\">Profitez d\u2019un <strong data-start=\"89\" data-end=\"121\">son st\u00e9r\u00e9o clair et puissant<\/strong> avec les <strong data-start=\"131\" data-end=\"162\">TWS Smart Sports Headphones<\/strong>, des \u00e9couteurs sans fil con\u00e7us pour offrir <strong data-start=\"206\" data-end=\"247\">libert\u00e9, confort et performance audio<\/strong> au quotidien.<\/p>\n<p data-start=\"263\" data-end=\"559\">Gr\u00e2ce \u00e0 la <strong data-start=\"274\" data-end=\"322\">technologie Bluetooth et True Wireless (TWS)<\/strong>, ces \u00e9couteurs se connectent facilement \u00e0 votre smartphone, tablette ou ordinateur sans aucun c\u00e2ble. Le <strong data-start=\"427\" data-end=\"463\">bo\u00eetier de charge avec \u00e9cran LED<\/strong> permet de visualiser facilement le niveau de batterie et de recharger rapidement vos \u00e9couteurs.<\/p>\n<p data-start=\"561\" data-end=\"731\">Dot\u00e9s de la technologie <strong data-start=\"585\" data-end=\"627\">ENC (Environmental Noise Cancellation)<\/strong>, ils r\u00e9duisent les bruits environnants pour des appels plus clairs et une meilleure immersion musicale.<\/p>\n<hr data-start=\"733\" data-end=\"736\" \/>\n<h1 data-section-id=\"gug16d\" data-start=\"738\" data-end=\"754\">\u2b50 Points forts<\/h1>\n<p data-start=\"756\" data-end=\"1069\">\u2714 \ud83c\udfa7 <strong data-start=\"761\" data-end=\"803\">Technologie True Wireless Stereo (TWS)<\/strong><br data-start=\"803\" data-end=\"806\" \/>\u2714 \ud83d\udcf6 <strong data-start=\"811\" data-end=\"851\">Connexion Bluetooth rapide et stable<\/strong><br data-start=\"851\" data-end=\"854\" \/>\u2714 \ud83d\udd07 <strong data-start=\"859\" data-end=\"903\">ENC : r\u00e9duction du bruit environnemental<\/strong><br data-start=\"903\" data-end=\"906\" \/>\u2714 \ud83d\udd0b <strong data-start=\"911\" data-end=\"959\">Bo\u00eetier de charge avec \u00e9cran LED de batterie<\/strong><br data-start=\"959\" data-end=\"962\" \/>\u2714 \u26a1 <strong data-start=\"966\" data-end=\"1016\">Charge rapide et faible consommation d\u2019\u00e9nergie<\/strong><br data-start=\"1016\" data-end=\"1019\" \/>\u2714 \ud83c\udfc3 <strong data-start=\"1024\" data-end=\"1069\">Id\u00e9al pour sport, travail et d\u00e9placements<\/strong><\/p>\n<hr data-start=\"1071\" data-end=\"1074\" \/>\n<h1 data-section-id=\"z5naij\" data-start=\"1076\" data-end=\"1091\">\ud83d\udcf1 Id\u00e9al pour<\/h1>\n<ul data-start=\"1093\" data-end=\"1239\">\n<li data-section-id=\"dhhsgk\" data-start=\"1093\" data-end=\"1118\">\n<p data-start=\"1095\" data-end=\"1118\">\u00c9couter de la musique<\/p>\n<\/li>\n<li data-section-id=\"akjss\" data-start=\"1119\" data-end=\"1153\">\n<p data-start=\"1121\" data-end=\"1153\">Passer des appels mains libres<\/p>\n<\/li>\n<li data-section-id=\"1dr6n48\" data-start=\"1154\" data-end=\"1179\">\n<p data-start=\"1156\" data-end=\"1179\">Sport et entra\u00eenement<\/p>\n<\/li>\n<li data-section-id=\"x977az\" data-start=\"1180\" data-end=\"1207\">\n<p data-start=\"1182\" data-end=\"1207\">Travail et d\u00e9placements<\/p>\n<\/li>\n<li data-section-id=\"1y6zyg4\" data-start=\"1208\" data-end=\"1239\">\n<p data-start=\"1210\" data-end=\"1239\">Vid\u00e9os et jeux sur smartphone<\/p>\n<\/li>\n<\/ul>\n<hr data-start=\"1241\" data-end=\"1244\" \/>\n<h1 data-section-id=\"1gx1fos\" data-start=\"1246\" data-end=\"1266\">\ud83d\udcca Fiche Technique<\/h1>\n<div class=\"TyagGW_tableContainer\">\n<div class=\"group TyagGW_tableWrapper flex flex-col-reverse w-fit\" tabindex=\"-1\">\n<table class=\"w-fit min-w-(--thread-content-width)\" data-start=\"1268\" data-end=\"1664\">\n<thead data-start=\"1268\" data-end=\"1297\">\n<tr data-start=\"1268\" data-end=\"1297\">\n<th class=\"\" data-start=\"1268\" data-end=\"1286\" data-col-size=\"sm\">Caract\u00e9ristique<\/th>\n<th class=\"\" data-start=\"1286\" data-end=\"1297\" data-col-size=\"sm\">D\u00e9tails<\/th>\n<\/tr>\n<\/thead>\n<tbody data-start=\"1308\" data-end=\"1664\">\n<tr data-start=\"1308\" data-end=\"1352\">\n<td data-start=\"1308\" data-end=\"1315\" data-col-size=\"sm\">Type<\/td>\n<td data-col-size=\"sm\" data-start=\"1315\" data-end=\"1352\">\u00c9couteurs Bluetooth True Wireless<\/td>\n<\/tr>\n<tr data-start=\"1353\" data-end=\"1397\">\n<td data-start=\"1353\" data-end=\"1362\" data-col-size=\"sm\">Mod\u00e8le<\/td>\n<td data-start=\"1362\" data-end=\"1397\" data-col-size=\"sm\"><strong data-start=\"1364\" data-end=\"1395\">TWS Smart Sports Headphones<\/strong><\/td>\n<\/tr>\n<tr data-start=\"1398\" data-end=\"1442\">\n<td data-start=\"1398\" data-end=\"1412\" data-col-size=\"sm\">Technologie<\/td>\n<td data-col-size=\"sm\" data-start=\"1412\" data-end=\"1442\">TWS (True Wireless Stereo)<\/td>\n<\/tr>\n<tr data-start=\"1443\" data-end=\"1471\">\n<td data-start=\"1443\" data-end=\"1458\" data-col-size=\"sm\">Connectivit\u00e9<\/td>\n<td data-start=\"1458\" data-end=\"1471\" data-col-size=\"sm\">Bluetooth<\/td>\n<\/tr>\n<tr data-start=\"1472\" data-end=\"1500\">\n<td data-start=\"1472\" data-end=\"1493\" data-col-size=\"sm\">R\u00e9duction de bruit<\/td>\n<td data-start=\"1493\" data-end=\"1500\" data-col-size=\"sm\">ENC<\/td>\n<\/tr>\n<tr data-start=\"1501\" data-end=\"1536\">\n<td data-start=\"1501\" data-end=\"1520\" data-col-size=\"sm\">Autonomie \u00e9coute<\/td>\n<td data-start=\"1520\" data-end=\"1536\" data-col-size=\"sm\">3 \u2013 5 heures<\/td>\n<\/tr>\n<tr data-start=\"1537\" data-end=\"1579\">\n<td data-start=\"1537\" data-end=\"1557\" data-col-size=\"sm\">Bo\u00eetier de charge<\/td>\n<td data-col-size=\"sm\" data-start=\"1557\" data-end=\"1579\">Oui avec \u00e9cran LED<\/td>\n<\/tr>\n<tr data-start=\"1580\" data-end=\"1598\">\n<td data-start=\"1580\" data-end=\"1591\" data-col-size=\"sm\">Recharge<\/td>\n<td data-start=\"1591\" data-end=\"1598\" data-col-size=\"sm\">USB<\/td>\n<\/tr>\n<tr data-start=\"1599\" data-end=\"1637\">\n<td data-start=\"1599\" data-end=\"1615\" data-col-size=\"sm\">Compatibilit\u00e9<\/td>\n<td data-start=\"1615\" data-end=\"1637\" data-col-size=\"sm\">Android \/ iOS \/ PC<\/td>\n<\/tr>\n<tr data-start=\"1638\" data-end=\"1664\">\n<td data-start=\"1638\" data-end=\"1648\" data-col-size=\"sm\">Couleur<\/td>\n<td data-start=\"1648\" data-end=\"1664\" data-col-size=\"sm\">Noir \/ Jaune<\/td>\n<\/tr>\n<\/tbody>\n<\/table>\n<\/div>\n<\/div>\n<hr data-start=\"1666\" data-end=\"1669\" \/>\n<h1 data-section-id=\"6f7tr2\" data-start=\"1671\" data-end=\"1692\">\ud83d\udce6 Contenu du colis<\/h1>\n<ul data-start=\"1694\" data-end=\"1823\">\n<li data-section-id=\"iqjzh5\" data-start=\"1694\" data-end=\"1727\">\n<p data-start=\"1696\" data-end=\"1727\">1 \u00d7 <strong data-start=\"1700\" data-end=\"1725\">Paire d\u2019\u00e9couteurs TWS<\/strong><\/p>\n<\/li>\n<li data-section-id=\"9ti5iv\" data-start=\"1728\" data-end=\"1768\">\n<p data-start=\"1730\" data-end=\"1768\">1 \u00d7 Bo\u00eetier de charge avec \u00e9cran LED<\/p>\n<\/li>\n<li data-section-id=\"1ujm9xk\" data-start=\"1769\" data-end=\"1794\">\n<p data-start=\"1771\" data-end=\"1794\">1 \u00d7 C\u00e2ble de recharge<\/p>\n<\/li>\n<li data-section-id=\"euolri\" data-start=\"1795\" data-end=\"1823\">\n<p data-start=\"1797\" data-end=\"1823\">1 \u00d7 Manuel d\u2019utilisation<\/p>\n<\/li>\n<\/ul>\n<hr data-start=\"1904\" data-end=\"1907\" \/>\n<p data-start=\"1909\" data-end=\"2057\" data-is-last-node=\"\" data-is-only-node=\"\">\ud83d\udd25 <strong data-start=\"1912\" data-end=\"1987\">Des \u00e9couteurs sans fil modernes pour profiter de votre musique partout.<\/strong><br data-start=\"1987\" data-end=\"1990\" \/><strong data-start=\"1990\" data-end=\"2052\">Commandez d\u00e8s maintenant vos TWS Smart Sports Headphones !<\/strong> \ud83c\udfb6<\/p>\n<\/div>\n<\/div>\n<\/div>\n<\/div>\n<\/div>\n<\/div>\n<\/article>\n<\/div>\n","protected":false},"excerpt":{"rendered":"<p>Profitez d\u2019un son st\u00e9r\u00e9o clair et puissant avec les TWS Smart Sports Headphones, des \u00e9couteurs sans fil con\u00e7us pour offrir libert\u00e9, confort et performance audio au quotidien. Gr\u00e2ce \u00e0 la technologie Bluetooth et True Wireless (TWS), ces \u00e9couteurs se connectent facilement \u00e0 votre smartphone, tablette ou ordinateur sans aucun c\u00e2ble. Le bo\u00eetier de charge avec&hellip;<\/p>\n","protected":false},"featured_media":16381,"comment_status":"open","ping_status":"closed","template":"","meta":[],"product_cat":[78],"product_tag":[],"class_list":{"0":"post-16379","1":"product","2":"type-product","3":"status-publish","4":"has-post-thumbnail","6":"product_brand-tws","7":"product_cat-accessoires","9":"first","10":"instock","11":"sale","12":"shipping-taxable","13":"purchasable","14":"product-type-simple","15":"col-xs-6 col-sm-4","16":"col-md-3 col-lg-3","17":"un-4-cols"},"_links":{"self":[{"href":"https:\/\/www.vazy.market\/index.php\/wp-json\/wp\/v2\/product\/16379","targetHints":{"allow":["GET"]}}],"collection":[{"href":"https:\/\/www.vazy.market\/index.php\/wp-json\/wp\/v2\/product"}],"about":[{"href":"https:\/\/www.vazy.market\/index.php\/wp-json\/wp\/v2\/types\/product"}],"replies":[{"embeddable":true,"href":"https:\/\/www.vazy.market\/index.php\/wp-json\/wp\/v2\/comments?post=16379"}],"wp:featuredmedia":[{"embeddable":true,"href":"https:\/\/www.vazy.market\/index.php\/wp-json\/wp\/v2\/media\/16381"}],"wp:attachment":[{"href":"https:\/\/www.vazy.market\/index.php\/wp-json\/wp\/v2\/media?parent=16379"}],"wp:term":[{"taxonomy":"product_cat","embeddable":true,"href":"https:\/\/www.vazy.market\/index.php\/wp-json\/wp\/v2\/product_cat?post=16379"},{"taxonomy":"product_tag","embeddable":true,"href":"https:\/\/www.vazy.market\/index.php\/wp-json\/wp\/v2\/product_tag?post=16379"}],"curies":[{"name":"wp","href":"https:\/\/api.w.org\/{rel}","templated":true}]}}