{"id":16277,"date":"2026-03-09T22:09:33","date_gmt":"2026-03-09T22:09:33","guid":{"rendered":"https:\/\/www.vazy.market\/?post_type=product&#038;p=16277"},"modified":"2026-03-29T17:49:46","modified_gmt":"2026-03-29T17:49:46","slug":"boombest-ln-5216mic-wireless-speaker-enceinte-bluetooth-super-bass-avec-microphone","status":"publish","type":"product","link":"https:\/\/www.vazy.market\/index.php\/product\/boombest-ln-5216mic-wireless-speaker-enceinte-bluetooth-super-bass-avec-microphone\/","title":{"rendered":"\ud83d\udd0a BoomBest LN-5216Mic Wireless Speaker \u2013 Enceinte Bluetooth Super Bass avec Microphone"},"content":{"rendered":"<div class=\"flex h-svh w-screen flex-col\">\n<div class=\"relative z-0 flex min-h-0 w-full flex-1\">\n<div class=\"relative flex min-h-0 w-full flex-1\">\n<div class=\"@container\/main relative flex min-w-0 flex-1 flex-col -translate-y-[calc(env(safe-area-inset-bottom,0px)\/2)] pt-[calc(env(safe-area-inset-bottom,0px)\/2)]\">\n<div class=\"@w-sm\/main:[scrollbar-gutter:stable_both-edges] touch:[scrollbar-width:none] relative flex min-h-0 min-w-0 flex-1 flex-col [scrollbar-gutter:stable] not-print:overflow-x-clip not-print:overflow-y-auto scroll-pt-(--header-height) [--sticky-padding-top:var(--header-height)] has-data-[fixed-header=less-than-xl]:@w-xl\/main:scroll-pt-0 has-data-[fixed-header=less-than-xl]:@w-xl\/main:[--sticky-padding-top:0px] has-data-[fixed-header=less-than-xxl]:@w-2xl\/main:scroll-pt-0 has-data-[fixed-header=less-than-xxl]:@w-2xl\/main:[--sticky-padding-top:0px]\" data-scroll-root=\"\"><main id=\"main\" class=\"min-h-0 flex-1\"><\/p>\n<div id=\"thread\" class=\"group\/thread flex flex-col min-h-full\">\n<div class=\"composer-parent flex flex-1 flex-col focus-visible:outline-0\" role=\"presentation\">\n<div class=\"relative basis-auto flex-col -mb-(--composer-overlap-px) [--composer-overlap-px:28px] grow flex\">\n<div class=\"flex flex-col text-sm pb-25\">\n<article class=\"text-token-text-primary w-full focus:outline-none [--shadow-height:45px] has-data-writing-block:pointer-events-none has-data-writing-block:-mt-(--shadow-height) has-data-writing-block:pt-(--shadow-height) [&amp;:has([data-writing-block])&gt;*]:pointer-events-auto scroll-mt-[calc(var(--header-height)+min(200px,max(70px,20svh)))]\" dir=\"auto\" tabindex=\"-1\" data-turn-id=\"request-69add934-1d50-8332-91d7-d97a2ee2331f-9\" data-testid=\"conversation-turn-44\" data-scroll-anchor=\"true\" data-turn=\"assistant\">\n<div class=\"text-base my-auto mx-auto pb-10 [--thread-content-margin:var(--thread-content-margin-xs,calc(var(--spacing)*4))] @w-sm\/main:[--thread-content-margin:var(--thread-content-margin-sm,calc(var(--spacing)*6))] @w-lg\/main:[--thread-content-margin:var(--thread-content-margin-lg,calc(var(--spacing)*16))] px-(--thread-content-margin)\">\n<div class=\"[--thread-content-max-width:40rem] @w-lg\/main:[--thread-content-max-width:48rem] mx-auto max-w-(--thread-content-max-width) flex-1 group\/turn-messages focus-visible:outline-hidden relative flex w-full min-w-0 flex-col agent-turn\" tabindex=\"-1\">\n<div class=\"flex max-w-full flex-col gap-4 grow\">\n<div class=\"min-h-8 text-message relative flex w-full flex-col items-end gap-2 text-start break-words whitespace-normal [.text-message+&amp;]:mt-1\" dir=\"auto\" data-message-author-role=\"assistant\" data-message-id=\"f4931d97-f0af-46b9-83ce-e6746a403486\" data-message-model-slug=\"gpt-5-3\">\n<div class=\"flex w-full flex-col gap-1 empty:hidden\">\n<div class=\"markdown prose dark:prose-invert w-full wrap-break-word light markdown-new-styling\">\n<p data-start=\"96\" data-end=\"334\">Transformez vos moments de musique en v\u00e9ritable spectacle avec la <strong data-start=\"162\" data-end=\"202\">BoomBest LN-5216Mic Wireless Speaker<\/strong>. Cette enceinte portable offre un <strong data-start=\"237\" data-end=\"275\">son puissant avec basses profondes<\/strong>, id\u00e9ale pour les f\u00eates, animations, karaok\u00e9 et \u00e9v\u00e9nements.<\/p>\n<p data-start=\"336\" data-end=\"600\">\u00c9quip\u00e9e d\u2019un <strong data-start=\"349\" data-end=\"372\">microphone sans fil<\/strong>, elle est parfaite pour <strong data-start=\"397\" data-end=\"450\">chanter, faire des annonces ou animer vos soir\u00e9es<\/strong>. Gr\u00e2ce \u00e0 ses multiples modes de lecture (<strong data-start=\"492\" data-end=\"532\">Bluetooth, USB, carte TF et radio FM<\/strong>), vous pouvez profiter de votre musique depuis diff\u00e9rentes sources.<\/p>\n<p data-start=\"602\" data-end=\"751\">Son <strong data-start=\"606\" data-end=\"650\">design robuste avec poign\u00e9e de transport<\/strong> permet de l\u2019emporter facilement partout : \u00e0 la maison, en voyage, lors d\u2019\u00e9v\u00e9nements ou en ext\u00e9rieur.<\/p>\n<hr data-start=\"753\" data-end=\"756\" \/>\n<h1 data-section-id=\"gug16d\" data-start=\"758\" data-end=\"774\">\u2b50 Points forts<\/h1>\n<p data-start=\"776\" data-end=\"1105\">\u2714 \ud83d\udd0a <strong data-start=\"781\" data-end=\"813\">Son puissant avec Super Bass<\/strong><br data-start=\"813\" data-end=\"816\" \/>\u2714 \ud83c\udfa4 <strong data-start=\"821\" data-end=\"878\">Microphone sans fil inclus pour karaok\u00e9 et animations<\/strong><br data-start=\"878\" data-end=\"881\" \/>\u2714 \ud83d\udcf6 <strong data-start=\"886\" data-end=\"926\">Connexion Bluetooth rapide et stable<\/strong><br data-start=\"926\" data-end=\"929\" \/>\u2714 \ud83c\udfb6 <strong data-start=\"934\" data-end=\"976\">Lecture via Bluetooth, USB et carte TF<\/strong><br data-start=\"976\" data-end=\"979\" \/>\u2714 \ud83d\udcfb <strong data-start=\"984\" data-end=\"1005\">Radio FM int\u00e9gr\u00e9e<\/strong><br data-start=\"1005\" data-end=\"1008\" \/>\u2714 \ud83d\udd0b <strong data-start=\"1013\" data-end=\"1064\">Batterie rechargeable pour utilisation portable<\/strong><br data-start=\"1064\" data-end=\"1067\" \/>\u2714 \ud83e\uddf3 <strong data-start=\"1072\" data-end=\"1105\">Poign\u00e9e de transport pratique<\/strong><\/p>\n<hr data-start=\"1107\" data-end=\"1110\" \/>\n<h1 data-section-id=\"4eoeay\" data-start=\"1112\" data-end=\"1128\">\ud83c\udfa4 Id\u00e9ale pour<\/h1>\n<ul data-start=\"1130\" data-end=\"1270\">\n<li data-section-id=\"xg8w5i\" data-start=\"1130\" data-end=\"1153\">\n<p data-start=\"1132\" data-end=\"1153\">Karaok\u00e9 \u00e0 la maison<\/p>\n<\/li>\n<li data-section-id=\"48r9wh\" data-start=\"1154\" data-end=\"1180\">\n<p data-start=\"1156\" data-end=\"1180\">F\u00eates et anniversaires<\/p>\n<\/li>\n<li data-section-id=\"5j8e4g\" data-start=\"1181\" data-end=\"1209\">\n<p data-start=\"1183\" data-end=\"1209\">Animations et \u00e9v\u00e9nements<\/p>\n<\/li>\n<li data-section-id=\"1wkarvr\" data-start=\"1210\" data-end=\"1233\">\n<p data-start=\"1212\" data-end=\"1233\">\u00c9glises ou r\u00e9unions<\/p>\n<\/li>\n<li data-section-id=\"1dd7gj3\" data-start=\"1234\" data-end=\"1270\">\n<p data-start=\"1236\" data-end=\"1270\">Musique \u00e0 domicile ou en ext\u00e9rieur<\/p>\n<\/li>\n<\/ul>\n<hr data-start=\"1272\" data-end=\"1275\" \/>\n<h1 data-section-id=\"1gx1fos\" data-start=\"1277\" data-end=\"1297\">\ud83d\udcca Fiche Technique<\/h1>\n<div class=\"TyagGW_tableContainer\">\n<div class=\"group TyagGW_tableWrapper flex flex-col-reverse w-fit\" tabindex=\"-1\">\n<table class=\"w-fit min-w-(--thread-content-width)\" data-start=\"1299\" data-end=\"1717\">\n<thead data-start=\"1299\" data-end=\"1328\">\n<tr data-start=\"1299\" data-end=\"1328\">\n<th class=\"\" data-start=\"1299\" data-end=\"1317\" data-col-size=\"sm\">Caract\u00e9ristique<\/th>\n<th class=\"\" data-start=\"1317\" data-end=\"1328\" data-col-size=\"sm\">D\u00e9tails<\/th>\n<\/tr>\n<\/thead>\n<tbody data-start=\"1339\" data-end=\"1717\">\n<tr data-start=\"1339\" data-end=\"1360\">\n<td data-start=\"1339\" data-end=\"1348\" data-col-size=\"sm\">Marque<\/td>\n<td data-start=\"1348\" data-end=\"1360\" data-col-size=\"sm\">BoomBest<\/td>\n<\/tr>\n<tr data-start=\"1361\" data-end=\"1388\">\n<td data-start=\"1361\" data-end=\"1370\" data-col-size=\"sm\">Mod\u00e8le<\/td>\n<td data-col-size=\"sm\" data-start=\"1370\" data-end=\"1388\"><strong data-start=\"1372\" data-end=\"1386\">LN-5216Mic<\/strong><\/td>\n<\/tr>\n<tr data-start=\"1389\" data-end=\"1427\">\n<td data-start=\"1389\" data-end=\"1396\" data-col-size=\"sm\">Type<\/td>\n<td data-start=\"1396\" data-end=\"1427\" data-col-size=\"sm\">Enceinte Bluetooth portable<\/td>\n<\/tr>\n<tr data-start=\"1428\" data-end=\"1456\">\n<td data-start=\"1428\" data-end=\"1443\" data-col-size=\"sm\">Connectivit\u00e9<\/td>\n<td data-col-size=\"sm\" data-start=\"1443\" data-end=\"1456\">Bluetooth<\/td>\n<\/tr>\n<tr data-start=\"1457\" data-end=\"1506\">\n<td data-start=\"1457\" data-end=\"1476\" data-col-size=\"sm\">Modes de lecture<\/td>\n<td data-col-size=\"sm\" data-start=\"1476\" data-end=\"1506\">Bluetooth \/ USB \/ Carte TF<\/td>\n<\/tr>\n<tr data-start=\"1507\" data-end=\"1539\">\n<td data-start=\"1507\" data-end=\"1524\" data-col-size=\"sm\">Fonction radio<\/td>\n<td data-col-size=\"sm\" data-start=\"1524\" data-end=\"1539\">FM int\u00e9gr\u00e9e<\/td>\n<\/tr>\n<tr data-start=\"1540\" data-end=\"1583\">\n<td data-start=\"1540\" data-end=\"1553\" data-col-size=\"sm\">Microphone<\/td>\n<td data-col-size=\"sm\" data-start=\"1553\" data-end=\"1583\">Microphone sans fil inclus<\/td>\n<\/tr>\n<tr data-start=\"1584\" data-end=\"1620\">\n<td data-start=\"1584\" data-end=\"1595\" data-col-size=\"sm\">Batterie<\/td>\n<td data-col-size=\"sm\" data-start=\"1595\" data-end=\"1620\">Batterie rechargeable<\/td>\n<\/tr>\n<tr data-start=\"1621\" data-end=\"1665\">\n<td data-start=\"1621\" data-end=\"1632\" data-col-size=\"sm\">Contr\u00f4le<\/td>\n<td data-col-size=\"sm\" data-start=\"1632\" data-end=\"1665\">Boutons + panneau de contr\u00f4le<\/td>\n<\/tr>\n<tr data-start=\"1666\" data-end=\"1698\">\n<td data-start=\"1666\" data-end=\"1678\" data-col-size=\"sm\">Transport<\/td>\n<td data-start=\"1678\" data-end=\"1698\" data-col-size=\"sm\">Poign\u00e9e int\u00e9gr\u00e9e<\/td>\n<\/tr>\n<tr data-start=\"1699\" data-end=\"1717\">\n<td data-start=\"1699\" data-end=\"1709\" data-col-size=\"sm\">Couleur<\/td>\n<td data-start=\"1709\" data-end=\"1717\" data-col-size=\"sm\">Noir<\/td>\n<\/tr>\n<\/tbody>\n<\/table>\n<\/div>\n<\/div>\n<hr data-start=\"1719\" data-end=\"1722\" \/>\n<h1 data-section-id=\"yyyk90\" data-start=\"1724\" data-end=\"1742\">\ud83d\udce1 Compatibilit\u00e9<\/h1>\n<p data-start=\"1744\" data-end=\"1761\">Compatible avec :<\/p>\n<ul data-start=\"1763\" data-end=\"1870\">\n<li data-section-id=\"1rxl1vp\" data-start=\"1763\" data-end=\"1786\">\n<p data-start=\"1765\" data-end=\"1786\">Smartphones Android<\/p>\n<\/li>\n<li data-section-id=\"1fauvp9\" data-start=\"1787\" data-end=\"1797\">\n<p data-start=\"1789\" data-end=\"1797\">iPhone<\/p>\n<\/li>\n<li data-section-id=\"1x4w8bk\" data-start=\"1798\" data-end=\"1811\">\n<p data-start=\"1800\" data-end=\"1811\">Tablettes<\/p>\n<\/li>\n<li data-section-id=\"a2buoi\" data-start=\"1812\" data-end=\"1837\">\n<p data-start=\"1814\" data-end=\"1837\">Ordinateurs portables<\/p>\n<\/li>\n<li data-section-id=\"arffa1\" data-start=\"1838\" data-end=\"1850\">\n<p data-start=\"1840\" data-end=\"1850\">Cl\u00e9s USB<\/p>\n<\/li>\n<li data-section-id=\"1tvwmcw\" data-start=\"1851\" data-end=\"1870\">\n<p data-start=\"1853\" data-end=\"1870\">Cartes m\u00e9moire TF<\/p>\n<\/li>\n<\/ul>\n<hr data-start=\"1872\" data-end=\"1875\" \/>\n<h1 data-section-id=\"6f7tr2\" data-start=\"1877\" data-end=\"1898\">\ud83d\udce6 Contenu du colis<\/h1>\n<ul data-start=\"1900\" data-end=\"2031\">\n<li data-section-id=\"192nq5u\" data-start=\"1900\" data-end=\"1948\">\n<p data-start=\"1902\" data-end=\"1948\">1 \u00d7 <strong data-start=\"1906\" data-end=\"1946\">BoomBest LN-5216Mic Wireless Speaker<\/strong><\/p>\n<\/li>\n<li data-section-id=\"veg7xg\" data-start=\"1949\" data-end=\"1976\">\n<p data-start=\"1951\" data-end=\"1976\">1 \u00d7 Microphone sans fil<\/p>\n<\/li>\n<li data-section-id=\"1ujm9xk\" data-start=\"1977\" data-end=\"2002\">\n<p data-start=\"1979\" data-end=\"2002\">1 \u00d7 C\u00e2ble de recharge<\/p>\n<\/li>\n<li data-section-id=\"euolri\" data-start=\"2003\" data-end=\"2031\">\n<p data-start=\"2005\" data-end=\"2031\">1 \u00d7 Manuel d\u2019utilisation<\/p>\n<\/li>\n<\/ul>\n<p data-start=\"2078\" data-end=\"2118\">\n<hr data-start=\"2120\" data-end=\"2123\" \/>\n<p data-start=\"2125\" data-end=\"2270\" data-is-last-node=\"\" data-is-only-node=\"\">\ud83d\udd25 <strong data-start=\"2128\" data-end=\"2207\">Profitez d\u2019un son puissant et transformez vos soir\u00e9es en v\u00e9ritable karaok\u00e9.<\/strong><br data-start=\"2207\" data-end=\"2210\" \/><strong data-start=\"2210\" data-end=\"2263\">Commandez d\u00e8s maintenant la BoomBest LN-5216Mic !<\/strong> \ud83d\udd0a\ud83c\udfa4\ud83c\udfb6<\/p>\n<\/div>\n<\/div>\n<\/div>\n<\/div>\n<div class=\"z-0 flex min-h-[46px] justify-start\"><\/div>\n<\/div>\n<\/div>\n<\/article>\n<\/div>\n<\/div>\n<\/div>\n<\/div>\n<p><\/main><\/div>\n<\/div>\n<\/div>\n<\/div>\n<\/div>\n","protected":false},"excerpt":{"rendered":"<p>Transformez vos moments de musique en v\u00e9ritable spectacle avec la BoomBest LN-5216Mic Wireless Speaker. Cette enceinte portable offre un son puissant avec basses profondes, id\u00e9ale pour les f\u00eates, animations, karaok\u00e9 et \u00e9v\u00e9nements. \u00c9quip\u00e9e d\u2019un microphone sans fil, elle est parfaite pour chanter, faire des annonces ou animer vos soir\u00e9es. Gr\u00e2ce \u00e0 ses multiples modes de&hellip;<\/p>\n","protected":false},"featured_media":16279,"comment_status":"open","ping_status":"closed","template":"","meta":[],"product_cat":[92,128],"product_tag":[],"class_list":{"0":"post-16277","1":"product","2":"type-product","3":"status-publish","4":"has-post-thumbnail","6":"product_cat-audio","7":"product_cat-woofer","9":"first","10":"instock","11":"sale","12":"shipping-taxable","13":"purchasable","14":"product-type-simple","15":"col-xs-6 col-sm-4","16":"col-md-3 col-lg-3","17":"un-4-cols"},"_links":{"self":[{"href":"https:\/\/www.vazy.market\/index.php\/wp-json\/wp\/v2\/product\/16277","targetHints":{"allow":["GET"]}}],"collection":[{"href":"https:\/\/www.vazy.market\/index.php\/wp-json\/wp\/v2\/product"}],"about":[{"href":"https:\/\/www.vazy.market\/index.php\/wp-json\/wp\/v2\/types\/product"}],"replies":[{"embeddable":true,"href":"https:\/\/www.vazy.market\/index.php\/wp-json\/wp\/v2\/comments?post=16277"}],"wp:featuredmedia":[{"embeddable":true,"href":"https:\/\/www.vazy.market\/index.php\/wp-json\/wp\/v2\/media\/16279"}],"wp:attachment":[{"href":"https:\/\/www.vazy.market\/index.php\/wp-json\/wp\/v2\/media?parent=16277"}],"wp:term":[{"taxonomy":"product_cat","embeddable":true,"href":"https:\/\/www.vazy.market\/index.php\/wp-json\/wp\/v2\/product_cat?post=16277"},{"taxonomy":"product_tag","embeddable":true,"href":"https:\/\/www.vazy.market\/index.php\/wp-json\/wp\/v2\/product_tag?post=16277"}],"curies":[{"name":"wp","href":"https:\/\/api.w.org\/{rel}","templated":true}]}}