{"id":16266,"date":"2026-03-09T21:48:10","date_gmt":"2026-03-09T21:48:10","guid":{"rendered":"https:\/\/www.vazy.market\/?post_type=product&#038;p=16266"},"modified":"2026-03-29T17:49:47","modified_gmt":"2026-03-29T17:49:47","slug":"hm-mini-bluetooth-speaker-enceinte-bluetooth-portable-avec-support-smartphone","status":"publish","type":"product","link":"https:\/\/www.vazy.market\/index.php\/product\/hm-mini-bluetooth-speaker-enceinte-bluetooth-portable-avec-support-smartphone\/","title":{"rendered":"\ud83d\udd0a HM Mini Bluetooth Speaker \u2013 Enceinte Bluetooth Portable avec Support Smartphone"},"content":{"rendered":"<div class=\"flex h-svh w-screen flex-col\">\n<div class=\"relative z-0 flex min-h-0 w-full flex-1\">\n<div class=\"relative flex min-h-0 w-full flex-1\">\n<div class=\"@container\/main relative flex min-w-0 flex-1 flex-col -translate-y-[calc(env(safe-area-inset-bottom,0px)\/2)] pt-[calc(env(safe-area-inset-bottom,0px)\/2)]\">\n<div class=\"@w-sm\/main:[scrollbar-gutter:stable_both-edges] touch:[scrollbar-width:none] relative flex min-h-0 min-w-0 flex-1 flex-col [scrollbar-gutter:stable] not-print:overflow-x-clip not-print:overflow-y-auto scroll-pt-(--header-height) [--sticky-padding-top:var(--header-height)] has-data-[fixed-header=less-than-xl]:@w-xl\/main:scroll-pt-0 has-data-[fixed-header=less-than-xl]:@w-xl\/main:[--sticky-padding-top:0px] has-data-[fixed-header=less-than-xxl]:@w-2xl\/main:scroll-pt-0 has-data-[fixed-header=less-than-xxl]:@w-2xl\/main:[--sticky-padding-top:0px]\" data-scroll-root=\"\"><main id=\"main\" class=\"min-h-0 flex-1\"><\/p>\n<div id=\"thread\" class=\"group\/thread flex flex-col min-h-full\">\n<div class=\"composer-parent flex flex-1 flex-col focus-visible:outline-0\" role=\"presentation\">\n<div class=\"relative basis-auto flex-col -mb-(--composer-overlap-px) [--composer-overlap-px:28px] grow flex\">\n<div class=\"flex flex-col text-sm pb-25\">\n<article class=\"text-token-text-primary w-full focus:outline-none [--shadow-height:45px] has-data-writing-block:pointer-events-none has-data-writing-block:-mt-(--shadow-height) has-data-writing-block:pt-(--shadow-height) [&amp;:has([data-writing-block])&gt;*]:pointer-events-auto scroll-mt-[calc(var(--header-height)+min(200px,max(70px,20svh)))]\" dir=\"auto\" tabindex=\"-1\" data-turn-id=\"request-69add934-1d50-8332-91d7-d97a2ee2331f-7\" data-testid=\"conversation-turn-40\" data-scroll-anchor=\"true\" data-turn=\"assistant\">\n<div class=\"text-base my-auto mx-auto pb-10 [--thread-content-margin:var(--thread-content-margin-xs,calc(var(--spacing)*4))] @w-sm\/main:[--thread-content-margin:var(--thread-content-margin-sm,calc(var(--spacing)*6))] @w-lg\/main:[--thread-content-margin:var(--thread-content-margin-lg,calc(var(--spacing)*16))] px-(--thread-content-margin)\">\n<div class=\"[--thread-content-max-width:40rem] @w-lg\/main:[--thread-content-max-width:48rem] mx-auto max-w-(--thread-content-max-width) flex-1 group\/turn-messages focus-visible:outline-hidden relative flex w-full min-w-0 flex-col agent-turn\" tabindex=\"-1\">\n<div class=\"flex max-w-full flex-col gap-4 grow\">\n<div class=\"min-h-8 text-message relative flex w-full flex-col items-end gap-2 text-start break-words whitespace-normal [.text-message+&amp;]:mt-1\" dir=\"auto\" data-message-author-role=\"assistant\" data-message-id=\"0f9734ab-abcb-4dd5-aa4c-1b57a9115ea4\" data-message-model-slug=\"gpt-5-3\">\n<div class=\"flex w-full flex-col gap-1 empty:hidden\">\n<div class=\"markdown prose dark:prose-invert w-full wrap-break-word light markdown-new-styling\">\n<p data-start=\"91\" data-end=\"341\">Profitez d\u2019un <strong data-start=\"105\" data-end=\"153\">son clair et puissant dans un format compact<\/strong> avec la <strong data-start=\"162\" data-end=\"191\">HM Mini Bluetooth Speaker<\/strong>. Con\u00e7ue pour \u00eatre facilement transport\u00e9e, cette enceinte portable est id\u00e9ale pour \u00e9couter de la musique <strong data-start=\"296\" data-end=\"340\">\u00e0 la maison, au bureau ou en d\u00e9placement<\/strong>.<\/p>\n<p data-start=\"343\" data-end=\"620\">Gr\u00e2ce \u00e0 sa <strong data-start=\"354\" data-end=\"384\">connexion Bluetooth rapide<\/strong>, vous pouvez diffuser votre musique directement depuis votre smartphone, tablette ou ordinateur. Son <strong data-start=\"486\" data-end=\"520\">support int\u00e9gr\u00e9 pour t\u00e9l\u00e9phone<\/strong> vous permet \u00e9galement de regarder vos vid\u00e9os confortablement pendant que l\u2019enceinte diffuse le son.<\/p>\n<p data-start=\"622\" data-end=\"747\">Les <strong data-start=\"626\" data-end=\"655\">lumi\u00e8res LED multicolores<\/strong> apportent une touche d\u2019ambiance moderne pour vos moments de d\u00e9tente ou vos petites soir\u00e9es.<\/p>\n<hr data-start=\"749\" data-end=\"752\" \/>\n<h1 data-section-id=\"gug16d\" data-start=\"754\" data-end=\"770\">\u2b50 Points forts<\/h1>\n<p data-start=\"772\" data-end=\"1089\">\u2714 \ud83d\udd0a <strong data-start=\"777\" data-end=\"828\">Son puissant et clair malgr\u00e9 sa taille compacte<\/strong><br data-start=\"828\" data-end=\"831\" \/>\u2714 \ud83d\udcf6 <strong data-start=\"836\" data-end=\"876\">Connexion Bluetooth stable et rapide<\/strong><br data-start=\"876\" data-end=\"879\" \/>\u2714 \ud83d\udcf1 <strong data-start=\"884\" data-end=\"919\">Support int\u00e9gr\u00e9 pour smartphone<\/strong><br data-start=\"919\" data-end=\"922\" \/>\u2714 \ud83c\udf08 <strong data-start=\"927\" data-end=\"963\">Effets lumineux LED multicolores<\/strong><br data-start=\"963\" data-end=\"966\" \/>\u2714 \ud83d\udd0b <strong data-start=\"971\" data-end=\"1009\">Batterie rechargeable longue dur\u00e9e<\/strong><br data-start=\"1009\" data-end=\"1012\" \/>\u2714 \ud83e\uddf3 <strong data-start=\"1017\" data-end=\"1049\">Sangle de transport pratique<\/strong><br data-start=\"1049\" data-end=\"1052\" \/>\u2714 \ud83c\udf9b <strong data-start=\"1057\" data-end=\"1089\">Boutons de contr\u00f4le int\u00e9gr\u00e9s<\/strong><\/p>\n<hr data-start=\"1091\" data-end=\"1094\" \/>\n<h1 data-section-id=\"xsjnjy\" data-start=\"1096\" data-end=\"1111\">\ud83c\udfb5 Id\u00e9al pour<\/h1>\n<ul data-start=\"1113\" data-end=\"1285\">\n<li data-section-id=\"wtf2mm\" data-start=\"1113\" data-end=\"1150\">\n<p data-start=\"1115\" data-end=\"1150\">\u00c9couter de la musique \u00e0 la maison<\/p>\n<\/li>\n<li data-section-id=\"z8d3z\" data-start=\"1151\" data-end=\"1195\">\n<p data-start=\"1153\" data-end=\"1195\">Regarder des vid\u00e9os avec un meilleur son<\/p>\n<\/li>\n<li data-section-id=\"1mixdi5\" data-start=\"1196\" data-end=\"1237\">\n<p data-start=\"1198\" data-end=\"1237\">Petites soir\u00e9es ou moments entre amis<\/p>\n<\/li>\n<li data-section-id=\"1fk9bem\" data-start=\"1238\" data-end=\"1265\">\n<p data-start=\"1240\" data-end=\"1265\">Voyages et d\u00e9placements<\/p>\n<\/li>\n<li data-section-id=\"1dnqhg4\" data-start=\"1266\" data-end=\"1285\">\n<p data-start=\"1268\" data-end=\"1285\">Bureau ou chambre<\/p>\n<\/li>\n<\/ul>\n<hr data-start=\"1287\" data-end=\"1290\" \/>\n<h1 data-section-id=\"1gx1fos\" data-start=\"1292\" data-end=\"1312\">\ud83d\udcca Fiche Technique<\/h1>\n<div class=\"TyagGW_tableContainer\">\n<div class=\"group TyagGW_tableWrapper flex flex-col-reverse w-fit\" tabindex=\"-1\">\n<table class=\"w-fit min-w-(--thread-content-width)\" data-start=\"1314\" data-end=\"1693\">\n<thead data-start=\"1314\" data-end=\"1343\">\n<tr data-start=\"1314\" data-end=\"1343\">\n<th class=\"\" data-start=\"1314\" data-end=\"1332\" data-col-size=\"sm\">Caract\u00e9ristique<\/th>\n<th class=\"\" data-start=\"1332\" data-end=\"1343\" data-col-size=\"sm\">D\u00e9tails<\/th>\n<\/tr>\n<\/thead>\n<tbody data-start=\"1354\" data-end=\"1693\">\n<tr data-start=\"1354\" data-end=\"1369\">\n<td data-start=\"1354\" data-end=\"1363\" data-col-size=\"sm\">Marque<\/td>\n<td data-col-size=\"sm\" data-start=\"1363\" data-end=\"1369\">HM<\/td>\n<\/tr>\n<tr data-start=\"1370\" data-end=\"1405\">\n<td data-start=\"1370\" data-end=\"1379\" data-col-size=\"sm\">Mod\u00e8le<\/td>\n<td data-col-size=\"sm\" data-start=\"1379\" data-end=\"1405\">Mini Bluetooth Speaker<\/td>\n<\/tr>\n<tr data-start=\"1406\" data-end=\"1444\">\n<td data-start=\"1406\" data-end=\"1413\" data-col-size=\"sm\">Type<\/td>\n<td data-col-size=\"sm\" data-start=\"1413\" data-end=\"1444\">Enceinte Bluetooth portable<\/td>\n<\/tr>\n<tr data-start=\"1445\" data-end=\"1473\">\n<td data-start=\"1445\" data-end=\"1460\" data-col-size=\"sm\">Connectivit\u00e9<\/td>\n<td data-col-size=\"sm\" data-start=\"1460\" data-end=\"1473\">Bluetooth<\/td>\n<\/tr>\n<tr data-start=\"1474\" data-end=\"1506\">\n<td data-start=\"1474\" data-end=\"1486\" data-col-size=\"sm\">\u00c9clairage<\/td>\n<td data-col-size=\"sm\" data-start=\"1486\" data-end=\"1506\">LED multicolores<\/td>\n<\/tr>\n<tr data-start=\"1507\" data-end=\"1543\">\n<td data-start=\"1507\" data-end=\"1518\" data-col-size=\"sm\">Batterie<\/td>\n<td data-col-size=\"sm\" data-start=\"1518\" data-end=\"1543\">Batterie rechargeable<\/td>\n<\/tr>\n<tr data-start=\"1544\" data-end=\"1575\">\n<td data-start=\"1544\" data-end=\"1555\" data-col-size=\"sm\">Contr\u00f4le<\/td>\n<td data-col-size=\"sm\" data-start=\"1555\" data-end=\"1575\">Boutons int\u00e9gr\u00e9s<\/td>\n<\/tr>\n<tr data-start=\"1576\" data-end=\"1604\">\n<td data-start=\"1576\" data-end=\"1597\" data-col-size=\"sm\">Support smartphone<\/td>\n<td data-col-size=\"sm\" data-start=\"1597\" data-end=\"1604\">Oui<\/td>\n<\/tr>\n<tr data-start=\"1605\" data-end=\"1635\">\n<td data-start=\"1605\" data-end=\"1617\" data-col-size=\"sm\">Transport<\/td>\n<td data-start=\"1617\" data-end=\"1635\" data-col-size=\"sm\">Sangle incluse<\/td>\n<\/tr>\n<tr data-start=\"1636\" data-end=\"1674\">\n<td data-start=\"1636\" data-end=\"1647\" data-col-size=\"sm\">Mat\u00e9riau<\/td>\n<td data-col-size=\"sm\" data-start=\"1647\" data-end=\"1674\">ABS + grille m\u00e9tallique<\/td>\n<\/tr>\n<tr data-start=\"1675\" data-end=\"1693\">\n<td data-start=\"1675\" data-end=\"1685\" data-col-size=\"sm\">Couleur<\/td>\n<td data-col-size=\"sm\" data-start=\"1685\" data-end=\"1693\">Noir<\/td>\n<\/tr>\n<\/tbody>\n<\/table>\n<\/div>\n<\/div>\n<hr data-start=\"1695\" data-end=\"1698\" \/>\n<h1 data-section-id=\"yyyk90\" data-start=\"1700\" data-end=\"1718\">\ud83d\udce1 Compatibilit\u00e9<\/h1>\n<p data-start=\"1720\" data-end=\"1737\">Compatible avec :<\/p>\n<ul data-start=\"1739\" data-end=\"1837\">\n<li data-section-id=\"1rxl1vp\" data-start=\"1739\" data-end=\"1762\">\n<p data-start=\"1741\" data-end=\"1762\">Smartphones Android<\/p>\n<\/li>\n<li data-section-id=\"1fauvp9\" data-start=\"1763\" data-end=\"1773\">\n<p data-start=\"1765\" data-end=\"1773\">iPhone<\/p>\n<\/li>\n<li data-section-id=\"1x4w8bk\" data-start=\"1774\" data-end=\"1787\">\n<p data-start=\"1776\" data-end=\"1787\">Tablettes<\/p>\n<\/li>\n<li data-section-id=\"a2buoi\" data-start=\"1788\" data-end=\"1813\">\n<p data-start=\"1790\" data-end=\"1813\">Ordinateurs portables<\/p>\n<\/li>\n<li data-section-id=\"wz66or\" data-start=\"1814\" data-end=\"1837\">\n<p data-start=\"1816\" data-end=\"1837\">T\u00e9l\u00e9viseurs Bluetooth<\/p>\n<\/li>\n<\/ul>\n<hr data-start=\"1839\" data-end=\"1842\" \/>\n<h1 data-section-id=\"6f7tr2\" data-start=\"1844\" data-end=\"1865\">\ud83d\udce6 Contenu du colis<\/h1>\n<ul data-start=\"1867\" data-end=\"1987\">\n<li data-section-id=\"367pmt\" data-start=\"1867\" data-end=\"1904\">\n<p data-start=\"1869\" data-end=\"1904\">1 \u00d7 <strong data-start=\"1873\" data-end=\"1902\">HM Mini Bluetooth Speaker<\/strong><\/p>\n<\/li>\n<li data-section-id=\"1ujm9xk\" data-start=\"1905\" data-end=\"1930\">\n<p data-start=\"1907\" data-end=\"1930\">1 \u00d7 C\u00e2ble de recharge<\/p>\n<\/li>\n<li data-section-id=\"1fy35xa\" data-start=\"1931\" data-end=\"1958\">\n<p data-start=\"1933\" data-end=\"1958\">1 \u00d7 Sangle de transport<\/p>\n<\/li>\n<li data-section-id=\"euolri\" data-start=\"1959\" data-end=\"1987\">\n<p data-start=\"1961\" data-end=\"1987\">1 \u00d7 Manuel d\u2019utilisation<\/p>\n<\/li>\n<\/ul>\n<hr data-start=\"1989\" data-end=\"1992\" \/>\n<p data-start=\"1994\" data-end=\"2150\" data-is-last-node=\"\" data-is-only-node=\"\">\ud83d\udd25 <strong data-start=\"1997\" data-end=\"2083\">Une enceinte compacte avec un son puissant pour profiter de votre musique partout.<\/strong><br data-start=\"2083\" data-end=\"2086\" \/><strong data-start=\"2086\" data-end=\"2145\">Commandez d\u00e8s maintenant la HM Mini Bluetooth Speaker !<\/strong> \ud83d\udd0a\ud83c\udfb6<\/p>\n<\/div>\n<\/div>\n<\/div>\n<\/div>\n<div class=\"z-0 flex min-h-[46px] justify-start\"><\/div>\n<\/div>\n<\/div>\n<\/article>\n<\/div>\n<\/div>\n<\/div>\n<\/div>\n<p><\/main><\/div>\n<\/div>\n<\/div>\n<\/div>\n<\/div>\n","protected":false},"excerpt":{"rendered":"<p>Profitez d\u2019un son clair et puissant dans un format compact avec la HM Mini Bluetooth Speaker. Con\u00e7ue pour \u00eatre facilement transport\u00e9e, cette enceinte portable est id\u00e9ale pour \u00e9couter de la musique \u00e0 la maison, au bureau ou en d\u00e9placement. Gr\u00e2ce \u00e0 sa connexion Bluetooth rapide, vous pouvez diffuser votre musique directement depuis votre smartphone, tablette&hellip;<\/p>\n","protected":false},"featured_media":16268,"comment_status":"open","ping_status":"closed","template":"","meta":[],"product_cat":[92,128],"product_tag":[],"class_list":{"0":"post-16266","1":"product","2":"type-product","3":"status-publish","4":"has-post-thumbnail","6":"product_cat-audio","7":"product_cat-woofer","9":"first","10":"instock","11":"sale","12":"shipping-taxable","13":"purchasable","14":"product-type-simple","15":"col-xs-6 col-sm-4","16":"col-md-3 col-lg-3","17":"un-4-cols"},"_links":{"self":[{"href":"https:\/\/www.vazy.market\/index.php\/wp-json\/wp\/v2\/product\/16266","targetHints":{"allow":["GET"]}}],"collection":[{"href":"https:\/\/www.vazy.market\/index.php\/wp-json\/wp\/v2\/product"}],"about":[{"href":"https:\/\/www.vazy.market\/index.php\/wp-json\/wp\/v2\/types\/product"}],"replies":[{"embeddable":true,"href":"https:\/\/www.vazy.market\/index.php\/wp-json\/wp\/v2\/comments?post=16266"}],"wp:featuredmedia":[{"embeddable":true,"href":"https:\/\/www.vazy.market\/index.php\/wp-json\/wp\/v2\/media\/16268"}],"wp:attachment":[{"href":"https:\/\/www.vazy.market\/index.php\/wp-json\/wp\/v2\/media?parent=16266"}],"wp:term":[{"taxonomy":"product_cat","embeddable":true,"href":"https:\/\/www.vazy.market\/index.php\/wp-json\/wp\/v2\/product_cat?post=16266"},{"taxonomy":"product_tag","embeddable":true,"href":"https:\/\/www.vazy.market\/index.php\/wp-json\/wp\/v2\/product_tag?post=16266"}],"curies":[{"name":"wp","href":"https:\/\/api.w.org\/{rel}","templated":true}]}}