{"id":16261,"date":"2026-03-09T21:31:11","date_gmt":"2026-03-09T21:31:11","guid":{"rendered":"https:\/\/www.vazy.market\/?post_type=product&#038;p=16261"},"modified":"2026-03-29T17:49:47","modified_gmt":"2026-03-29T17:49:47","slug":"enceinte-bluetooth-portable-sing-e-zqs4210-son-puissant-lumieres-led","status":"publish","type":"product","link":"https:\/\/www.vazy.market\/index.php\/product\/enceinte-bluetooth-portable-sing-e-zqs4210-son-puissant-lumieres-led\/","title":{"rendered":"\ud83d\udd0a Enceinte Bluetooth Portable Sing-e ZQS4210 \u2013 Son Puissant &#038; Lumi\u00e8res LED"},"content":{"rendered":"<div class=\"flex flex-col text-sm pb-25\">\n<article class=\"text-token-text-primary w-full focus:outline-none [--shadow-height:45px] has-data-writing-block:pointer-events-none has-data-writing-block:-mt-(--shadow-height) has-data-writing-block:pt-(--shadow-height) [&amp;:has([data-writing-block])&gt;*]:pointer-events-auto scroll-mt-[calc(var(--header-height)+min(200px,max(70px,20svh)))]\" dir=\"auto\" tabindex=\"-1\" data-turn-id=\"request-69add934-1d50-8332-91d7-d97a2ee2331f-5\" data-testid=\"conversation-turn-36\" data-scroll-anchor=\"true\" data-turn=\"assistant\">\n<div class=\"text-base my-auto mx-auto pb-10 [--thread-content-margin:var(--thread-content-margin-xs,calc(var(--spacing)*4))] @w-sm\/main:[--thread-content-margin:var(--thread-content-margin-sm,calc(var(--spacing)*6))] @w-lg\/main:[--thread-content-margin:var(--thread-content-margin-lg,calc(var(--spacing)*16))] px-(--thread-content-margin)\">\n<div class=\"[--thread-content-max-width:40rem] @w-lg\/main:[--thread-content-max-width:48rem] mx-auto max-w-(--thread-content-max-width) flex-1 group\/turn-messages focus-visible:outline-hidden relative flex w-full min-w-0 flex-col agent-turn\" tabindex=\"-1\">\n<div class=\"flex max-w-full flex-col gap-4 grow\">\n<div class=\"min-h-8 text-message relative flex w-full flex-col items-end gap-2 text-start break-words whitespace-normal [.text-message+&amp;]:mt-1\" dir=\"auto\" data-message-author-role=\"assistant\" data-message-id=\"213a687d-77d6-47e6-b709-35109529dfce\" data-message-model-slug=\"gpt-5-3\">\n<div class=\"flex w-full flex-col gap-1 empty:hidden\">\n<div class=\"markdown prose dark:prose-invert w-full wrap-break-word light markdown-new-styling\">\n<p data-start=\"80\" data-end=\"365\">Transformez n\u2019importe quel endroit en <strong data-start=\"118\" data-end=\"149\">v\u00e9ritable ambiance musicale<\/strong> avec l\u2019<strong data-start=\"157\" data-end=\"203\">enceinte Bluetooth portable Sing-e ZQS4210<\/strong>. Con\u00e7ue pour offrir un <strong data-start=\"227\" data-end=\"274\">son puissant, clair et des basses profondes<\/strong>, cette enceinte est parfaite pour <strong data-start=\"309\" data-end=\"364\">les f\u00eates, les sorties, la maison ou les \u00e9v\u00e9nements<\/strong>.<\/p>\n<p data-start=\"367\" data-end=\"647\">Avec ses <strong data-start=\"376\" data-end=\"403\">lumi\u00e8res LED dynamiques<\/strong>, elle cr\u00e9e une atmosph\u00e8re festive pendant que vous profitez de votre musique pr\u00e9f\u00e9r\u00e9e. Gr\u00e2ce \u00e0 sa <strong data-start=\"502\" data-end=\"561\">connexion Bluetooth et ses multiples options de lecture<\/strong>, vous pouvez \u00e9couter votre musique depuis votre smartphone, cl\u00e9 USB ou carte m\u00e9moire.<\/p>\n<p data-start=\"649\" data-end=\"731\">Son <strong data-start=\"653\" data-end=\"696\">design robuste avec sangle de transport<\/strong> la rend facile \u00e0 emporter partout.<\/p>\n<hr data-start=\"733\" data-end=\"736\" \/>\n<h1 data-section-id=\"1vi6rwn\" data-start=\"738\" data-end=\"783\">\u2b50 Pourquoi choisir cette enceinte Bluetooth<\/h1>\n<p data-start=\"785\" data-end=\"1191\">\u2714 \ud83d\udd0a <strong data-start=\"790\" data-end=\"829\">Son puissant avec basses renforc\u00e9es<\/strong><br data-start=\"829\" data-end=\"832\" \/>\u2714 \ud83d\udcf6 <strong data-start=\"837\" data-end=\"877\">Connexion Bluetooth rapide et stable<\/strong><br data-start=\"877\" data-end=\"880\" \/>\u2714 \ud83c\udf08 <strong data-start=\"885\" data-end=\"930\">Effets lumineux LED pour ambiance festive<\/strong><br data-start=\"930\" data-end=\"933\" \/>\u2714 \ud83d\udd0b <strong data-start=\"938\" data-end=\"980\">Batterie rechargeable longue autonomie<\/strong><br data-start=\"980\" data-end=\"983\" \/>\u2714 \ud83c\udfb6 <strong data-start=\"988\" data-end=\"1040\">Lecture via Bluetooth, USB, carte m\u00e9moire et AUX<\/strong><br data-start=\"1040\" data-end=\"1043\" \/>\u2714 \ud83c\udfa4 <strong data-start=\"1048\" data-end=\"1078\">Fonction radio FM int\u00e9gr\u00e9e<\/strong><br data-start=\"1078\" data-end=\"1081\" \/>\u2714 \ud83e\uddf3 <strong data-start=\"1086\" data-end=\"1133\">Sangle de transport pour d\u00e9placement facile<\/strong><br data-start=\"1133\" data-end=\"1136\" \/>\u2714 \ud83c\udf9b <strong data-start=\"1141\" data-end=\"1191\">T\u00e9l\u00e9commande incluse pour un contr\u00f4le pratique<\/strong><\/p>\n<hr data-start=\"1193\" data-end=\"1196\" \/>\n<h1 data-section-id=\"3iwtrv\" data-start=\"1198\" data-end=\"1214\">\ud83c\udfb5 Id\u00e9ale pour<\/h1>\n<ul data-start=\"1216\" data-end=\"1331\">\n<li data-section-id=\"5gzk23\" data-start=\"1216\" data-end=\"1239\">\n<p data-start=\"1218\" data-end=\"1239\">F\u00eates et \u00e9v\u00e9nements<\/p>\n<\/li>\n<li data-section-id=\"pgro7h\" data-start=\"1240\" data-end=\"1261\">\n<p data-start=\"1242\" data-end=\"1261\">Maison et d\u00e9tente<\/p>\n<\/li>\n<li data-section-id=\"6izfc9\" data-start=\"1262\" data-end=\"1289\">\n<p data-start=\"1264\" data-end=\"1289\">Pique-niques et voyages<\/p>\n<\/li>\n<li data-section-id=\"32wmu6\" data-start=\"1290\" data-end=\"1307\">\n<p data-start=\"1292\" data-end=\"1307\">Anniversaires<\/p>\n<\/li>\n<li data-section-id=\"p09mp0\" data-start=\"1308\" data-end=\"1331\">\n<p data-start=\"1310\" data-end=\"1331\">Animations et soir\u00e9es<\/p>\n<\/li>\n<\/ul>\n<hr data-start=\"1333\" data-end=\"1336\" \/>\n<h1 data-section-id=\"1gx1fos\" data-start=\"1338\" data-end=\"1358\">\ud83d\udcca Fiche Technique<\/h1>\n<div class=\"TyagGW_tableContainer\">\n<div class=\"group TyagGW_tableWrapper flex flex-col-reverse w-fit\" tabindex=\"-1\">\n<table class=\"w-fit min-w-(--thread-content-width)\" data-start=\"1360\" data-end=\"1757\">\n<thead data-start=\"1360\" data-end=\"1389\">\n<tr data-start=\"1360\" data-end=\"1389\">\n<th class=\"\" data-start=\"1360\" data-end=\"1378\" data-col-size=\"sm\">Caract\u00e9ristique<\/th>\n<th class=\"\" data-start=\"1378\" data-end=\"1389\" data-col-size=\"sm\">D\u00e9tails<\/th>\n<\/tr>\n<\/thead>\n<tbody data-start=\"1400\" data-end=\"1757\">\n<tr data-start=\"1400\" data-end=\"1419\">\n<td data-start=\"1400\" data-end=\"1409\" data-col-size=\"sm\">Marque<\/td>\n<td data-col-size=\"sm\" data-start=\"1409\" data-end=\"1419\">Sing-e<\/td>\n<\/tr>\n<tr data-start=\"1420\" data-end=\"1440\">\n<td data-start=\"1420\" data-end=\"1429\" data-col-size=\"sm\">Mod\u00e8le<\/td>\n<td data-col-size=\"sm\" data-start=\"1429\" data-end=\"1440\">ZQS4210<\/td>\n<\/tr>\n<tr data-start=\"1441\" data-end=\"1479\">\n<td data-start=\"1441\" data-end=\"1448\" data-col-size=\"sm\">Type<\/td>\n<td data-col-size=\"sm\" data-start=\"1448\" data-end=\"1479\">Enceinte Bluetooth portable<\/td>\n<\/tr>\n<tr data-start=\"1480\" data-end=\"1508\">\n<td data-start=\"1480\" data-end=\"1495\" data-col-size=\"sm\">Connectivit\u00e9<\/td>\n<td data-col-size=\"sm\" data-start=\"1495\" data-end=\"1508\">Bluetooth<\/td>\n<\/tr>\n<tr data-start=\"1509\" data-end=\"1566\">\n<td data-start=\"1509\" data-end=\"1528\" data-col-size=\"sm\">Modes de lecture<\/td>\n<td data-col-size=\"sm\" data-start=\"1528\" data-end=\"1566\">Bluetooth, USB, carte m\u00e9moire, AUX<\/td>\n<\/tr>\n<tr data-start=\"1567\" data-end=\"1590\">\n<td data-start=\"1567\" data-end=\"1575\" data-col-size=\"sm\">Radio<\/td>\n<td data-col-size=\"sm\" data-start=\"1575\" data-end=\"1590\">FM int\u00e9gr\u00e9e<\/td>\n<\/tr>\n<tr data-start=\"1591\" data-end=\"1632\">\n<td data-start=\"1591\" data-end=\"1603\" data-col-size=\"sm\">\u00c9clairage<\/td>\n<td data-col-size=\"sm\" data-start=\"1603\" data-end=\"1632\">Lumi\u00e8res LED multicolores<\/td>\n<\/tr>\n<tr data-start=\"1633\" data-end=\"1669\">\n<td data-start=\"1633\" data-end=\"1644\" data-col-size=\"sm\">Batterie<\/td>\n<td data-col-size=\"sm\" data-start=\"1644\" data-end=\"1669\">Batterie rechargeable<\/td>\n<\/tr>\n<tr data-start=\"1670\" data-end=\"1707\">\n<td data-start=\"1670\" data-end=\"1681\" data-col-size=\"sm\">Contr\u00f4le<\/td>\n<td data-start=\"1681\" data-end=\"1707\" data-col-size=\"sm\">Boutons + t\u00e9l\u00e9commande<\/td>\n<\/tr>\n<tr data-start=\"1708\" data-end=\"1738\">\n<td data-start=\"1708\" data-end=\"1720\" data-col-size=\"sm\">Transport<\/td>\n<td data-start=\"1720\" data-end=\"1738\" data-col-size=\"sm\">Sangle incluse<\/td>\n<\/tr>\n<tr data-start=\"1739\" data-end=\"1757\">\n<td data-start=\"1739\" data-end=\"1749\" data-col-size=\"sm\">Couleur<\/td>\n<td data-start=\"1749\" data-end=\"1757\" data-col-size=\"sm\">Noir<\/td>\n<\/tr>\n<\/tbody>\n<\/table>\n<\/div>\n<\/div>\n<hr data-start=\"1759\" data-end=\"1762\" \/>\n<h1 data-section-id=\"yyyk90\" data-start=\"1764\" data-end=\"1782\">\ud83d\udce1 Compatibilit\u00e9<\/h1>\n<p data-start=\"1784\" data-end=\"1801\">Compatible avec :<\/p>\n<ul data-start=\"1803\" data-end=\"1922\">\n<li data-section-id=\"1rxl1vp\" data-start=\"1803\" data-end=\"1826\">\n<p data-start=\"1805\" data-end=\"1826\">Smartphones Android<\/p>\n<\/li>\n<li data-section-id=\"1fauvp9\" data-start=\"1827\" data-end=\"1837\">\n<p data-start=\"1829\" data-end=\"1837\">iPhone<\/p>\n<\/li>\n<li data-section-id=\"1x4w8bk\" data-start=\"1838\" data-end=\"1851\">\n<p data-start=\"1840\" data-end=\"1851\">Tablettes<\/p>\n<\/li>\n<li data-section-id=\"1runmaa\" data-start=\"1852\" data-end=\"1867\">\n<p data-start=\"1854\" data-end=\"1867\">Ordinateurs<\/p>\n<\/li>\n<li data-section-id=\"15c8kbf\" data-start=\"1868\" data-end=\"1893\">\n<p data-start=\"1870\" data-end=\"1893\">T\u00e9l\u00e9viseurs Bluetooth<\/p>\n<\/li>\n<li data-section-id=\"1hpnyv6\" data-start=\"1894\" data-end=\"1922\">\n<p data-start=\"1896\" data-end=\"1922\">Cl\u00e9s USB et cartes m\u00e9moire<\/p>\n<\/li>\n<\/ul>\n<hr data-start=\"1924\" data-end=\"1927\" \/>\n<h1 data-section-id=\"6f7tr2\" data-start=\"1929\" data-end=\"1950\">\ud83d\udce6 Contenu du colis<\/h1>\n<ul data-start=\"1952\" data-end=\"2097\">\n<li data-section-id=\"1eqcy1z\" data-start=\"1952\" data-end=\"1993\">\n<p data-start=\"1954\" data-end=\"1993\">1 \u00d7 Enceinte Bluetooth Sing-e ZQS4210<\/p>\n<\/li>\n<li data-section-id=\"1aam6fo\" data-start=\"1994\" data-end=\"2014\">\n<p data-start=\"1996\" data-end=\"2014\">1 \u00d7 T\u00e9l\u00e9commande<\/p>\n<\/li>\n<li data-section-id=\"1fy35xa\" data-start=\"2015\" data-end=\"2042\">\n<p data-start=\"2017\" data-end=\"2042\">1 \u00d7 Sangle de transport<\/p>\n<\/li>\n<li data-section-id=\"1ujm9xk\" data-start=\"2043\" data-end=\"2068\">\n<p data-start=\"2045\" data-end=\"2068\">1 \u00d7 C\u00e2ble de recharge<\/p>\n<\/li>\n<li data-section-id=\"euolri\" data-start=\"2069\" data-end=\"2097\">\n<p data-start=\"2071\" data-end=\"2097\">1 \u00d7 Manuel d\u2019utilisation<\/p>\n<\/li>\n<\/ul>\n<hr data-start=\"2230\" data-end=\"2233\" \/>\n<p data-start=\"2235\" data-end=\"2391\" data-is-last-node=\"\" data-is-only-node=\"\">\ud83d\udd25 <strong data-start=\"2238\" data-end=\"2319\">Profitez d\u2019un son puissant et d\u2019une ambiance lumineuse pour toutes vos f\u00eates.<\/strong><br data-start=\"2319\" data-end=\"2322\" \/><strong data-start=\"2322\" data-end=\"2386\">Commandez d\u00e8s maintenant votre enceinte Bluetooth portable !<\/strong> \ud83d\udd0a\ud83c\udfb6<\/p>\n<\/div>\n<\/div>\n<\/div>\n<\/div>\n<div class=\"z-0 flex min-h-[46px] justify-start\"><\/div>\n<div class=\"mt-3 w-full empty:hidden\">\n<div class=\"text-center\"><\/div>\n<\/div>\n<\/div>\n<\/div>\n<\/article>\n<\/div>\n<div class=\"pointer-events-none h-px w-px absolute bottom-0\" aria-hidden=\"true\" data-edge=\"true\"><\/div>\n","protected":false},"excerpt":{"rendered":"<p>Transformez n\u2019importe quel endroit en v\u00e9ritable ambiance musicale avec l\u2019enceinte Bluetooth portable Sing-e ZQS4210. Con\u00e7ue pour offrir un son puissant, clair et des basses profondes, cette enceinte est parfaite pour les f\u00eates, les sorties, la maison ou les \u00e9v\u00e9nements. Avec ses lumi\u00e8res LED dynamiques, elle cr\u00e9e une atmosph\u00e8re festive pendant que vous profitez de votre&hellip;<\/p>\n","protected":false},"featured_media":16263,"comment_status":"open","ping_status":"closed","template":"","meta":[],"product_cat":[92,128],"product_tag":[],"class_list":{"0":"post-16261","1":"product","2":"type-product","3":"status-publish","4":"has-post-thumbnail","6":"product_cat-audio","7":"product_cat-woofer","9":"first","10":"instock","11":"sale","12":"shipping-taxable","13":"purchasable","14":"product-type-simple","15":"col-xs-6 col-sm-4","16":"col-md-3 col-lg-3","17":"un-4-cols"},"_links":{"self":[{"href":"https:\/\/www.vazy.market\/index.php\/wp-json\/wp\/v2\/product\/16261","targetHints":{"allow":["GET"]}}],"collection":[{"href":"https:\/\/www.vazy.market\/index.php\/wp-json\/wp\/v2\/product"}],"about":[{"href":"https:\/\/www.vazy.market\/index.php\/wp-json\/wp\/v2\/types\/product"}],"replies":[{"embeddable":true,"href":"https:\/\/www.vazy.market\/index.php\/wp-json\/wp\/v2\/comments?post=16261"}],"wp:featuredmedia":[{"embeddable":true,"href":"https:\/\/www.vazy.market\/index.php\/wp-json\/wp\/v2\/media\/16263"}],"wp:attachment":[{"href":"https:\/\/www.vazy.market\/index.php\/wp-json\/wp\/v2\/media?parent=16261"}],"wp:term":[{"taxonomy":"product_cat","embeddable":true,"href":"https:\/\/www.vazy.market\/index.php\/wp-json\/wp\/v2\/product_cat?post=16261"},{"taxonomy":"product_tag","embeddable":true,"href":"https:\/\/www.vazy.market\/index.php\/wp-json\/wp\/v2\/product_tag?post=16261"}],"curies":[{"name":"wp","href":"https:\/\/api.w.org\/{rel}","templated":true}]}}