{"id":16245,"date":"2026-03-09T20:55:40","date_gmt":"2026-03-09T20:55:40","guid":{"rendered":"https:\/\/www.vazy.market\/?post_type=product&#038;p=16245"},"modified":"2026-04-06T04:08:50","modified_gmt":"2026-04-06T04:08:50","slug":"routeur-wifi-portable-5g-mobile-router-300-mbps","status":"publish","type":"product","link":"https:\/\/www.vazy.market\/index.php\/product\/routeur-wifi-portable-5g-mobile-router-300-mbps\/","title":{"rendered":"\ud83d\udcf6 Routeur WiFi Portable 5G \u2013 Mobile Router 300 Mbps"},"content":{"rendered":"<div class=\"flex flex-col text-sm pb-25\">\n<article class=\"text-token-text-primary w-full focus:outline-none [--shadow-height:45px] has-data-writing-block:pointer-events-none has-data-writing-block:-mt-(--shadow-height) has-data-writing-block:pt-(--shadow-height) [&amp;:has([data-writing-block])&gt;*]:pointer-events-auto scroll-mt-[calc(var(--header-height)+min(200px,max(70px,20svh)))]\" dir=\"auto\" tabindex=\"-1\" data-turn-id=\"request-69add934-1d50-8332-91d7-d97a2ee2331f-2\" data-testid=\"conversation-turn-30\" data-scroll-anchor=\"true\" data-turn=\"assistant\">\n<div class=\"text-base my-auto mx-auto pb-10 [--thread-content-margin:var(--thread-content-margin-xs,calc(var(--spacing)*4))] @w-sm\/main:[--thread-content-margin:var(--thread-content-margin-sm,calc(var(--spacing)*6))] @w-lg\/main:[--thread-content-margin:var(--thread-content-margin-lg,calc(var(--spacing)*16))] px-(--thread-content-margin)\">\n<div class=\"[--thread-content-max-width:40rem] @w-lg\/main:[--thread-content-max-width:48rem] mx-auto max-w-(--thread-content-max-width) flex-1 group\/turn-messages focus-visible:outline-hidden relative flex w-full min-w-0 flex-col agent-turn\" tabindex=\"-1\">\n<div class=\"flex max-w-full flex-col gap-4 grow\">\n<div class=\"min-h-8 text-message relative flex w-full flex-col items-end gap-2 text-start break-words whitespace-normal [.text-message+&amp;]:mt-1\" dir=\"auto\" data-message-author-role=\"assistant\" data-message-id=\"f8db1344-ec12-418a-b92c-ece715d022f6\" data-message-model-slug=\"gpt-5-3\">\n<div class=\"flex w-full flex-col gap-1 empty:hidden\">\n<div class=\"markdown prose dark:prose-invert w-full wrap-break-word light markdown-new-styling\">\n<p data-start=\"57\" data-end=\"271\">Restez connect\u00e9 partout avec le <strong data-start=\"89\" data-end=\"131\">Routeur WiFi Portable 5G Mobile Router<\/strong>. Cet appareil compact transforme votre <strong data-start=\"171\" data-end=\"206\">carte SIM en r\u00e9seau WiFi rapide<\/strong> que vous pouvez partager avec plusieurs appareils simultan\u00e9ment.<\/p>\n<p data-start=\"273\" data-end=\"527\">Id\u00e9al pour la <strong data-start=\"287\" data-end=\"338\">maison, le bureau, les voyages ou les \u00e9tudiants<\/strong>, ce routeur vous permet de profiter d\u2019une <strong data-start=\"381\" data-end=\"427\">connexion internet rapide jusqu\u2019\u00e0 300 Mbps<\/strong>. Il suffit d\u2019ins\u00e9rer votre <strong data-start=\"455\" data-end=\"485\">puce SIM (tous op\u00e9rateurs)<\/strong> pour cr\u00e9er instantan\u00e9ment un r\u00e9seau WiFi.<\/p>\n<p data-start=\"529\" data-end=\"646\">Gr\u00e2ce \u00e0 sa <strong data-start=\"540\" data-end=\"588\">batterie rechargeable et son port USB Type-C<\/strong>, vous pouvez l\u2019utiliser facilement partout o\u00f9 vous allez.<\/p>\n<hr data-start=\"648\" data-end=\"651\" \/>\n<h1 data-section-id=\"1i1zar6\" data-start=\"653\" data-end=\"692\">\u2b50 Pourquoi choisir ce routeur WiFi 5G<\/h1>\n<p data-start=\"694\" data-end=\"1070\">\u2714 \ud83d\udcf6 <strong data-start=\"699\" data-end=\"745\">Connexion internet rapide jusqu\u2019\u00e0 300 Mbps<\/strong><br data-start=\"745\" data-end=\"748\" \/>\u2714 \ud83d\udcf1 <strong data-start=\"753\" data-end=\"812\">Compatible avec toutes les cartes SIM (tous op\u00e9rateurs)<\/strong><br data-start=\"812\" data-end=\"815\" \/>\u2714 \ud83d\udd0b <strong data-start=\"820\" data-end=\"873\">Batterie rechargeable pour une utilisation mobile<\/strong><br data-start=\"873\" data-end=\"876\" \/>\u2714 \ud83d\udc65 <strong data-start=\"881\" data-end=\"928\">Connexion simultan\u00e9e de plusieurs appareils<\/strong><br data-start=\"928\" data-end=\"931\" \/>\u2714 \ud83e\uddf3 <strong data-start=\"936\" data-end=\"966\">Format compact et portable<\/strong> id\u00e9al pour voyager<br data-start=\"985\" data-end=\"988\" \/>\u2714 \ud83d\udd0c <strong data-start=\"993\" data-end=\"1028\">Recharge moderne via USB Type-C<\/strong><br data-start=\"1028\" data-end=\"1031\" \/>\u2714 \ud83d\udce1 <strong data-start=\"1036\" data-end=\"1070\">Signal WiFi stable et puissant<\/strong><\/p>\n<hr data-start=\"1072\" data-end=\"1075\" \/>\n<h1 data-section-id=\"uqf46d\" data-start=\"1077\" data-end=\"1102\">\ud83c\udf10 Utilisations id\u00e9ales<\/h1>\n<ul data-start=\"1104\" data-end=\"1277\">\n<li data-section-id=\"1b1nxcv\" data-start=\"1104\" data-end=\"1127\">\n<p data-start=\"1106\" data-end=\"1127\">Internet \u00e0 domicile<\/p>\n<\/li>\n<li data-section-id=\"1obggwu\" data-start=\"1128\" data-end=\"1160\">\n<p data-start=\"1130\" data-end=\"1160\">Partage WiFi pour la famille<\/p>\n<\/li>\n<li data-section-id=\"1fpldjt\" data-start=\"1161\" data-end=\"1189\">\n<p data-start=\"1163\" data-end=\"1189\">\u00c9tudiants et t\u00e9l\u00e9travail<\/p>\n<\/li>\n<li data-section-id=\"1tmio1c\" data-start=\"1190\" data-end=\"1212\">\n<p data-start=\"1192\" data-end=\"1212\">Bureau et commerce<\/p>\n<\/li>\n<li data-section-id=\"1fk9bem\" data-start=\"1213\" data-end=\"1240\">\n<p data-start=\"1215\" data-end=\"1240\">Voyages et d\u00e9placements<\/p>\n<\/li>\n<li data-section-id=\"6cvui\" data-start=\"1241\" data-end=\"1277\">\n<p data-start=\"1243\" data-end=\"1277\">Zones sans connexion internet fixe<\/p>\n<\/li>\n<\/ul>\n<hr data-start=\"1279\" data-end=\"1282\" \/>\n<h1 data-section-id=\"1gx1fos\" data-start=\"1284\" data-end=\"1304\">\ud83d\udcca Fiche Technique<\/h1>\n<div class=\"TyagGW_tableContainer\">\n<div class=\"group TyagGW_tableWrapper flex flex-col-reverse w-fit\" tabindex=\"-1\">\n<table class=\"w-fit min-w-(--thread-content-width)\" data-start=\"1306\" data-end=\"1752\">\n<thead data-start=\"1306\" data-end=\"1335\">\n<tr data-start=\"1306\" data-end=\"1335\">\n<th class=\"\" data-start=\"1306\" data-end=\"1324\" data-col-size=\"sm\">Caract\u00e9ristique<\/th>\n<th class=\"\" data-start=\"1324\" data-end=\"1335\" data-col-size=\"sm\">D\u00e9tails<\/th>\n<\/tr>\n<\/thead>\n<tbody data-start=\"1346\" data-end=\"1752\">\n<tr data-start=\"1346\" data-end=\"1389\">\n<td data-start=\"1346\" data-end=\"1364\" data-col-size=\"sm\">Type de produit<\/td>\n<td data-col-size=\"sm\" data-start=\"1364\" data-end=\"1389\">Routeur WiFi portable<\/td>\n<\/tr>\n<tr data-start=\"1390\" data-end=\"1425\">\n<td data-start=\"1390\" data-end=\"1399\" data-col-size=\"sm\">R\u00e9seau<\/td>\n<td data-col-size=\"sm\" data-start=\"1399\" data-end=\"1425\">5G \/ 4G LTE compatible<\/td>\n<\/tr>\n<tr data-start=\"1426\" data-end=\"1465\">\n<td data-start=\"1426\" data-end=\"1445\" data-col-size=\"sm\">Vitesse maximale<\/td>\n<td data-col-size=\"sm\" data-start=\"1445\" data-end=\"1465\">Jusqu\u2019\u00e0 300 Mbps<\/td>\n<\/tr>\n<tr data-start=\"1466\" data-end=\"1494\">\n<td data-start=\"1466\" data-end=\"1483\" data-col-size=\"sm\">Fr\u00e9quence WiFi<\/td>\n<td data-col-size=\"sm\" data-start=\"1483\" data-end=\"1494\">2.4 GHz<\/td>\n<\/tr>\n<tr data-start=\"1495\" data-end=\"1534\">\n<td data-start=\"1495\" data-end=\"1507\" data-col-size=\"sm\">Carte SIM<\/td>\n<td data-col-size=\"sm\" data-start=\"1507\" data-end=\"1534\">Compatible toutes puces<\/td>\n<\/tr>\n<tr data-start=\"1535\" data-end=\"1566\">\n<td data-start=\"1535\" data-end=\"1550\" data-col-size=\"sm\">Connectivit\u00e9<\/td>\n<td data-col-size=\"sm\" data-start=\"1550\" data-end=\"1566\">WiFi Hotspot<\/td>\n<\/tr>\n<tr data-start=\"1567\" data-end=\"1603\">\n<td data-start=\"1567\" data-end=\"1578\" data-col-size=\"sm\">Batterie<\/td>\n<td data-col-size=\"sm\" data-start=\"1578\" data-end=\"1603\">Batterie rechargeable<\/td>\n<\/tr>\n<tr data-start=\"1604\" data-end=\"1629\">\n<td data-start=\"1604\" data-end=\"1615\" data-col-size=\"sm\">Recharge<\/td>\n<td data-col-size=\"sm\" data-start=\"1615\" data-end=\"1629\">USB Type-C<\/td>\n<\/tr>\n<tr data-start=\"1630\" data-end=\"1689\">\n<td data-start=\"1630\" data-end=\"1652\" data-col-size=\"sm\">Appareils connect\u00e9s<\/td>\n<td data-col-size=\"sm\" data-start=\"1652\" data-end=\"1689\">Plusieurs appareils simultan\u00e9ment<\/td>\n<\/tr>\n<tr data-start=\"1690\" data-end=\"1732\">\n<td data-start=\"1690\" data-end=\"1704\" data-col-size=\"sm\">Indicateurs<\/td>\n<td data-col-size=\"sm\" data-start=\"1704\" data-end=\"1732\">\u00c9cran ou indicateurs LED<\/td>\n<\/tr>\n<tr data-start=\"1733\" data-end=\"1752\">\n<td data-start=\"1733\" data-end=\"1743\" data-col-size=\"sm\">Couleur<\/td>\n<td data-col-size=\"sm\" data-start=\"1743\" data-end=\"1752\">Blanc<\/td>\n<\/tr>\n<\/tbody>\n<\/table>\n<\/div>\n<\/div>\n<hr data-start=\"1754\" data-end=\"1757\" \/>\n<h1 data-section-id=\"19jzkha\" data-start=\"1759\" data-end=\"1785\">\ud83d\udce1 Appareils compatibles<\/h1>\n<p data-start=\"1787\" data-end=\"1814\">Peut connecter facilement :<\/p>\n<ul data-start=\"1816\" data-end=\"1931\">\n<li data-section-id=\"1afb5zy\" data-start=\"1816\" data-end=\"1831\">\n<p data-start=\"1818\" data-end=\"1831\">Smartphones<\/p>\n<\/li>\n<li data-section-id=\"a2buoi\" data-start=\"1832\" data-end=\"1857\">\n<p data-start=\"1834\" data-end=\"1857\">Ordinateurs portables<\/p>\n<\/li>\n<li data-section-id=\"1x4w8bk\" data-start=\"1858\" data-end=\"1871\">\n<p data-start=\"1860\" data-end=\"1871\">Tablettes<\/p>\n<\/li>\n<li data-section-id=\"rbat8z\" data-start=\"1872\" data-end=\"1884\">\n<p data-start=\"1874\" data-end=\"1884\">Smart TV<\/p>\n<\/li>\n<li data-section-id=\"16z5xnz\" data-start=\"1885\" data-end=\"1905\">\n<p data-start=\"1887\" data-end=\"1905\">Consoles de jeux<\/p>\n<\/li>\n<li data-section-id=\"xkzy3s\" data-start=\"1906\" data-end=\"1931\">\n<p data-start=\"1908\" data-end=\"1931\">Cam\u00e9ras de surveillance<\/p>\n<\/li>\n<\/ul>\n<hr data-start=\"1933\" data-end=\"1936\" \/>\n<h1 data-section-id=\"6f7tr2\" data-start=\"1938\" data-end=\"1959\">\ud83d\udce6 Contenu du colis<\/h1>\n<ul data-start=\"1961\" data-end=\"2077\">\n<li data-section-id=\"1xre3og\" data-start=\"1961\" data-end=\"1993\">\n<p data-start=\"1963\" data-end=\"1993\">1 \u00d7 Routeur WiFi Portable 5G<\/p>\n<\/li>\n<li data-section-id=\"nynwnl\" data-start=\"1994\" data-end=\"2023\">\n<p data-start=\"1996\" data-end=\"2023\">1 \u00d7 Batterie rechargeable<\/p>\n<\/li>\n<li data-section-id=\"1khpv9y\" data-start=\"2024\" data-end=\"2048\">\n<p data-start=\"2026\" data-end=\"2048\">1 \u00d7 C\u00e2ble USB Type-C<\/p>\n<\/li>\n<li data-section-id=\"euolri\" data-start=\"2049\" data-end=\"2077\">\n<p data-start=\"2051\" data-end=\"2077\">1 \u00d7 Manuel d\u2019utilisation<\/p>\n<\/li>\n<\/ul>\n<p data-start=\"2308\" data-end=\"2384\">\n<hr data-start=\"2386\" data-end=\"2389\" \/>\n<p data-start=\"2391\" data-end=\"2533\" data-is-last-node=\"\" data-is-only-node=\"\">\ud83d\udd25 <strong data-start=\"2394\" data-end=\"2466\">Ins\u00e9rez votre puce, allumez l\u2019appareil et partagez internet partout.<\/strong><br data-start=\"2466\" data-end=\"2469\" \/><strong data-start=\"2469\" data-end=\"2526\">Commandez maintenant votre routeur WiFi portable 5G !<\/strong> \ud83d\udcf6\ud83d\udcf1\ud83d\udcbb<\/p>\n<\/div>\n<\/div>\n<\/div>\n<\/div>\n<div class=\"z-0 flex min-h-[46px] justify-start\"><\/div>\n<div class=\"mt-3 w-full empty:hidden\">\n<div class=\"text-center\"><\/div>\n<\/div>\n<\/div>\n<\/div>\n<\/article>\n<\/div>\n<div class=\"pointer-events-none h-px w-px absolute bottom-0\" aria-hidden=\"true\" data-edge=\"true\"><\/div>\n","protected":false},"excerpt":{"rendered":"<p>Restez connect\u00e9 partout avec le Routeur WiFi Portable 5G Mobile Router. Cet appareil compact transforme votre carte SIM en r\u00e9seau WiFi rapide que vous pouvez partager avec plusieurs appareils simultan\u00e9ment. Id\u00e9al pour la maison, le bureau, les voyages ou les \u00e9tudiants, ce routeur vous permet de profiter d\u2019une connexion internet rapide jusqu\u2019\u00e0 300 Mbps. Il&hellip;<\/p>\n","protected":false},"featured_media":16247,"comment_status":"open","ping_status":"closed","template":"","meta":[],"product_cat":[90,131],"product_tag":[],"class_list":{"0":"post-16245","1":"product","2":"type-product","3":"status-publish","4":"has-post-thumbnail","6":"product_cat-accessoires-informatique","7":"product_cat-modems-wifi","9":"first","10":"instock","11":"sale","12":"shipping-taxable","13":"purchasable","14":"product-type-simple","15":"col-xs-6 col-sm-4","16":"col-md-3 col-lg-3","17":"un-4-cols"},"_links":{"self":[{"href":"https:\/\/www.vazy.market\/index.php\/wp-json\/wp\/v2\/product\/16245","targetHints":{"allow":["GET"]}}],"collection":[{"href":"https:\/\/www.vazy.market\/index.php\/wp-json\/wp\/v2\/product"}],"about":[{"href":"https:\/\/www.vazy.market\/index.php\/wp-json\/wp\/v2\/types\/product"}],"replies":[{"embeddable":true,"href":"https:\/\/www.vazy.market\/index.php\/wp-json\/wp\/v2\/comments?post=16245"}],"wp:featuredmedia":[{"embeddable":true,"href":"https:\/\/www.vazy.market\/index.php\/wp-json\/wp\/v2\/media\/16247"}],"wp:attachment":[{"href":"https:\/\/www.vazy.market\/index.php\/wp-json\/wp\/v2\/media?parent=16245"}],"wp:term":[{"taxonomy":"product_cat","embeddable":true,"href":"https:\/\/www.vazy.market\/index.php\/wp-json\/wp\/v2\/product_cat?post=16245"},{"taxonomy":"product_tag","embeddable":true,"href":"https:\/\/www.vazy.market\/index.php\/wp-json\/wp\/v2\/product_tag?post=16245"}],"curies":[{"name":"wp","href":"https:\/\/api.w.org\/{rel}","templated":true}]}}