{"id":319,"date":"2025-02-02T03:45:12","date_gmt":"2025-02-02T03:45:12","guid":{"rendered":"https:\/\/www.vazy.market\/?page_id=319"},"modified":"2025-02-02T04:27:36","modified_gmt":"2025-02-02T04:27:36","slug":"qui-sommes-nous","status":"publish","type":"page","link":"https:\/\/www.vazy.market\/index.php\/qui-sommes-nous\/","title":{"rendered":"Qui sommes nous ?"},"content":{"rendered":"\t\t<div data-elementor-type=\"wp-page\" data-elementor-id=\"319\" class=\"elementor elementor-319\">\n\t\t\t\t<div class=\"elementor-element elementor-element-e9237a2 e-flex e-con-boxed e-con e-parent\" data-id=\"e9237a2\" data-element_type=\"container\" data-e-type=\"container\" data-settings=\"{&quot;background_background&quot;:&quot;classic&quot;}\">\n\t\t\t\t\t<div class=\"e-con-inner\">\n\t\t\t\t<div class=\"elementor-element elementor-element-22176af elementor-widget elementor-widget-text-editor\" data-id=\"22176af\" data-element_type=\"widget\" data-e-type=\"widget\" data-widget_type=\"text-editor.default\">\n\t\t\t\t<div class=\"elementor-widget-container\">\n\t\t\t\t\t\t\t\t\t<h1><span style=\"color: #ffffff; background-color: #add8e6;\"><a class=\"text-entity-link word-break-all\" dir=\"auto\" title=\"https:\/\/vazy.market\/\" href=\"https:\/\/vazy.market\/\" target=\"_blank\" rel=\"noopener noreferrer\" data-entity-type=\"MessageEntityUrl\"><strong data-entity-type=\"MessageEntityBold\">Vazy.market<\/strong><\/a><strong data-entity-type=\"MessageEntityBold\">\u00a0: Votre vie simplifi\u00e9e, un clic \u00e0 la fois.<\/strong><\/span><\/h1><p>Nous sommes <strong data-entity-type=\"MessageEntityBold\">vazy-market<\/strong>, une \u00e9quipe camerounaise passionn\u00e9e par la technologie et l&rsquo;innovation. Notre mission ? Rendre votre quotidien plus facile et plus agr\u00e9able, gr\u00e2ce \u00e0 une s\u00e9lection pointue de gadgets \u00e9lectroniques et d&rsquo;outils pratiques.<\/p><p>Vous en avez assez des t\u00e2ches fastidieuses ? Vous r\u00eavez de plus de temps pour vous ? Chez <span style=\"color: #ffffff; background-color: #add8e6;\"> <a class=\"text-entity-link word-break-all\" dir=\"auto\" title=\"https:\/\/vazy.market\/\" href=\"https:\/\/vazy.market\/\" target=\"_blank\" rel=\"noopener noreferrer\" data-entity-type=\"MessageEntityUrl\">Vazy.market<\/a><\/span>, nous comprenons vos besoins. Nous d\u00e9nichons pour vous les derni\u00e8res trouvailles technologiques qui simplifient la vie, du petit gadget ing\u00e9nieux \u00e0 l&rsquo;outil multifonctionnel.<\/p>\t\t\t\t\t\t\t\t<\/div>\n\t\t\t\t<\/div>\n\t\t\t\t\t<\/div>\n\t\t\t\t<\/div>\n\t\t<div class=\"elementor-element elementor-element-bc2be67 e-flex e-con-boxed e-con e-parent\" data-id=\"bc2be67\" data-element_type=\"container\" data-e-type=\"container\" data-settings=\"{&quot;background_background&quot;:&quot;classic&quot;}\">\n\t\t\t\t\t<div class=\"e-con-inner\">\n\t\t\t\t<div class=\"elementor-element elementor-element-749194d elementor-widget elementor-widget-text-editor\" data-id=\"749194d\" data-element_type=\"widget\" data-e-type=\"widget\" data-widget_type=\"text-editor.default\">\n\t\t\t\t<div class=\"elementor-widget-container\">\n\t\t\t\t\t\t\t\t\t<h1><span style=\"color: #ffffff; background-color: #add8e6;\"><strong data-entity-type=\"MessageEntityBold\">Pourquoi nous choisir ?<\/strong><\/span><\/h1><p>\u2022 <strong data-entity-type=\"MessageEntityBold\">Qualit\u00e9 garantie :<\/strong>\u00a0 \u00a0Nous s\u00e9lectionnons rigoureusement nos produits pour leur performance et leur durabilit\u00e9.<\/p><p>\u2022 <strong data-entity-type=\"MessageEntityBold\">Solutions pratiques :<\/strong>\u00a0 \u00a0Trouvez des outils qui r\u00e9pondent vraiment \u00e0 vos besoins du quotidien.<\/p><p>\u2022 <strong data-entity-type=\"MessageEntityBold\">Livraison rapide :<\/strong>\u00a0 \u00a0Commandez en toute simplicit\u00e9 et recevez vos produits rapidement \u00e0 domicile.<\/p><p>\u2022 <strong data-entity-type=\"MessageEntityBold\">Communaut\u00e9 engag\u00e9e :<\/strong>\u00a0 \u00a0Rejoignez-nous sur notre page Facebook Vazy-Market pour des nouveaut\u00e9s, des astuces et plus encore.<\/p>\t\t\t\t\t\t\t\t<\/div>\n\t\t\t\t<\/div>\n\t\t\t\t\t<\/div>\n\t\t\t\t<\/div>\n\t\t<div class=\"elementor-element elementor-element-fe87d88 e-flex e-con-boxed e-con e-parent\" data-id=\"fe87d88\" data-element_type=\"container\" data-e-type=\"container\" data-settings=\"{&quot;background_background&quot;:&quot;classic&quot;}\">\n\t\t\t\t\t<div class=\"e-con-inner\">\n\t\t\t\t<div class=\"elementor-element elementor-element-c79c0fe elementor-widget elementor-widget-text-editor\" data-id=\"c79c0fe\" data-element_type=\"widget\" data-e-type=\"widget\" data-widget_type=\"text-editor.default\">\n\t\t\t\t<div class=\"elementor-widget-container\">\n\t\t\t\t\t\t\t\t\t<p><strong data-entity-type=\"MessageEntityBold\"><span style=\"color: #ffffff; background-color: #add8e6;\"><a class=\"text-entity-link word-break-all\" dir=\"auto\" title=\"https:\/\/vazy.market\/\" href=\"https:\/\/vazy.market\/\" target=\"_blank\" rel=\"noopener noreferrer\" data-entity-type=\"MessageEntityUrl\">Vazy.market<\/a><\/span>, c&rsquo;est plus qu&rsquo;un site e-commerce : c&rsquo;est votre partenaire pour une vie plus simple et plus connect\u00e9e. D\u00e9couvrez notre s\u00e9lection et faites le premier pas vers un quotidien am\u00e9lior\u00e9<\/strong><\/p>\t\t\t\t\t\t\t\t<\/div>\n\t\t\t\t<\/div>\n\t\t\t\t\t<\/div>\n\t\t\t\t<\/div>\n\t\t<div class=\"elementor-element elementor-element-1160df4 e-flex e-con-boxed e-con e-parent\" data-id=\"1160df4\" data-element_type=\"container\" data-e-type=\"container\">\n\t\t\t\t\t<div class=\"e-con-inner\">\n\t\t\t\t<div class=\"elementor-element elementor-element-36a0faa elementor-align-center elementor-widget elementor-widget-button\" data-id=\"36a0faa\" data-element_type=\"widget\" data-e-type=\"widget\" data-widget_type=\"button.default\">\n\t\t\t\t<div class=\"elementor-widget-container\">\n\t\t\t\t\t\t\t\t\t<div class=\"elementor-button-wrapper\">\n\t\t\t\t\t<a class=\"elementor-button elementor-button-link elementor-size-sm\" href=\"\">\n\t\t\t\t\t\t<span class=\"elementor-button-content-wrapper\">\n\t\t\t\t\t\t\t\t\t<span class=\"elementor-button-text\">D\u00e9couvrir nos produits<\/span>\n\t\t\t\t\t<\/span>\n\t\t\t\t\t<\/a>\n\t\t\t\t<\/div>\n\t\t\t\t\t\t\t\t<\/div>\n\t\t\t\t<\/div>\n\t\t\t\t\t<\/div>\n\t\t\t\t<\/div>\n\t\t\t\t<\/div>\n\t\t","protected":false},"excerpt":{"rendered":"<p>Vazy.market\u00a0: Votre vie simplifi\u00e9e, un clic \u00e0 la fois. Nous sommes vazy-market, une \u00e9quipe camerounaise passionn\u00e9e par la technologie et l&rsquo;innovation. Notre mission ? Rendre votre quotidien plus facile et plus agr\u00e9able, gr\u00e2ce \u00e0 une s\u00e9lection pointue de gadgets \u00e9lectroniques et d&rsquo;outils pratiques. Vous en avez assez des t\u00e2ches fastidieuses ? Vous r\u00eavez de plus&hellip;<\/p>\n","protected":false},"author":1,"featured_media":0,"parent":0,"menu_order":0,"comment_status":"closed","ping_status":"closed","template":"","meta":{"footnotes":""},"class_list":["post-319","page","type-page","status-publish","hentry"],"_links":{"self":[{"href":"https:\/\/www.vazy.market\/index.php\/wp-json\/wp\/v2\/pages\/319","targetHints":{"allow":["GET"]}}],"collection":[{"href":"https:\/\/www.vazy.market\/index.php\/wp-json\/wp\/v2\/pages"}],"about":[{"href":"https:\/\/www.vazy.market\/index.php\/wp-json\/wp\/v2\/types\/page"}],"author":[{"embeddable":true,"href":"https:\/\/www.vazy.market\/index.php\/wp-json\/wp\/v2\/users\/1"}],"replies":[{"embeddable":true,"href":"https:\/\/www.vazy.market\/index.php\/wp-json\/wp\/v2\/comments?post=319"}],"version-history":[{"count":7,"href":"https:\/\/www.vazy.market\/index.php\/wp-json\/wp\/v2\/pages\/319\/revisions"}],"predecessor-version":[{"id":330,"href":"https:\/\/www.vazy.market\/index.php\/wp-json\/wp\/v2\/pages\/319\/revisions\/330"}],"wp:attachment":[{"href":"https:\/\/www.vazy.market\/index.php\/wp-json\/wp\/v2\/media?parent=319"}],"curies":[{"name":"wp","href":"https:\/\/api.w.org\/{rel}","templated":true}]}}